000
CDUS41 KALY 270622
CLIGFL


CLIMATE REPORT
NATIONAL WEATHER SERVICE ALBANY NY
222 AM EDT SAT SEP 27 2014


...................................

...THE GLENS FALLS NY CLIMATE SUMMARY FOR SEPTEMBER 26 2014...

CLIMATE NORMAL PERIOD 1981 TO 2010
CLIMATE RECORD PERIOD 1949 TO 2014


WEATHER ITEM   OBSERVED TIME   RECORD YEAR NORMAL DEPARTURE LAST
                VALUE   (LST)  VALUE       VALUE  FROM      YEAR
                                                  NORMAL
..................................................................
TEMPERATURE (F)
 YESTERDAY
  MAXIMUM         78    322 PM  87    2007  66     12       65
  MINIMUM         43    558 AM  28    1978  42      1       41
  AVERAGE         61                        54      7       53

PRECIPITATION (IN)
  YESTERDAY        0.00          1.93 1975   0.12  -0.12     0.00
  MONTH TO DATE    1.13                      2.90  -1.77     2.43
  SINCE SEP 1      1.13                      2.90  -1.77     2.43
  SINCE JAN 1     27.17                     28.71  -1.54    27.70

DEGREE DAYS
 HEATING
  YESTERDAY        4                        11     -7       12
  MONTH TO DATE  167                       172     -5      205
  SINCE SEP 1    167                       172     -5      205
  SINCE JUL 1    182                       238    -56      243

 COOLING
  YESTERDAY        0                         0      0        0
  MONTH TO DATE   47                        23     24       43
  SINCE SEP 1     47                        23     24       43
  SINCE JAN 1    385                       350     35      537
..................................................................


WIND (MPH)
  HIGHEST WIND SPEED    10   HIGHEST WIND DIRECTION    NW (310)
  HIGHEST GUST SPEED    14   HIGHEST GUST DIRECTION    NW (310)
  AVERAGE WIND SPEED     1.4


SKY COVER
  AVERAGE SKY COVER 0.3



RELATIVE HUMIDITY (PERCENT)
 HIGHEST   100           600 AM
 LOWEST     43           200 PM
 AVERAGE    72

..........................................................


THE GLENS FALLS NY CLIMATE NORMALS FOR TODAY
                         NORMAL    RECORD    YEAR
 MAXIMUM TEMPERATURE (F)   66        81      2011
 MINIMUM TEMPERATURE (F)   42        27      1966


SUNRISE AND SUNSET
SEPTEMBER 27 2014.....SUNRISE   647 AM EDT   SUNSET   643 PM EDT
SEPTEMBER 28 2014.....SUNRISE   648 AM EDT   SUNSET   641 PM EDT


-  INDICATES NEGATIVE NUMBERS.
R  INDICATES RECORD WAS SET OR TIED.
MM INDICATES DATA IS MISSING.
T  INDICATES TRACE AMOUNT.




$$
