000
CDUS41 KALY 140638
CLIGFL


CLIMATE REPORT
NATIONAL WEATHER SERVICE ALBANY NY
238 AM EDT THU JUL 14 2016


...................................

...THE GLENS FALLS NY CLIMATE SUMMARY FOR JULY 13 2016...

CLIMATE NORMAL PERIOD 1981 TO 2010
CLIMATE RECORD PERIOD 1949 TO 2016


WEATHER ITEM   OBSERVED TIME   RECORD YEAR NORMAL DEPARTURE LAST
                VALUE   (LST)  VALUE       VALUE  FROM      YEAR
                                                  NORMAL
..................................................................
TEMPERATURE (F)
 YESTERDAY
  MAXIMUM         90    343 PM  94    1995  81      9       86
  MINIMUM         62    438 AM  46    2009  57      5       63
  AVERAGE         76                        69      7       75

PRECIPITATION (IN)
  YESTERDAY        0.00          1.80 1996   0.13  -0.13      T
  MONTH TO DATE    2.83                      1.66   1.17     0.56
  SINCE JUN 1      5.94                      5.21   0.73     6.78
  SINCE JAN 1     17.56                     19.70  -2.14    14.09

DEGREE DAYS
 HEATING
  YESTERDAY        0                         1     -1        0
  MONTH TO DATE    0                        13    -13        6
  SINCE JUN 1     44                       103    -59       85
  SINCE JUL 1      0                        13    -13        6

 COOLING
  YESTERDAY       11                         5      6       10
  MONTH TO DATE   71                        57     14       59
  SINCE JUN 1    174                       126     48      125
  SINCE JAN 1    230                       138     92      201
..................................................................


WIND (MPH)
  HIGHEST WIND SPEED    17   HIGHEST WIND DIRECTION     S (190)
  HIGHEST GUST SPEED    24   HIGHEST GUST DIRECTION     S (190)
  AVERAGE WIND SPEED     7.1


SKY COVER
  AVERAGE SKY COVER 0.1



RELATIVE HUMIDITY (PERCENT)
 HIGHEST    93           100 AM
 LOWEST     52           300 PM
 AVERAGE    73

..........................................................


THE GLENS FALLS NY CLIMATE NORMALS FOR TODAY
                         NORMAL    RECORD    YEAR
 MAXIMUM TEMPERATURE (F)   81        98      1995
 MINIMUM TEMPERATURE (F)   57        44      2007


SUNRISE AND SUNSET
JULY 14 2016..........SUNRISE   527 AM EDT   SUNSET   833 PM EDT
JULY 15 2016..........SUNRISE   528 AM EDT   SUNSET   832 PM EDT


-  INDICATES NEGATIVE NUMBERS.
R  INDICATES RECORD WAS SET OR TIED.
MM INDICATES DATA IS MISSING.
T  INDICATES TRACE AMOUNT.




$$
