952
CDUS41 KALY 152045
CLIGFL


CLIMATE REPORT
NATIONAL WEATHER SERVICE ALBANY NY
445 PM EDT SUN OCT 15 2017


...................................

...THE GLENS FALLS NY CLIMATE SUMMARY FOR OCTOBER 15 2017...
VALID TODAY AS OF 0400 PM LOCAL TIME.

CLIMATE NORMAL PERIOD 1981 TO 2010
CLIMATE RECORD PERIOD 1949 TO 2017


WEATHER ITEM   OBSERVED TIME   RECORD YEAR NORMAL DEPARTURE LAST
                VALUE   (LST)  VALUE       VALUE  FROM      YEAR
                                                  NORMAL
..................................................................
TEMPERATURE (F)
 TODAY
  MAXIMUM         75    236 PM  78    2014  59     16       62
  MINIMUM         47    130 AM  22    2002  35     12       25
  AVERAGE         61                        47     14       44

PRECIPITATION (IN)
  TODAY            0.00          0.96 2010   0.12  -0.12     0.00
  MONTH TO DATE    1.09                      1.74  -0.65     0.14
  SINCE SEP 1      3.41                      5.12  -1.71     1.35
  SINCE JAN 1     30.54                     30.93  -0.39    22.51

DEGREE DAYS
 HEATING
  TODAY            4                        18    -14       21
  MONTH TO DATE  139                       235    -96      180
  SINCE SEP 1    271                       454   -183      283
  SINCE JUL 1    338                       520   -182      289

 COOLING
  TODAY            0                         0      0        0
  MONTH TO DATE    3                         0      3        0
  SINCE SEP 1     70                        24     46       55
  SINCE JAN 1    384                       351     33      640
..................................................................


WIND (MPH)
  HIGHEST WIND SPEED    21   HIGHEST WIND DIRECTION     S (180)
  HIGHEST GUST SPEED    29   HIGHEST GUST DIRECTION     S (190)
  AVERAGE WIND SPEED     8.3


SKY COVER
  AVERAGE SKY COVER 0.8



RELATIVE HUMIDITY (PERCENT)
 HIGHEST   100          1200 AM
 LOWEST     61           100 PM
 AVERAGE    81

..........................................................


THE GLENS FALLS NY CLIMATE NORMALS FOR TOMORROW
                         NORMAL    RECORD    YEAR
 MAXIMUM TEMPERATURE (F)   58        80      1956
 MINIMUM TEMPERATURE (F)   35        21      1978


SUNRISE AND SUNSET
OCTOBER 15 2017.......SUNRISE   709 AM EDT   SUNSET   611 PM EDT
OCTOBER 16 2017.......SUNRISE   710 AM EDT   SUNSET   609 PM EDT


-  INDICATES NEGATIVE NUMBERS.
R  INDICATES RECORD WAS SET OR TIED.
MM INDICATES DATA IS MISSING.
T  INDICATES TRACE AMOUNT.




$$
