000
CDUS41 KALY 080625
CLIGFL


CLIMATE REPORT
NATIONAL WEATHER SERVICE ALBANY NY
223 AM EDT TUE AUG 8 2017


...................................

...THE GLENS FALLS NY CLIMATE SUMMARY FOR AUGUST 7 2017...

CLIMATE NORMAL PERIOD 1981 TO 2010
CLIMATE RECORD PERIOD 1949 TO 2017


WEATHER ITEM   OBSERVED TIME   RECORD YEAR NORMAL DEPARTURE LAST
                VALUE   (LST)  VALUE       VALUE  FROM      YEAR
                                                  NORMAL
..................................................................
TEMPERATURE (F)
 YESTERDAY
  MAXIMUM         77   1251 PM  93    2001  80     -3       84
  MINIMUM         52    208 AM  45    1951  57     -5       58
  AVERAGE         65                        68     -3       71

PRECIPITATION (IN)
  YESTERDAY        0.02          1.19 1975   0.13  -0.11     0.00
  MONTH TO DATE    0.67                      0.93  -0.26     1.09
  SINCE JUN 1      9.95                      8.57   1.38     7.93
  SINCE JAN 1     26.29                     23.06   3.23    19.55

DEGREE DAYS
 HEATING
  YESTERDAY        0                         1     -1        0
  MONTH TO DATE    1                         7     -6        0
  SINCE JUN 1    106                       118    -12       44
  SINCE JUL 1     13                        28    -15        0

 COOLING
  YESTERDAY        0                         4     -4        6
  MONTH TO DATE   34                        28      6       48
  SINCE JUN 1    246                       236     10      366
  SINCE JAN 1    267                       248     19      422
..................................................................


WIND (MPH)
  HIGHEST WIND SPEED    21   HIGHEST WIND DIRECTION     S (180)
  HIGHEST GUST SPEED    28   HIGHEST GUST DIRECTION     S (180)
  AVERAGE WIND SPEED     6.6


SKY COVER
  AVERAGE SKY COVER 0.3



RELATIVE HUMIDITY (PERCENT)
 HIGHEST    93          1200 AM
 LOWEST     50           300 PM
 AVERAGE    72

..........................................................


THE GLENS FALLS NY CLIMATE NORMALS FOR TODAY
                         NORMAL    RECORD    YEAR
 MAXIMUM TEMPERATURE (F)   80        94      2001
 MINIMUM TEMPERATURE (F)   56        44      2009


SUNRISE AND SUNSET
AUGUST  8 2017........SUNRISE   552 AM EDT   SUNSET   807 PM EDT
AUGUST  9 2017........SUNRISE   553 AM EDT   SUNSET   806 PM EDT


-  INDICATES NEGATIVE NUMBERS.
R  INDICATES RECORD WAS SET OR TIED.
MM INDICATES DATA IS MISSING.
T  INDICATES TRACE AMOUNT.




$$
