000
CDUS41 KALY 200623
CLIGFL


CLIMATE REPORT
NATIONAL WEATHER SERVICE ALBANY NY
122 AM EST SAT DEC 20 2014


...................................

...THE GLENS FALLS NY CLIMATE SUMMARY FOR DECEMBER 19 2014...

CLIMATE NORMAL PERIOD 1981 TO 2010
CLIMATE RECORD PERIOD 1949 TO 2014


WEATHER ITEM   OBSERVED TIME   RECORD YEAR NORMAL DEPARTURE LAST
                VALUE   (LST)  VALUE       VALUE  FROM      YEAR
                                                  NORMAL
..................................................................
TEMPERATURE (F)
 YESTERDAY
  MAXIMUM         32    247 PM  49    1957  33     -1       36
  MINIMUM         25   1159 PM -18    1973  15     10       26
  AVERAGE         29                        24      5       31

PRECIPITATION (IN)
  YESTERDAY        0.00          0.48 1957   0.09  -0.09      T
  MONTH TO DATE    2.67                      1.98   0.69     1.37
  SINCE DEC 1      2.67                      1.98   0.69     1.37
  SINCE JAN 1     35.02                     37.99  -2.97    34.21

DEGREE DAYS
 HEATING
  YESTERDAY       36                        41     -5       34
  MONTH TO DATE  665                       716    -51      783
  SINCE DEC 1    665                       716    -51      783
  SINCE JUL 1   2126                      2414   -288     2462

 COOLING
  YESTERDAY        0                         0      0        0
  MONTH TO DATE    0                         0      0        0
  SINCE DEC 1      0                         0      0        0
  SINCE JAN 1    392                       352     40      537
..................................................................


WIND (MPH)
  HIGHEST WIND SPEED    16   HIGHEST WIND DIRECTION     N (360)
  HIGHEST GUST SPEED    20   HIGHEST GUST DIRECTION     N (10)
  AVERAGE WIND SPEED     7.8


SKY COVER
  AVERAGE SKY COVER 0.8



RELATIVE HUMIDITY (PERCENT)
 HIGHEST    75           600 PM
 LOWEST     59           100 PM
 AVERAGE    67

..........................................................


THE GLENS FALLS NY CLIMATE NORMALS FOR TODAY
                         NORMAL    RECORD    YEAR
 MAXIMUM TEMPERATURE (F)   32        60      1957
 MINIMUM TEMPERATURE (F)   14       -23      1980


SUNRISE AND SUNSET
DECEMBER 20 2014......SUNRISE   723 AM EST   SUNSET   421 PM EST
DECEMBER 21 2014......SUNRISE   724 AM EST   SUNSET   422 PM EST


-  INDICATES NEGATIVE NUMBERS.
R  INDICATES RECORD WAS SET OR TIED.
MM INDICATES DATA IS MISSING.
T  INDICATES TRACE AMOUNT.




$$
