000
CDUS41 KALY 070621
CLIGFL


CLIMATE REPORT
NATIONAL WEATHER SERVICE ALBANY NY
221 AM EDT MON APR 7 2014


...................................

...THE GLENS FALLS NY CLIMATE SUMMARY FOR APRIL 6 2014...

CLIMATE NORMAL PERIOD 1981 TO 2010
CLIMATE RECORD PERIOD 1949 TO 2014


WEATHER ITEM   OBSERVED TIME   RECORD YEAR NORMAL DEPARTURE LAST
                VALUE   (LST)  VALUE       VALUE  FROM      YEAR
                                                  NORMAL
..................................................................
TEMPERATURE (F)
 YESTERDAY
  MAXIMUM         56    435 PM  73    1991  52      4       46
  MINIMUM         26    523 AM  13    1995  29     -3       25
  AVERAGE         41                        41      0       36

PRECIPITATION (IN)
  YESTERDAY        0.00          1.03 1958   0.10  -0.10     0.00
  MONTH TO DATE    0.43                      0.57  -0.14     0.02
  SINCE MAR 1      3.15                      3.51  -0.36     3.13
  SINCE JAN 1      7.68                      8.45  -0.77     5.43

DEGREE DAYS
 HEATING
  YESTERDAY       24                        24      0       29
  MONTH TO DATE  153                       153      0      172
  SINCE MAR 1   1463                      1196    267     1158
  SINCE JUL 1   7232                      6816    416     6259

 COOLING
  YESTERDAY        0                         0      0        0
  MONTH TO DATE    0                         0      0        0
  SINCE MAR 1      0                         0      0        0
  SINCE JAN 1      0                         0      0        0
..................................................................


WIND (MPH)
  HIGHEST WIND SPEED    14   HIGHEST WIND DIRECTION     W (290)
  HIGHEST GUST SPEED    18   HIGHEST GUST DIRECTION    SW (240)
  AVERAGE WIND SPEED     5.6


SKY COVER
  AVERAGE SKY COVER 0.2



RELATIVE HUMIDITY (PERCENT)
 HIGHEST    75           600 AM
 LOWEST     24           300 PM
 AVERAGE    50

..........................................................


THE GLENS FALLS NY CLIMATE NORMALS FOR TODAY
                         NORMAL    RECORD    YEAR
 MAXIMUM TEMPERATURE (F)   53        85      1991
 MINIMUM TEMPERATURE (F)   30         8      2003


SUNRISE AND SUNSET
APRIL  7 2014.........SUNRISE   626 AM EDT   SUNSET   728 PM EDT
APRIL  8 2014.........SUNRISE   624 AM EDT   SUNSET   729 PM EDT


-  INDICATES NEGATIVE NUMBERS.
R  INDICATES RECORD WAS SET OR TIED.
MM INDICATES DATA IS MISSING.
T  INDICATES TRACE AMOUNT.




$$
