000
CDUS41 KALY 280623
CLIGFL


CLIMATE REPORT
NATIONAL WEATHER SERVICE ALBANY NY
222 AM EDT TUE JUL 28 2015


...................................

...THE GLENS FALLS NY CLIMATE SUMMARY FOR JULY 27 2015...

CLIMATE NORMAL PERIOD 1981 TO 2010
CLIMATE RECORD PERIOD 1949 TO 2015


WEATHER ITEM   OBSERVED TIME   RECORD YEAR NORMAL DEPARTURE LAST
                VALUE   (LST)  VALUE       VALUE  FROM      YEAR
                                                  NORMAL
..................................................................
TEMPERATURE (F)
 YESTERDAY
  MAXIMUM         86    351 PM  96    1949  81      5       81
  MINIMUM         63    240 AM  43    2001  57      6       61
  AVERAGE         75                        69      6       71

PRECIPITATION (IN)
  YESTERDAY        T             1.87 1978   0.13  -0.13     0.50
  MONTH TO DATE    1.35                      3.54  -2.19     4.46
  SINCE JUN 1      7.57                      7.09   0.48     8.86
  SINCE JAN 1     14.88                     21.58  -6.70    21.97

DEGREE DAYS
 HEATING
  YESTERDAY        0                         1     -1        0
  MONTH TO DATE   11                        27    -16        1
  SINCE JUN 1     90                       117    -27       33
  SINCE JUL 1     11                        27    -16        1

 COOLING
  YESTERDAY       10                         5      5        6
  MONTH TO DATE  136                       127      9      153
  SINCE JUN 1    202                       196      6      227
  SINCE JAN 1    278                       208     70      247
..................................................................


WIND (MPH)
  HIGHEST WIND SPEED    15   HIGHEST WIND DIRECTION     N (350)
  HIGHEST GUST SPEED    21   HIGHEST GUST DIRECTION     N (350)
  AVERAGE WIND SPEED     3.0


SKY COVER
  AVERAGE SKY COVER 0.4



RELATIVE HUMIDITY (PERCENT)
 HIGHEST    93           100 AM
 LOWEST     51           200 PM
 AVERAGE    72

..........................................................


THE GLENS FALLS NY CLIMATE NORMALS FOR TODAY
                         NORMAL    RECORD    YEAR
 MAXIMUM TEMPERATURE (F)   81        96      1949
 MINIMUM TEMPERATURE (F)   57        43      2001


SUNRISE AND SUNSET
JULY 28 2015..........SUNRISE   540 AM EDT   SUNSET   821 PM EDT
JULY 29 2015..........SUNRISE   541 AM EDT   SUNSET   820 PM EDT


-  INDICATES NEGATIVE NUMBERS.
R  INDICATES RECORD WAS SET OR TIED.
MM INDICATES DATA IS MISSING.
T  INDICATES TRACE AMOUNT.




$$
