000
CDUS41 KALY 130626
CLIGFL


CLIMATE REPORT
NATIONAL WEATHER SERVICE ALBANY NY
126 AM EST MON NOV 13 2017


...................................

...THE GLENS FALLS NY CLIMATE SUMMARY FOR NOVEMBER 12 2017...

CLIMATE NORMAL PERIOD 1981 TO 2010
CLIMATE RECORD PERIOD 1949 TO 2017


WEATHER ITEM   OBSERVED TIME   RECORD YEAR NORMAL DEPARTURE LAST
                VALUE   (LST)  VALUE       VALUE  FROM      YEAR
                                                  NORMAL
..................................................................
TEMPERATURE (F)
 YESTERDAY
  MAXIMUM         39    348 PM  68    2012  48     -9       47
  MINIMUM         17    735 AM  13    1976  29    -12       23
  AVERAGE         28                        38    -10       35

PRECIPITATION (IN)
  YESTERDAY        0.00          0.78 1995   0.10  -0.10     0.00
  MONTH TO DATE    0.71                      1.31  -0.60     0.85
  SINCE SEP 1      5.84                      8.20  -2.36     5.00
  SINCE JAN 1     32.97                     34.01  -1.04    26.16

DEGREE DAYS
 HEATING
  YESTERDAY       37                        27     10       30
  MONTH TO DATE  321                       300     21      273
  SINCE SEP 1    796                      1089   -293      835
  SINCE JUL 1    863                      1155   -292      841

 COOLING
  YESTERDAY        0                         0      0        0
  MONTH TO DATE    0                         0      0        0
  SINCE SEP 1     74                        25     49       58
  SINCE JAN 1    388                       352     36      643
..................................................................


WIND (MPH)
  HIGHEST WIND SPEED     9   HIGHEST WIND DIRECTION    SW (240)
  HIGHEST GUST SPEED    12   HIGHEST GUST DIRECTION    SW (240)
  AVERAGE WIND SPEED     1.7


SKY COVER
  AVERAGE SKY COVER 0.2



RELATIVE HUMIDITY (PERCENT)
 HIGHEST   100           600 AM
 LOWEST     30           200 PM
 AVERAGE    65

..........................................................


THE GLENS FALLS NY CLIMATE NORMALS FOR TODAY
                         NORMAL    RECORD    YEAR
 MAXIMUM TEMPERATURE (F)   48        63      2012
 MINIMUM TEMPERATURE (F)   28        13      2001


SUNRISE AND SUNSET
NOVEMBER 13 2017......SUNRISE   645 AM EST   SUNSET   432 PM EST
NOVEMBER 14 2017......SUNRISE   647 AM EST   SUNSET   431 PM EST


-  INDICATES NEGATIVE NUMBERS.
R  INDICATES RECORD WAS SET OR TIED.
MM INDICATES DATA IS MISSING.
T  INDICATES TRACE AMOUNT.




$$
