000
CDUS41 KALY 180622
CLIGFL


CLIMATE REPORT
NATIONAL WEATHER SERVICE ALBANY NY
221 AM EDT SAT MAR 18 2017


...................................

...THE GLENS FALLS NY CLIMATE SUMMARY FOR MARCH 17 2017...

CLIMATE NORMAL PERIOD 1981 TO 2010
CLIMATE RECORD PERIOD 1949 TO 2017


WEATHER ITEM   OBSERVED TIME   RECORD YEAR NORMAL DEPARTURE LAST
                VALUE   (LST)  VALUE       VALUE  FROM      YEAR
                                                  NORMAL
..................................................................
TEMPERATURE (F)
 YESTERDAY
  MAXIMUM         41    518 PM  69    1990  43     -2       57
  MINIMUM          8    543 AM   2    2014  21    -13       35
                                      1997
  AVERAGE         25                        32     -7       46

PRECIPITATION (IN)
  YESTERDAY        0.00          1.57 1973   0.09  -0.09     0.05
  MONTH TO DATE    0.66                      1.58  -0.92     1.42
  SINCE MAR 1      0.66                      1.58  -0.92     1.42
  SINCE JAN 1      5.35                      6.52  -1.17     6.21

DEGREE DAYS
 HEATING
  YESTERDAY       40                        33      7       19
  MONTH TO DATE  607                       622    -15      464
  SINCE MAR 1    607                       622    -15      464
  SINCE JUL 1   5129                      6242  -1113     4644

 COOLING
  YESTERDAY        0                         0      0        0
  MONTH TO DATE    0                         0      0        0
  SINCE MAR 1      0                         0      0        0
  SINCE JAN 1      0                         0      0        0
..................................................................


WIND (MPH)
  HIGHEST WIND SPEED    14   HIGHEST WIND DIRECTION    NW (310)
  HIGHEST GUST SPEED    19   HIGHEST GUST DIRECTION     W (290)
  AVERAGE WIND SPEED     4.1


SKY COVER
  AVERAGE SKY COVER 0.2



RELATIVE HUMIDITY (PERCENT)
 HIGHEST    67          1100 PM
 LOWEST     22           500 PM
 AVERAGE    45

..........................................................


THE GLENS FALLS NY CLIMATE NORMALS FOR TODAY
                         NORMAL    RECORD    YEAR
 MAXIMUM TEMPERATURE (F)   43        71      2012
 MINIMUM TEMPERATURE (F)   21       -11      1976


SUNRISE AND SUNSET
MARCH 18 2017.........SUNRISE   701 AM EDT   SUNSET   705 PM EDT
MARCH 19 2017.........SUNRISE   659 AM EDT   SUNSET   706 PM EDT


-  INDICATES NEGATIVE NUMBERS.
R  INDICATES RECORD WAS SET OR TIED.
MM INDICATES DATA IS MISSING.
T  INDICATES TRACE AMOUNT.




$$
