000
CDUS41 KALY 230624
CLIGFL


CLIMATE REPORT
NATIONAL WEATHER SERVICE ALBANY NY
123 AM EST FRI JAN 23 2015


...................................

...THE GLENS FALLS NY CLIMATE SUMMARY FOR JANUARY 22 2015...

CLIMATE NORMAL PERIOD 1981 TO 2010
CLIMATE RECORD PERIOD 1949 TO 2015


WEATHER ITEM   OBSERVED TIME   RECORD YEAR NORMAL DEPARTURE LAST
                VALUE   (LST)  VALUE       VALUE  FROM      YEAR
                                                  NORMAL
..................................................................
TEMPERATURE (F)
 YESTERDAY
  MAXIMUM         27    429 PM  54    1959  28     -1        5
  MINIMUM         10    554 AM -25    1984   7      3      -10
  AVERAGE         19                        17      2       -2

PRECIPITATION (IN)
  YESTERDAY        0.00          0.98 1958   0.10  -0.10     0.00
  MONTH TO DATE    1.39                      2.04  -0.65     1.91
  SINCE DEC 1      5.47                      5.09   0.38     4.30
  SINCE JAN 1      1.39                      2.04  -0.65     1.91

DEGREE DAYS
 HEATING
  YESTERDAY       46                        48     -2       67
  MONTH TO DATE 1079                      1036     43     1019
  SINCE DEC 1   2150                      2276   -126     2279
  SINCE JUL 1   3611                      3974   -363     3958

 COOLING
  YESTERDAY        0                         0      0        0
  MONTH TO DATE    0                         0      0        0
  SINCE DEC 1      0                         0      0        0
  SINCE JAN 1      0                         0      0        0
..................................................................


WIND (MPH)
  HIGHEST WIND SPEED    12   HIGHEST WIND DIRECTION     W (290)
  HIGHEST GUST SPEED    13   HIGHEST GUST DIRECTION     W (290)
  AVERAGE WIND SPEED     2.3


SKY COVER
  AVERAGE SKY COVER 0.7



RELATIVE HUMIDITY (PERCENT)
 HIGHEST    92           800 AM
 LOWEST     49          1100 PM
 AVERAGE    71

..........................................................


THE GLENS FALLS NY CLIMATE NORMALS FOR TODAY
                         NORMAL    RECORD    YEAR
 MAXIMUM TEMPERATURE (F)   29        52      1957
 MINIMUM TEMPERATURE (F)    7       -32      1976


SUNRISE AND SUNSET
JANUARY 23 2015.......SUNRISE   719 AM EST   SUNSET   454 PM EST
JANUARY 24 2015.......SUNRISE   718 AM EST   SUNSET   455 PM EST


-  INDICATES NEGATIVE NUMBERS.
R  INDICATES RECORD WAS SET OR TIED.
MM INDICATES DATA IS MISSING.
T  INDICATES TRACE AMOUNT.




$$
