000
CDUS41 KALY 130624
CLIGFL


CLIMATE REPORT
NATIONAL WEATHER SERVICE ALBANY NY
124 AM EST TUE FEB 13 2018


...................................

...THE GLENS FALLS NY CLIMATE SUMMARY FOR FEBRUARY 12 2018...

CLIMATE NORMAL PERIOD 1981 TO 2010
CLIMATE RECORD PERIOD 1949 TO 2018


WEATHER ITEM   OBSERVED TIME   RECORD YEAR NORMAL DEPARTURE LAST
                VALUE   (LST)  VALUE       VALUE  FROM      YEAR
                                                  NORMAL
..................................................................
TEMPERATURE (F)
 YESTERDAY
  MAXIMUM         39    255 AM  53    1999  32      7       29
  MINIMUM         21   1129 PM -25    1979   9     12       20
  AVERAGE         30                        20     10       25

PRECIPITATION (IN)
  YESTERDAY        0.00          0.72 1988   0.07  -0.07     0.67
  MONTH TO DATE    1.48                      0.91   0.57     1.85
  SINCE DEC 1      6.07                      6.82  -0.75     6.90
  SINCE JAN 1      3.75                      3.77  -0.02     4.03

DEGREE DAYS
 HEATING
  YESTERDAY       35                        45    -10       40
  MONTH TO DATE  541                       548     -7      476
  SINCE DEC 1   3359                      3246    113     2729
  SINCE JUL 1   4770                      4944   -174     4045

 COOLING
  YESTERDAY        0                         0      0        0
  MONTH TO DATE    0                         0      0        0
  SINCE DEC 1      0                         0      0        0
  SINCE JAN 1      0                         0      0        0
..................................................................


WIND (MPH)
  HIGHEST WIND SPEED    23   HIGHEST WIND DIRECTION    NW (300)
  HIGHEST GUST SPEED    27   HIGHEST GUST DIRECTION     W (290)
  AVERAGE WIND SPEED     9.1


SKY COVER
  AVERAGE SKY COVER 0.2



RELATIVE HUMIDITY (PERCENT)
 HIGHEST   100          1200 AM
 LOWEST     35           400 PM
 AVERAGE    68

..........................................................


THE GLENS FALLS NY CLIMATE NORMALS FOR TODAY
                         NORMAL    RECORD    YEAR
 MAXIMUM TEMPERATURE (F)   32        46      1951
 MINIMUM TEMPERATURE (F)    9       -25      1967


SUNRISE AND SUNSET
FEBRUARY 13 2018......SUNRISE   655 AM EST   SUNSET   523 PM EST
FEBRUARY 14 2018......SUNRISE   654 AM EST   SUNSET   524 PM EST


-  INDICATES NEGATIVE NUMBERS.
R  INDICATES RECORD WAS SET OR TIED.
MM INDICATES DATA IS MISSING.
T  INDICATES TRACE AMOUNT.




$$
