000
CDUS41 KALY 170645
CLIGFL


CLIMATE REPORT
NATIONAL WEATHER SERVICE ALBANY NY
144 AM EST FRI FEB 17 2017


...................................

...THE GLENS FALLS NY CLIMATE SUMMARY FOR FEBRUARY 16 2017...

CLIMATE NORMAL PERIOD 1981 TO 2010
CLIMATE RECORD PERIOD 1949 TO 2017


WEATHER ITEM   OBSERVED TIME   RECORD YEAR NORMAL DEPARTURE LAST
                VALUE   (LST)  VALUE       VALUE  FROM      YEAR
                                                  NORMAL
..................................................................
TEMPERATURE (F)
 YESTERDAY
  MAXIMUM         34    257 PM  61    1981  33      1       52
  MINIMUM         18   1136 PM -24    2004  10      8       16
  AVERAGE         26                        22      4       34

PRECIPITATION (IN)
  YESTERDAY        0.00          0.99 1954   0.06  -0.06     0.89
  MONTH TO DATE    1.85                      1.18   0.67     2.46
  SINCE DEC 1      6.90                      7.09  -0.19     7.57
  SINCE JAN 1      4.03                      4.04  -0.01     3.52

DEGREE DAYS
 HEATING
  YESTERDAY       39                        44     -5       31
  MONTH TO DATE  634                       724    -90      573
  SINCE DEC 1   2887                      3422   -535     2461
  SINCE JUL 1   4203                      5120   -917     3752

 COOLING
  YESTERDAY        0                         0      0        0
  MONTH TO DATE    0                         0      0        0
  SINCE DEC 1      0                         0      0        0
  SINCE JAN 1      0                         0      0        0
..................................................................


WIND (MPH)
  HIGHEST WIND SPEED    26   HIGHEST WIND DIRECTION    NW (300)
  HIGHEST GUST SPEED    32   HIGHEST GUST DIRECTION     W (290)
  AVERAGE WIND SPEED    10.5


SKY COVER
  AVERAGE SKY COVER 0.9



RELATIVE HUMIDITY (PERCENT)
 HIGHEST    75          1200 AM
 LOWEST     43           100 PM
 AVERAGE    59

..........................................................


THE GLENS FALLS NY CLIMATE NORMALS FOR TODAY
                         NORMAL    RECORD    YEAR
 MAXIMUM TEMPERATURE (F)   33        55      1981
 MINIMUM TEMPERATURE (F)   10       -21      1973


SUNRISE AND SUNSET
FEBRUARY 17 2017......SUNRISE   649 AM EST   SUNSET   528 PM EST
FEBRUARY 18 2017......SUNRISE   648 AM EST   SUNSET   529 PM EST


-  INDICATES NEGATIVE NUMBERS.
R  INDICATES RECORD WAS SET OR TIED.
MM INDICATES DATA IS MISSING.
T  INDICATES TRACE AMOUNT.




$$
