000
CDUS41 KALY 220625
CLIGFL


CLIMATE REPORT
NATIONAL WEATHER SERVICE ALBANY NY
123 AM EST SUN FEB 22 2015


...................................

...THE GLENS FALLS NY CLIMATE SUMMARY FOR FEBRUARY 21 2015...

CLIMATE NORMAL PERIOD 1981 TO 2010
CLIMATE RECORD PERIOD 1949 TO 2015


WEATHER ITEM   OBSERVED TIME   RECORD YEAR NORMAL DEPARTURE LAST
                VALUE   (LST)  VALUE       VALUE  FROM      YEAR
                                                  NORMAL
..................................................................
TEMPERATURE (F)
 YESTERDAY
  MAXIMUM         22   1159 PM  65    1981  34    -12       41
  MINIMUM        -17R   404 AM -14    1993  11    -28       27
  AVERAGE          3                        23    -20       34

PRECIPITATION (IN)
  YESTERDAY        0.07          1.22 1989   0.07   0.00     0.74
  MONTH TO DATE    0.56                      1.53  -0.97     2.60
  SINCE DEC 1      6.13                      7.44  -1.31     6.92
  SINCE JAN 1      2.05                      4.39  -2.34     4.53

DEGREE DAYS
 HEATING
  YESTERDAY       62                        42     20       31
  MONTH TO DATE 1215                       937    278      999
  SINCE DEC 1   3825                      3635    190     3769
  SINCE JUL 1   5286                      5333    -47     5448

 COOLING
  YESTERDAY        0                         0      0        0
  MONTH TO DATE    0                         0      0        0
  SINCE DEC 1      0                         0      0        0
  SINCE JAN 1      0                         0      0        0
..................................................................


WIND (MPH)
  HIGHEST WIND SPEED    23   HIGHEST WIND DIRECTION     S (170)
  HIGHEST GUST SPEED    34   HIGHEST GUST DIRECTION     S (170)
  AVERAGE WIND SPEED     5.9


SKY COVER
  AVERAGE SKY COVER 0.7



RELATIVE HUMIDITY (PERCENT)
 HIGHEST    84           400 PM
 LOWEST     39           100 PM
 AVERAGE    62

..........................................................


THE GLENS FALLS NY CLIMATE NORMALS FOR TODAY
                         NORMAL    RECORD    YEAR
 MAXIMUM TEMPERATURE (F)   35        63      1981
 MINIMUM TEMPERATURE (F)   12       -12      2011


SUNRISE AND SUNSET
FEBRUARY 22 2015......SUNRISE   642 AM EST   SUNSET   534 PM EST
FEBRUARY 23 2015......SUNRISE   641 AM EST   SUNSET   535 PM EST


-  INDICATES NEGATIVE NUMBERS.
R  INDICATES RECORD WAS SET OR TIED.
MM INDICATES DATA IS MISSING.
T  INDICATES TRACE AMOUNT.




$$
