000
CDUS41 KALY 172052
CLIGFL


CLIMATE REPORT
NATIONAL WEATHER SERVICE ALBANY NY
451 PM EDT MON APR 17 2017


...................................

...THE GLENS FALLS NY CLIMATE SUMMARY FOR APRIL 17 2017...
VALID TODAY AS OF 0400 PM LOCAL TIME.

CLIMATE NORMAL PERIOD 1981 TO 2010
CLIMATE RECORD PERIOD 1949 TO 2017


WEATHER ITEM   OBSERVED TIME   RECORD YEAR NORMAL DEPARTURE LAST
                VALUE   (LST)  VALUE       VALUE  FROM      YEAR
                                                  NORMAL
..................................................................
TEMPERATURE (F)
 TODAY
  MAXIMUM         68    234 PM  91    2002  58     10       75
  MINIMUM         54    556 AM  20    2014  33     21       33
  AVERAGE         61                        45     16       54

PRECIPITATION (IN)
  TODAY            0.00          1.07 1954   0.09  -0.09     0.00
  MONTH TO DATE    2.31                      1.66   0.65     1.10
  SINCE MAR 1      4.85                      4.60   0.25     3.38
  SINCE JAN 1      9.54                      9.54   0.00     8.17

DEGREE DAYS
 HEATING
  TODAY            4                        20    -16       11
  MONTH TO DATE  274                       392   -118      432
  SINCE MAR 1   1342                      1435    -93     1246
  SINCE JUL 1   5864                      7055  -1191     5426

 COOLING
  TODAY            0                         0      0        0
  MONTH TO DATE    2                         0      2        0
  SINCE MAR 1      2                         0      2        0
  SINCE JAN 1      2                         0      2        0
..................................................................


WIND (MPH)
  HIGHEST WIND SPEED    21   HIGHEST WIND DIRECTION     W (280)
  HIGHEST GUST SPEED    27   HIGHEST GUST DIRECTION    NW (300)
  AVERAGE WIND SPEED    10.0


SKY COVER
  AVERAGE SKY COVER 0.2



RELATIVE HUMIDITY (PERCENT)
 HIGHEST    78          1200 AM
 LOWEST     26           200 PM
 AVERAGE    52

..........................................................


THE GLENS FALLS NY CLIMATE NORMALS FOR TOMORROW
                         NORMAL    RECORD    YEAR
 MAXIMUM TEMPERATURE (F)   58        90      1976
 MINIMUM TEMPERATURE (F)   34        23      2014
                                             1990


SUNRISE AND SUNSET
APRIL 17 2017.........SUNRISE   609 AM EDT   SUNSET   740 PM EDT
APRIL 18 2017.........SUNRISE   607 AM EDT   SUNSET   741 PM EDT


-  INDICATES NEGATIVE NUMBERS.
R  INDICATES RECORD WAS SET OR TIED.
MM INDICATES DATA IS MISSING.
T  INDICATES TRACE AMOUNT.




$$
