000
CDUS41 KALY 080624
CLIGFL


CLIMATE REPORT
NATIONAL WEATHER SERVICE ALBANY NY
224 AM EDT TUE APR 8 2014


...................................

...THE GLENS FALLS NY CLIMATE SUMMARY FOR APRIL 7 2014...

CLIMATE NORMAL PERIOD 1981 TO 2010
CLIMATE RECORD PERIOD 1949 TO 2014


WEATHER ITEM   OBSERVED TIME   RECORD YEAR NORMAL DEPARTURE LAST
                VALUE   (LST)  VALUE       VALUE  FROM      YEAR
                                                  NORMAL
..................................................................
TEMPERATURE (F)
 YESTERDAY
  MAXIMUM         56    340 PM  85    1991  53      3       60
  MINIMUM         26    554 AM   8    2003  30     -4       24
  AVERAGE         41                        41      0       42

PRECIPITATION (IN)
  YESTERDAY        0.05          1.33 1962   0.09  -0.04      T
  MONTH TO DATE    0.48                      0.66  -0.18     0.02
  SINCE MAR 1      3.20                      3.60  -0.40     3.13
  SINCE JAN 1      7.73                      8.54  -0.81     5.43

DEGREE DAYS
 HEATING
  YESTERDAY       24                        24      0       23
  MONTH TO DATE  177                       177      0      195
  SINCE MAR 1   1487                      1220    267     1181
  SINCE JUL 1   7256                      6840    416     6282

 COOLING
  YESTERDAY        0                         0      0        0
  MONTH TO DATE    0                         0      0        0
  SINCE MAR 1      0                         0      0        0
  SINCE JAN 1      0                         0      0        0
..................................................................


WIND (MPH)
  HIGHEST WIND SPEED    25   HIGHEST WIND DIRECTION     S (160)
  HIGHEST GUST SPEED    33   HIGHEST GUST DIRECTION     S (160)
  AVERAGE WIND SPEED     5.0


SKY COVER
  AVERAGE SKY COVER 0.4



RELATIVE HUMIDITY (PERCENT)
 HIGHEST    92           500 AM
 LOWEST     30           200 PM
 AVERAGE    61

..........................................................


THE GLENS FALLS NY CLIMATE NORMALS FOR TODAY
                         NORMAL    RECORD    YEAR
 MAXIMUM TEMPERATURE (F)   53        79      1991
 MINIMUM TEMPERATURE (F)   30        19      1995


SUNRISE AND SUNSET
APRIL  8 2014.........SUNRISE   624 AM EDT   SUNSET   729 PM EDT
APRIL  9 2014.........SUNRISE   622 AM EDT   SUNSET   730 PM EDT


-  INDICATES NEGATIVE NUMBERS.
R  INDICATES RECORD WAS SET OR TIED.
MM INDICATES DATA IS MISSING.
T  INDICATES TRACE AMOUNT.




$$
