000
CDUS41 KALY 180622
CLIGFL


CLIMATE REPORT
NATIONAL WEATHER SERVICE ALBANY NY
121 AM EST THU JAN 18 2018


...................................

...THE GLENS FALLS NY CLIMATE SUMMARY FOR JANUARY 17 2018...

CLIMATE NORMAL PERIOD 1981 TO 2010
CLIMATE RECORD PERIOD 1949 TO 2018


WEATHER ITEM   OBSERVED TIME   RECORD YEAR NORMAL DEPARTURE LAST
                VALUE   (LST)  VALUE       VALUE  FROM      YEAR
                                                  NORMAL
..................................................................
TEMPERATURE (F)
 YESTERDAY
  MAXIMUM         28    251 PM  51    1973  28      0       37
  MINIMUM          7   1159 PM -26    1971   7      0       15
  AVERAGE         18                        17      1       26

PRECIPITATION (IN)
  YESTERDAY        0.01          1.23 1994   0.10  -0.09     0.15
  MONTH TO DATE    1.24                      1.55  -0.31     0.99
  SINCE DEC 1      3.56                      4.60  -1.04     3.86
  SINCE JAN 1      1.24                      1.55  -0.31     0.99

DEGREE DAYS
 HEATING
  YESTERDAY       47                        48     -1       39
  MONTH TO DATE  876                       796     80      663
  SINCE DEC 1   2250                      2036    214     1808
  SINCE JUL 1   3661                      3734    -73     3124

 COOLING
  YESTERDAY        0                         0      0        0
  MONTH TO DATE    0                         0      0        0
  SINCE DEC 1      0                         0      0        0
  SINCE JAN 1      0                         0      0        0
..................................................................


WIND (MPH)
  HIGHEST WIND SPEED    10   HIGHEST WIND DIRECTION     S (190)
  HIGHEST GUST SPEED    15   HIGHEST GUST DIRECTION     W (280)
  AVERAGE WIND SPEED     5.1


SKY COVER
  AVERAGE SKY COVER 0.9



RELATIVE HUMIDITY (PERCENT)
 HIGHEST   100          1200 AM
 LOWEST     67           900 PM
 AVERAGE    84

..........................................................


THE GLENS FALLS NY CLIMATE NORMALS FOR TODAY
                         NORMAL    RECORD    YEAR
 MAXIMUM TEMPERATURE (F)   28        54      1990
 MINIMUM TEMPERATURE (F)    7       -26      1977


SUNRISE AND SUNSET
JANUARY 18 2018.......SUNRISE   722 AM EST   SUNSET   448 PM EST
JANUARY 19 2018.......SUNRISE   722 AM EST   SUNSET   449 PM EST


-  INDICATES NEGATIVE NUMBERS.
R  INDICATES RECORD WAS SET OR TIED.
MM INDICATES DATA IS MISSING.
T  INDICATES TRACE AMOUNT.




$$
