000
CDUS41 KALY 170623
CLIGFL


CLIMATE REPORT
NATIONAL WEATHER SERVICE ALBANY NY
122 AM EST WED DEC 17 2014


...................................

...THE GLENS FALLS NY CLIMATE SUMMARY FOR DECEMBER 16 2014...

CLIMATE NORMAL PERIOD 1981 TO 2010
CLIMATE RECORD PERIOD 1949 TO 2014


WEATHER ITEM   OBSERVED TIME   RECORD YEAR NORMAL DEPARTURE LAST
                VALUE   (LST)  VALUE       VALUE  FROM      YEAR
                                                  NORMAL
..................................................................
TEMPERATURE (F)
 YESTERDAY
  MAXIMUM         35    426 PM  56    1982  34      1       24
  MINIMUM         30    652 AM -10    1951  16     14       -9
  AVERAGE         33                        25      8        8

PRECIPITATION (IN)
  YESTERDAY        0.07          0.92 1982   0.10  -0.03      T
  MONTH TO DATE    2.60                      1.71   0.89     1.29
  SINCE DEC 1      2.60                      1.71   0.89     1.29
  SINCE JAN 1     34.95                     37.72  -2.77    34.13

DEGREE DAYS
 HEATING
  YESTERDAY       32                        40     -8       57
  MONTH TO DATE  572                       593    -21      632
  SINCE DEC 1    572                       593    -21      632
  SINCE JUL 1   2033                      2291   -258     2311

 COOLING
  YESTERDAY        0                         0      0        0
  MONTH TO DATE    0                         0      0        0
  SINCE DEC 1      0                         0      0        0
  SINCE JAN 1    392                       352     40      537
..................................................................


WIND (MPH)
  HIGHEST WIND SPEED     5   HIGHEST WIND DIRECTION     N (360)
  HIGHEST GUST SPEED     6   HIGHEST GUST DIRECTION     S (180)
  AVERAGE WIND SPEED     0.6


SKY COVER
  AVERAGE SKY COVER 1.0



RELATIVE HUMIDITY (PERCENT)
 HIGHEST    96           900 PM
 LOWEST     75           200 PM
 AVERAGE    86

..........................................................


THE GLENS FALLS NY CLIMATE NORMALS FOR TODAY
                         NORMAL    RECORD    YEAR
 MAXIMUM TEMPERATURE (F)   33        56      1984
 MINIMUM TEMPERATURE (F)   15       -18      2013


SUNRISE AND SUNSET
DECEMBER 17 2014......SUNRISE   721 AM EST   SUNSET   420 PM EST
DECEMBER 18 2014......SUNRISE   722 AM EST   SUNSET   420 PM EST


-  INDICATES NEGATIVE NUMBERS.
R  INDICATES RECORD WAS SET OR TIED.
MM INDICATES DATA IS MISSING.
T  INDICATES TRACE AMOUNT.




$$
