000
CDUS41 KALY 140623
CLIGFL


CLIMATE REPORT
NATIONAL WEATHER SERVICE ALBANY NY
223 AM EDT WED JUN 14 2017


...................................

...THE GLENS FALLS NY CLIMATE SUMMARY FOR JUNE 13 2017...

CLIMATE NORMAL PERIOD 1981 TO 2010
CLIMATE RECORD PERIOD 1949 TO 2017


WEATHER ITEM   OBSERVED TIME   RECORD YEAR NORMAL DEPARTURE LAST
                VALUE   (LST)  VALUE       VALUE  FROM      YEAR
                                                  NORMAL
..................................................................
TEMPERATURE (F)
 YESTERDAY
  MAXIMUM         89    240 PM  95    1956  76     13       69
  MINIMUM         61   1107 PM  38    1974  52      9       50
  AVERAGE         75                        64     11       60

PRECIPITATION (IN)
  YESTERDAY        T             1.41 2014   0.12  -0.12     0.01
  MONTH TO DATE    1.15                      1.54  -0.39     2.16
  SINCE JUN 1      1.15                      1.54  -0.39     2.16
  SINCE JAN 1     17.49                     16.03   1.46    13.78

DEGREE DAYS
 HEATING
  YESTERDAY        0                         3     -3        5
  MONTH TO DATE   64                        57      7       35
  SINCE JUN 1     64                        57      7       35
  SINCE JUL 1   6381                      7643  -1262     5918

 COOLING
  YESTERDAY       10                         2      8        0
  MONTH TO DATE   33                        19     14       26
  SINCE JUN 1     33                        19     14       26
  SINCE JAN 1     54                        31     23       82
..................................................................


WIND (MPH)
  HIGHEST WIND SPEED    16   HIGHEST WIND DIRECTION    NE (30)
  HIGHEST GUST SPEED    20   HIGHEST GUST DIRECTION    NE (50)
  AVERAGE WIND SPEED     5.5


SKY COVER
  AVERAGE SKY COVER 0.2



RELATIVE HUMIDITY (PERCENT)
 HIGHEST    93          1200 AM
 LOWEST     42           300 PM
 AVERAGE    68

..........................................................


THE GLENS FALLS NY CLIMATE NORMALS FOR TODAY
                         NORMAL    RECORD    YEAR
 MAXIMUM TEMPERATURE (F)   76        94      1988
 MINIMUM TEMPERATURE (F)   52        39      1979


SUNRISE AND SUNSET
JUNE 14 2017..........SUNRISE   513 AM EDT   SUNSET   836 PM EDT
JUNE 15 2017..........SUNRISE   513 AM EDT   SUNSET   837 PM EDT


-  INDICATES NEGATIVE NUMBERS.
R  INDICATES RECORD WAS SET OR TIED.
MM INDICATES DATA IS MISSING.
T  INDICATES TRACE AMOUNT.




$$
