000
CDUS41 KALY 062048
CLIGFL


CLIMATE REPORT
NATIONAL WEATHER SERVICE ALBANY NY
448 PM EDT SUN JUL 6 2014


...................................

...THE GLENS FALLS NY CLIMATE SUMMARY FOR JULY 6 2014...
VALID TODAY AS OF 0400 PM LOCAL TIME.

CLIMATE NORMAL PERIOD 1981 TO 2010
CLIMATE RECORD PERIOD 1949 TO 2014


WEATHER ITEM   OBSERVED TIME   RECORD YEAR NORMAL DEPARTURE LAST
                VALUE   (LST)  VALUE       VALUE  FROM      YEAR
                                                  NORMAL
..................................................................
TEMPERATURE (F)
 TODAY
  MAXIMUM         82    346 PM  94    2010  81      1       86
  MINIMUM         53    309 AM  43    1979  56     -3       66
  AVERAGE         68                        68      0       76

PRECIPITATION (IN)
  TODAY            0.00          0.86 1984   0.12  -0.12     0.00
  MONTH TO DATE    2.18                      0.74   1.44     1.61
  SINCE JUN 1      6.58                      4.29   2.29     7.30
  SINCE JAN 1     19.69                     18.78   0.91    19.23

DEGREE DAYS
 HEATING
  TODAY            0                         1     -1        0
  MONTH TO DATE    0                         6     -6        0
  SINCE JUN 1     32                        96    -64       89
  SINCE JUL 1      0                         6     -6        0

 COOLING
  TODAY            3                         4     -1       11
  MONTH TO DATE   53                        24     29       66
  SINCE JUN 1    127                        93     34      166
  SINCE JAN 1    147                       105     42      199
..................................................................


WIND (MPH)
  HIGHEST WIND SPEED    18   HIGHEST WIND DIRECTION    SW (220)
  HIGHEST GUST SPEED    26   HIGHEST GUST DIRECTION     S (190)
  AVERAGE WIND SPEED     7.0


SKY COVER
  AVERAGE SKY COVER 0.0



RELATIVE HUMIDITY (PERCENT)
 HIGHEST    93           300 AM
 LOWEST     35           200 PM
 AVERAGE    64

..........................................................


THE GLENS FALLS NY CLIMATE NORMALS FOR TOMORROW
                         NORMAL    RECORD    YEAR
 MAXIMUM TEMPERATURE (F)   81        95      2010
 MINIMUM TEMPERATURE (F)   56        42      1979


SUNRISE AND SUNSET
JULY  6 2014..........SUNRISE   521 AM EDT   SUNSET   837 PM EDT
JULY  7 2014..........SUNRISE   522 AM EDT   SUNSET   837 PM EDT


-  INDICATES NEGATIVE NUMBERS.
R  INDICATES RECORD WAS SET OR TIED.
MM INDICATES DATA IS MISSING.
T  INDICATES TRACE AMOUNT.




$$
