000
CDUS41 KALY 100624
CLIGFL


CLIMATE REPORT
NATIONAL WEATHER SERVICE ALBANY NY
123 AM EST TUE JAN 10 2017


...................................

...THE GLENS FALLS NY CLIMATE SUMMARY FOR JANUARY 9 2017...

CLIMATE NORMAL PERIOD 1981 TO 2010
CLIMATE RECORD PERIOD 1949 TO 2017


WEATHER ITEM   OBSERVED TIME   RECORD YEAR NORMAL DEPARTURE LAST
                VALUE   (LST)  VALUE       VALUE  FROM      YEAR
                                                  NORMAL
..................................................................
TEMPERATURE (F)
 YESTERDAY
  MAXIMUM         19    657 PM  56    2008  28     -9       39
  MINIMUM         -3    736 AM -30    1968   8    -11       29
  AVERAGE          8                        18    -10       34

PRECIPITATION (IN)
  YESTERDAY        0.00          0.94 1999   0.08  -0.08      T
  MONTH TO DATE    0.49                      0.80  -0.31     0.01
  SINCE DEC 1      3.36                      3.85  -0.49     4.06
  SINCE JAN 1      0.49                      0.80  -0.31     0.01

DEGREE DAYS
 HEATING
  YESTERDAY       57                        47     10       31
  MONTH TO DATE  382                       417    -35      353
  SINCE DEC 1   1527                      1657   -130     1176
  SINCE JUL 1   2843                      3355   -512     2467

 COOLING
  YESTERDAY        0                         0      0        0
  MONTH TO DATE    0                         0      0        0
  SINCE DEC 1      0                         0      0        0
  SINCE JAN 1      0                         0      0        0
..................................................................


WIND (MPH)
  HIGHEST WIND SPEED    15   HIGHEST WIND DIRECTION    NW (330)
  HIGHEST GUST SPEED    18   HIGHEST GUST DIRECTION    NW (320)
  AVERAGE WIND SPEED     4.0


SKY COVER
  AVERAGE SKY COVER 0.3



RELATIVE HUMIDITY (PERCENT)
 HIGHEST    80          1100 PM
 LOWEST     49           600 PM
 AVERAGE    65

..........................................................


THE GLENS FALLS NY CLIMATE NORMALS FOR TODAY
                         NORMAL    RECORD    YEAR
 MAXIMUM TEMPERATURE (F)   28        49      2016
                                             1972
 MINIMUM TEMPERATURE (F)    8       -25      1968


SUNRISE AND SUNSET
JANUARY 10 2017.......SUNRISE   726 AM EST   SUNSET   439 PM EST
JANUARY 11 2017.......SUNRISE   725 AM EST   SUNSET   440 PM EST


-  INDICATES NEGATIVE NUMBERS.
R  INDICATES RECORD WAS SET OR TIED.
MM INDICATES DATA IS MISSING.
T  INDICATES TRACE AMOUNT.




$$
