000
CDUS41 KALY 162046
CLIGFL


CLIMATE REPORT
NATIONAL WEATHER SERVICE ALBANY NY
446 PM EDT SAT APR 16 2016


...................................

...THE GLENS FALLS NY CLIMATE SUMMARY FOR APRIL 16 2016...
VALID TODAY AS OF 0400 PM LOCAL TIME.

CLIMATE NORMAL PERIOD 1981 TO 2010
CLIMATE RECORD PERIOD 1949 TO 2016


WEATHER ITEM   OBSERVED TIME   RECORD YEAR NORMAL DEPARTURE LAST
                VALUE   (LST)  VALUE       VALUE  FROM      YEAR
                                                  NORMAL
..................................................................
TEMPERATURE (F)
 TODAY
  MAXIMUM         65    345 PM  89    2002  57      8       67
  MINIMUM         32    511 AM  21    1992  33     -1       26
  AVERAGE         49                        45      4       47

PRECIPITATION (IN)
  TODAY            0.00          1.06 1996   0.10  -0.10     0.00
  MONTH TO DATE    1.10                      1.57  -0.47     0.89
  SINCE MAR 1      3.38                      4.51  -1.13     1.57
  SINCE JAN 1      8.17                      9.45  -1.28     3.62

DEGREE DAYS
 HEATING
  TODAY           16                        20     -4       18
  MONTH TO DATE  421                       372     49      364
  SINCE MAR 1   1235                      1415   -180     1546
  SINCE JUL 1   5415                      7035  -1620     7227

 COOLING
  TODAY            0                         0      0        0
  MONTH TO DATE    0                         0      0        0
  SINCE MAR 1      0                         0      0        0
  SINCE JAN 1      0                         0      0        0
..................................................................


WIND (MPH)
  HIGHEST WIND SPEED    13   HIGHEST WIND DIRECTION    NE (30)
  HIGHEST GUST SPEED    16   HIGHEST GUST DIRECTION     E (80)
  AVERAGE WIND SPEED     3.5


SKY COVER
  AVERAGE SKY COVER 0.0



RELATIVE HUMIDITY (PERCENT)
 HIGHEST    76           100 AM
 LOWEST     15           200 PM
 AVERAGE    46

..........................................................


THE GLENS FALLS NY CLIMATE NORMALS FOR TOMORROW
                         NORMAL    RECORD    YEAR
 MAXIMUM TEMPERATURE (F)   58        91      2002
 MINIMUM TEMPERATURE (F)   33        20      2014


SUNRISE AND SUNSET
APRIL 16 2016.........SUNRISE   610 AM EDT   SUNSET   739 PM EDT
APRIL 17 2016.........SUNRISE   608 AM EDT   SUNSET   740 PM EDT


-  INDICATES NEGATIVE NUMBERS.
R  INDICATES RECORD WAS SET OR TIED.
MM INDICATES DATA IS MISSING.
T  INDICATES TRACE AMOUNT.




$$
