082
CDUS41 KALY 190635
CLIGFL


CLIMATE REPORT
NATIONAL WEATHER SERVICE ALBANY NY
234 AM EDT MON JUN 19 2017


...................................

...THE GLENS FALLS NY CLIMATE SUMMARY FOR JUNE 18 2017...

CLIMATE NORMAL PERIOD 1981 TO 2010
CLIMATE RECORD PERIOD 1949 TO 2017


WEATHER ITEM   OBSERVED TIME   RECORD YEAR NORMAL DEPARTURE LAST
                VALUE   (LST)  VALUE       VALUE  FROM      YEAR
                                                  NORMAL
..................................................................
TEMPERATURE (F)
 YESTERDAY
  MAXIMUM         MM        MM  93    1994  77     MM       86
  MINIMUM         MM        MM  39    1950  53     MM       54
  AVERAGE         MM                        65     MM       70

PRECIPITATION (IN)
  YESTERDAY       MM             1.51 2009   0.12  MM        0.00
  MONTH TO DATE    1.70                      2.13  -0.43     2.16
  SINCE JUN 1      1.70                      2.13  -0.43     2.16
  SINCE JAN 1     18.04                     16.62   1.42    13.78

DEGREE DAYS
 HEATING
  YESTERDAY       MM                         2     MM        0
  MONTH TO DATE   73                        71      2       39
  SINCE JUN 1     73                        71      2       39
  SINCE JUL 1   6390                      7657  -1267     5922

 COOLING
  YESTERDAY       MM                         3     MM        5
  MONTH TO DATE   33                        30      3       43
  SINCE JUN 1     33                        30      3       43
  SINCE JAN 1     54                        42     12       99
..................................................................


WIND (MPH)
  HIGHEST WIND SPEED    15   HIGHEST WIND DIRECTION     S (180)
  HIGHEST GUST SPEED    25   HIGHEST GUST DIRECTION     S (180)
  AVERAGE WIND SPEED     9.0


SKY COVER
  AVERAGE SKY COVER 0.6



RELATIVE HUMIDITY (PERCENT)
 HIGHEST    84           100 AM
 LOWEST     61           300 PM
 AVERAGE    73

..........................................................


THE GLENS FALLS NY CLIMATE NORMALS FOR TODAY
                         NORMAL    RECORD    YEAR
 MAXIMUM TEMPERATURE (F)   78        97      1995
 MINIMUM TEMPERATURE (F)   53        40      1950


SUNRISE AND SUNSET
JUNE 19 2017..........SUNRISE   514 AM EDT   SUNSET   838 PM EDT
JUNE 20 2017..........SUNRISE   514 AM EDT   SUNSET   838 PM EDT


-  INDICATES NEGATIVE NUMBERS.
R  INDICATES RECORD WAS SET OR TIED.
MM INDICATES DATA IS MISSING.
T  INDICATES TRACE AMOUNT.




$$
