000
CDUS41 KALY 140626
CLIGFL


CLIMATE REPORT
NATIONAL WEATHER SERVICE ALBANY NY
225 AM EDT TUE OCT 14 2014


...................................

...THE GLENS FALLS NY CLIMATE SUMMARY FOR OCTOBER 13 2014...

CLIMATE NORMAL PERIOD 1981 TO 2010
CLIMATE RECORD PERIOD 1949 TO 2014


WEATHER ITEM   OBSERVED TIME   RECORD YEAR NORMAL DEPARTURE LAST
                VALUE   (LST)  VALUE       VALUE  FROM      YEAR
                                                  NORMAL
..................................................................
TEMPERATURE (F)
 YESTERDAY
  MAXIMUM         59    736 PM  81    1995  59      0       67
  MINIMUM         29    517 AM  22    2012  36     -7       42
  AVERAGE         44                        48     -4       55

PRECIPITATION (IN)
  YESTERDAY        0.00          0.59 1978   0.11  -0.11     0.00
  MONTH TO DATE    1.10                      1.50  -0.40     0.95
  SINCE SEP 1      2.23                      4.88  -2.65     3.38
  SINCE JAN 1     28.27                     30.69  -2.42    28.65

DEGREE DAYS
 HEATING
  YESTERDAY       21                        18      3       10
  MONTH TO DATE  151                       199    -48      130
  SINCE SEP 1    328                       418    -90      377
  SINCE JUL 1    343                       484   -141      415

 COOLING
  YESTERDAY        0                         0      0        0
  MONTH TO DATE    0                         0      0        0
  SINCE SEP 1     47                        24     23       43
  SINCE JAN 1    385                       351     34      537
..................................................................


WIND (MPH)
  HIGHEST WIND SPEED    10   HIGHEST WIND DIRECTION     S (200)
  HIGHEST GUST SPEED    13   HIGHEST GUST DIRECTION     S (190)
  AVERAGE WIND SPEED     2.9


SKY COVER
  AVERAGE SKY COVER 0.8



RELATIVE HUMIDITY (PERCENT)
 HIGHEST    96          1200 AM
 LOWEST     66          1200 PM
 AVERAGE    81

..........................................................


THE GLENS FALLS NY CLIMATE NORMALS FOR TODAY
                         NORMAL    RECORD    YEAR
 MAXIMUM TEMPERATURE (F)   59        75      2000
 MINIMUM TEMPERATURE (F)   35        19      1993


SUNRISE AND SUNSET
OCTOBER 14 2014.......SUNRISE   707 AM EDT   SUNSET   613 PM EDT
OCTOBER 15 2014.......SUNRISE   708 AM EDT   SUNSET   611 PM EDT


-  INDICATES NEGATIVE NUMBERS.
R  INDICATES RECORD WAS SET OR TIED.
MM INDICATES DATA IS MISSING.
T  INDICATES TRACE AMOUNT.




$$
