969
CDUS41 KALY 150623
CLIGFL


CLIMATE REPORT
NATIONAL WEATHER SERVICE ALBANY NY
223 AM EDT SUN OCT 15 2017


...................................

...THE GLENS FALLS NY CLIMATE SUMMARY FOR OCTOBER 14 2017...

CLIMATE NORMAL PERIOD 1981 TO 2010
CLIMATE RECORD PERIOD 1949 TO 2017


WEATHER ITEM   OBSERVED TIME   RECORD YEAR NORMAL DEPARTURE LAST
                VALUE   (LST)  VALUE       VALUE  FROM      YEAR
                                                  NORMAL
..................................................................
TEMPERATURE (F)
 YESTERDAY
  MAXIMUM         66    306 PM  78    2014  59      7       56
  MINIMUM         48   1125 PM  19    1993  35     13       29
  AVERAGE         57                        47     10       43

PRECIPITATION (IN)
  YESTERDAY        0.00          1.00 2011   0.12  -0.12     0.00
  MONTH TO DATE    1.09                      1.62  -0.53     0.14
  SINCE SEP 1      3.41                      5.00  -1.59     1.35
  SINCE JAN 1     30.54                     30.81  -0.27    22.51

DEGREE DAYS
 HEATING
  YESTERDAY        8                        18    -10       22
  MONTH TO DATE  135                       217    -82      159
  SINCE SEP 1    267                       436   -169      262
  SINCE JUL 1    334                       502   -168      268

 COOLING
  YESTERDAY        0                         0      0        0
  MONTH TO DATE    3                         0      3        0
  SINCE SEP 1     70                        24     46       55
  SINCE JAN 1    384                       351     33      640
..................................................................


WIND (MPH)
  HIGHEST WIND SPEED    10   HIGHEST WIND DIRECTION     S (160)
  HIGHEST GUST SPEED    15   HIGHEST GUST DIRECTION     S (200)
  AVERAGE WIND SPEED     4.0


SKY COVER
  AVERAGE SKY COVER 0.8



RELATIVE HUMIDITY (PERCENT)
 HIGHEST   100          1000 PM
 LOWEST     68           300 PM
 AVERAGE    84

..........................................................


THE GLENS FALLS NY CLIMATE NORMALS FOR TODAY
                         NORMAL    RECORD    YEAR
 MAXIMUM TEMPERATURE (F)   59        78      2014
 MINIMUM TEMPERATURE (F)   35        22      2002


SUNRISE AND SUNSET
OCTOBER 15 2017.......SUNRISE   709 AM EDT   SUNSET   611 PM EDT
OCTOBER 16 2017.......SUNRISE   710 AM EDT   SUNSET   609 PM EDT


-  INDICATES NEGATIVE NUMBERS.
R  INDICATES RECORD WAS SET OR TIED.
MM INDICATES DATA IS MISSING.
T  INDICATES TRACE AMOUNT.




$$
