000
CDUS41 KALY 042107
CLIGFL


CLIMATE REPORT
NATIONAL WEATHER SERVICE ALBANY NY
505 PM EDT FRI AUG 4 2017


...................................

...THE GLENS FALLS NY CLIMATE SUMMARY FOR AUGUST 4 2017...
VALID TODAY AS OF 0400 PM LOCAL TIME.

CLIMATE NORMAL PERIOD 1981 TO 2010
CLIMATE RECORD PERIOD 1949 TO 2017


WEATHER ITEM   OBSERVED TIME   RECORD YEAR NORMAL DEPARTURE LAST
                VALUE   (LST)  VALUE       VALUE  FROM      YEAR
                                                  NORMAL
..................................................................
TEMPERATURE (F)
 TODAY
  MAXIMUM         84    103 PM  92    2012  80      4       83
  MINIMUM         63    536 AM  45    1966  57      6       57
  AVERAGE         74                        69      5       70

PRECIPITATION (IN)
  TODAY            T             0.75 1953   0.13  -0.13     0.00
  MONTH TO DATE    T                         0.54  -0.54     1.08
  SINCE JUN 1      9.28                      8.18   1.10     7.92
  SINCE JAN 1     25.62                     22.67   2.95    19.54

DEGREE DAYS
 HEATING
  TODAY            0                         1     -1        0
  MONTH TO DATE    0                         4     -4        0
  SINCE JUN 1    105                       115    -10       44
  SINCE JUL 1     12                        25    -13        0

 COOLING
  TODAY            9                         4      5        5
  MONTH TO DATE   31                        16     15       21
  SINCE JUN 1    243                       224     19      339
  SINCE JAN 1    264                       236     28      395
..................................................................


WIND (MPH)
  HIGHEST WIND SPEED    15   HIGHEST WIND DIRECTION     S (190)
  HIGHEST GUST SPEED    21   HIGHEST GUST DIRECTION     S (160)
  AVERAGE WIND SPEED     5.2


SKY COVER
  AVERAGE SKY COVER 0.3



RELATIVE HUMIDITY (PERCENT)
 HIGHEST   100           400 AM
 LOWEST     62          1100 AM
 AVERAGE    81

..........................................................


THE GLENS FALLS NY CLIMATE NORMALS FOR TOMORROW
                         NORMAL    RECORD    YEAR
 MAXIMUM TEMPERATURE (F)   80        96      1955
 MINIMUM TEMPERATURE (F)   57        42      1972


SUNRISE AND SUNSET
AUGUST  4 2017........SUNRISE   548 AM EDT   SUNSET   812 PM EDT
AUGUST  5 2017........SUNRISE   549 AM EDT   SUNSET   811 PM EDT


-  INDICATES NEGATIVE NUMBERS.
R  INDICATES RECORD WAS SET OR TIED.
MM INDICATES DATA IS MISSING.
T  INDICATES TRACE AMOUNT.




$$
