000
CDUS41 KALY 242041
CLIGFL


CLIMATE REPORT
NATIONAL WEATHER SERVICE ALBANY NY
441 PM EDT WED SEP 24 2014


...................................

...THE GLENS FALLS NY CLIMATE SUMMARY FOR SEPTEMBER 24 2014...
VALID TODAY AS OF 0400 PM LOCAL TIME.

CLIMATE NORMAL PERIOD 1981 TO 2010
CLIMATE RECORD PERIOD 1949 TO 2014


WEATHER ITEM   OBSERVED TIME   RECORD YEAR NORMAL DEPARTURE LAST
                VALUE   (LST)  VALUE       VALUE  FROM      YEAR
                                                  NORMAL
..................................................................
TEMPERATURE (F)
 TODAY
  MAXIMUM         73    251 PM  86    1961  67      6       67
  MINIMUM         44    557 AM  29    1979  43      1       32
  AVERAGE         59                        55      4       50

PRECIPITATION (IN)
  TODAY            0.00          1.36 1955   0.12  -0.12     0.00
  MONTH TO DATE    1.13                      2.65  -1.52     2.43
  SINCE SEP 1      1.13                      2.65  -1.52     2.43
  SINCE JAN 1     27.17                     28.46  -1.29    27.70

DEGREE DAYS
 HEATING
  TODAY            6                        10     -4       15
  MONTH TO DATE  154                       150      4      180
  SINCE SEP 1    154                       150      4      180
  SINCE JUL 1    169                       216    -47      218

 COOLING
  TODAY            0                         0      0        0
  MONTH TO DATE   47                        23     24       43
  SINCE SEP 1     47                        23     24       43
  SINCE JAN 1    385                       350     35      537
..................................................................


WIND (MPH)
  HIGHEST WIND SPEED    12   HIGHEST WIND DIRECTION    SE (130)
  HIGHEST GUST SPEED    14   HIGHEST GUST DIRECTION    SE (140)
  AVERAGE WIND SPEED     3.0


SKY COVER
  AVERAGE SKY COVER 0.1



RELATIVE HUMIDITY (PERCENT)
 HIGHEST    93          1200 AM
 LOWEST     44           100 PM
 AVERAGE    69

..........................................................


THE GLENS FALLS NY CLIMATE NORMALS FOR TOMORROW
                         NORMAL    RECORD    YEAR
 MAXIMUM TEMPERATURE (F)   67        84      2007
 MINIMUM TEMPERATURE (F)   43        26      1950


SUNRISE AND SUNSET
SEPTEMBER 24 2014.....SUNRISE   644 AM EDT   SUNSET   648 PM EDT
SEPTEMBER 25 2014.....SUNRISE   645 AM EDT   SUNSET   646 PM EDT


-  INDICATES NEGATIVE NUMBERS.
R  INDICATES RECORD WAS SET OR TIED.
MM INDICATES DATA IS MISSING.
T  INDICATES TRACE AMOUNT.




$$
