000
CDUS41 KALY 180623
CLIGFL


CLIMATE REPORT
NATIONAL WEATHER SERVICE ALBANY NY
222 AM EDT WED MAY 18 2016


...................................

...THE GLENS FALLS NY CLIMATE SUMMARY FOR MAY 17 2016...

CLIMATE NORMAL PERIOD 1981 TO 2010
CLIMATE RECORD PERIOD 1949 TO 2016


WEATHER ITEM   OBSERVED TIME   RECORD YEAR NORMAL DEPARTURE LAST
                VALUE   (LST)  VALUE       VALUE  FROM      YEAR
                                                  NORMAL
..................................................................
TEMPERATURE (F)
 YESTERDAY
  MAXIMUM         69   1255 PM  91    1977  69      0       82
  MINIMUM         42    502 AM  28    1967  43     -1       51
  AVERAGE         56                        56      0       67

PRECIPITATION (IN)
  YESTERDAY        0.00          1.03 1990   0.11  -0.11     0.00
  MONTH TO DATE    2.03                      1.95   0.08     0.92
  SINCE MAR 1      5.77                      7.89  -2.12     3.57
  SINCE JAN 1     10.56                     12.83  -2.27     5.62

DEGREE DAYS
 HEATING
  YESTERDAY        9                        10     -1        0
  MONTH TO DATE  213                       205      8       73
  SINCE MAR 1   1660                      1861   -201     1855
  SINCE JUL 1   5840                      7481  -1641     7536

 COOLING
  YESTERDAY        0                         0      0        2
  MONTH TO DATE    0                         0      0       35
  SINCE MAR 1      0                         1     -1       35
  SINCE JAN 1      0                         1     -1       35
..................................................................


WIND (MPH)
  HIGHEST WIND SPEED    17   HIGHEST WIND DIRECTION    SW (210)
  HIGHEST GUST SPEED    25   HIGHEST GUST DIRECTION     S (200)
  AVERAGE WIND SPEED     7.0


SKY COVER
  AVERAGE SKY COVER 0.6



RELATIVE HUMIDITY (PERCENT)
 HIGHEST    76           500 AM
 LOWEST     28           100 PM
 AVERAGE    52

..........................................................


THE GLENS FALLS NY CLIMATE NORMALS FOR TODAY
                         NORMAL    RECORD    YEAR
 MAXIMUM TEMPERATURE (F)   69        89      1962
 MINIMUM TEMPERATURE (F)   43        28      1983


SUNRISE AND SUNSET
MAY 18 2016...........SUNRISE   527 AM EDT   SUNSET   816 PM EDT
MAY 19 2016...........SUNRISE   526 AM EDT   SUNSET   817 PM EDT


-  INDICATES NEGATIVE NUMBERS.
R  INDICATES RECORD WAS SET OR TIED.
MM INDICATES DATA IS MISSING.
T  INDICATES TRACE AMOUNT.




$$
