000
CDUS41 KALY 262150
CLIGFL


CLIMATE REPORT
NATIONAL WEATHER SERVICE ALBANY NY
450 PM EST SUN NOV 26 2017


...................................

...THE GLENS FALLS NY CLIMATE SUMMARY FOR NOVEMBER 26 2017...
VALID TODAY AS OF 0400 PM LOCAL TIME.

CLIMATE NORMAL PERIOD 1981 TO 2010
CLIMATE RECORD PERIOD 1949 TO 2017


WEATHER ITEM   OBSERVED TIME   RECORD YEAR NORMAL DEPARTURE LAST
                VALUE   (LST)  VALUE       VALUE  FROM      YEAR
                                                  NORMAL
..................................................................
TEMPERATURE (F)
 TODAY
  MAXIMUM         46   1240 AM  64    1979  42      4       44
  MINIMUM         32    448 PM   7    2005  24      8       32
  AVERAGE         39                        33      6       38

PRECIPITATION (IN)
  TODAY            T             1.66 1986   0.11  -0.11     0.03
  MONTH TO DATE    1.18                      2.87  -1.69     2.37
  SINCE SEP 1      6.31                      9.76  -3.45     6.52
  SINCE JAN 1     33.44                     35.57  -2.13    27.68

DEGREE DAYS
 HEATING
  TODAY           26                        32     -6       27
  MONTH TO DATE  739                       711     28      635
  SINCE SEP 1   1214                      1500   -286     1197
  SINCE JUL 1   1281                      1566   -285     1203

 COOLING
  TODAY            0                         0      0        0
  MONTH TO DATE    0                         0      0        0
  SINCE SEP 1     74                        25     49       58
  SINCE JAN 1    388                       352     36      643
..................................................................


WIND (MPH)
  HIGHEST WIND SPEED    23   HIGHEST WIND DIRECTION    NW (300)
  HIGHEST GUST SPEED    28   HIGHEST GUST DIRECTION     W (280)
  AVERAGE WIND SPEED     8.9


SKY COVER
  AVERAGE SKY COVER 0.8



RELATIVE HUMIDITY (PERCENT)
 HIGHEST    70           700 AM
 LOWEST     44           200 PM
 AVERAGE    57

..........................................................


THE GLENS FALLS NY CLIMATE NORMALS FOR TOMORROW
                         NORMAL    RECORD    YEAR
 MAXIMUM TEMPERATURE (F)   42        61      2015
                                             1976
 MINIMUM TEMPERATURE (F)   24         3      1957


SUNRISE AND SUNSET
NOVEMBER 26 2017......SUNRISE   702 AM EST   SUNSET   422 PM EST
NOVEMBER 27 2017......SUNRISE   703 AM EST   SUNSET   421 PM EST


-  INDICATES NEGATIVE NUMBERS.
R  INDICATES RECORD WAS SET OR TIED.
MM INDICATES DATA IS MISSING.
T  INDICATES TRACE AMOUNT.




$$
