000
CDUS41 KALY 160621
CLIGFL


CLIMATE REPORT
NATIONAL WEATHER SERVICE ALBANY NY
221 AM EDT TUE AUG 16 2016


...................................

...THE GLENS FALLS NY CLIMATE SUMMARY FOR AUGUST 15 2016...

CLIMATE NORMAL PERIOD 1981 TO 2010
CLIMATE RECORD PERIOD 1949 TO 2016


WEATHER ITEM   OBSERVED TIME   RECORD YEAR NORMAL DEPARTURE LAST
                VALUE   (LST)  VALUE       VALUE  FROM      YEAR
                                                  NORMAL
..................................................................
TEMPERATURE (F)
 YESTERDAY
  MAXIMUM         78   1208 PM  95    1959  79     -1       86
  MINIMUM         63   1159 PM  44    2013  56      7       64
  AVERAGE         71                        67      4       75

PRECIPITATION (IN)
  YESTERDAY        0.00          1.87 2011   0.12  -0.12     0.37
  MONTH TO DATE    1.34                      1.93  -0.59     1.43
  SINCE JUN 1      8.18                      9.57  -1.39     9.87
  SINCE JAN 1     19.80                     24.06  -4.26    17.18

DEGREE DAYS
 HEATING
  YESTERDAY        0                         1     -1        0
  MONTH TO DATE    0                        15    -15        1
  SINCE JUN 1     44                       126    -82       91
  SINCE JUL 1      0                        36    -36       12

 COOLING
  YESTERDAY        6                         4      2       10
  MONTH TO DATE  131                        60     71       69
  SINCE JUN 1    449                       268    181      312
  SINCE JAN 1    505                       280    225      388
..................................................................


WIND (MPH)
  HIGHEST WIND SPEED    12   HIGHEST WIND DIRECTION     N (350)
  HIGHEST GUST SPEED    16   HIGHEST GUST DIRECTION     N (350)
  AVERAGE WIND SPEED     3.0


SKY COVER
  AVERAGE SKY COVER 0.0



RELATIVE HUMIDITY (PERCENT)
 HIGHEST    93           300 AM
 LOWEST     54          1200 PM
 AVERAGE    74

..........................................................


THE GLENS FALLS NY CLIMATE NORMALS FOR TODAY
                         NORMAL    RECORD    YEAR
 MAXIMUM TEMPERATURE (F)   79        93      1959
 MINIMUM TEMPERATURE (F)   55        43      1964


SUNRISE AND SUNSET
AUGUST 16 2016........SUNRISE   601 AM EDT   SUNSET   755 PM EDT
AUGUST 17 2016........SUNRISE   602 AM EDT   SUNSET   754 PM EDT


-  INDICATES NEGATIVE NUMBERS.
R  INDICATES RECORD WAS SET OR TIED.
MM INDICATES DATA IS MISSING.
T  INDICATES TRACE AMOUNT.




$$
