000
CDUS41 KALY 190623
CLIGFL


CLIMATE REPORT
NATIONAL WEATHER SERVICE ALBANY NY
221 AM EDT WED JUL 19 2017


...................................

...THE GLENS FALLS NY CLIMATE SUMMARY FOR JULY 18 2017...

CLIMATE NORMAL PERIOD 1981 TO 2010
CLIMATE RECORD PERIOD 1949 TO 2017


WEATHER ITEM   OBSERVED TIME   RECORD YEAR NORMAL DEPARTURE LAST
                VALUE   (LST)  VALUE       VALUE  FROM      YEAR
                                                  NORMAL
..................................................................
TEMPERATURE (F)
 YESTERDAY
  MAXIMUM         84    454 PM  97    1953  81      3       85
  MINIMUM         60   1251 AM  48    1956  57      3       61
  AVERAGE         72                        69      3       73

PRECIPITATION (IN)
  YESTERDAY        0.00          1.53 1951   0.14  -0.14     0.03
  MONTH TO DATE    4.93                      2.32   2.61     3.25
  SINCE JUN 1      8.67                      5.87   2.80     6.36
  SINCE JAN 1     25.01                     20.36   4.65    17.98

DEGREE DAYS
 HEATING
  YESTERDAY        0                         1     -1        0
  MONTH TO DATE    3                        18    -15        0
  SINCE JUN 1     96                       108    -12       44
  SINCE JUL 1      3                        18    -15        0

 COOLING
  YESTERDAY        7                         5      2        8
  MONTH TO DATE   84                        82      2      119
  SINCE JUN 1    172                       151     21      222
  SINCE JAN 1    193                       163     30      278
..................................................................


WIND (MPH)
  HIGHEST WIND SPEED    13   HIGHEST WIND DIRECTION    SE (150)
  HIGHEST GUST SPEED    16   HIGHEST GUST DIRECTION    SE (150)
  AVERAGE WIND SPEED     2.8


SKY COVER
  AVERAGE SKY COVER 0.5



RELATIVE HUMIDITY (PERCENT)
 HIGHEST   100           100 AM
 LOWEST     55           400 PM
 AVERAGE    78

..........................................................


THE GLENS FALLS NY CLIMATE NORMALS FOR TODAY
                         NORMAL    RECORD    YEAR
 MAXIMUM TEMPERATURE (F)   81        95      1977
 MINIMUM TEMPERATURE (F)   57        49      2003


SUNRISE AND SUNSET
JULY 19 2017..........SUNRISE   532 AM EDT   SUNSET   829 PM EDT
JULY 20 2017..........SUNRISE   533 AM EDT   SUNSET   829 PM EDT


-  INDICATES NEGATIVE NUMBERS.
R  INDICATES RECORD WAS SET OR TIED.
MM INDICATES DATA IS MISSING.
T  INDICATES TRACE AMOUNT.




$$
