000
CDUS41 KALY 200644
CLIGFL


CLIMATE REPORT
NATIONAL WEATHER SERVICE ALBANY NY
140 AM EST THU NOV 20 2014


...................................

...THE GLENS FALLS NY CLIMATE SUMMARY FOR NOVEMBER 19 2014...

CLIMATE NORMAL PERIOD 1981 TO 2010
CLIMATE RECORD PERIOD 1949 TO 2014


WEATHER ITEM   OBSERVED TIME   RECORD YEAR NORMAL DEPARTURE LAST
                VALUE   (LST)  VALUE       VALUE  FROM      YEAR
                                                  NORMAL
..................................................................
TEMPERATURE (F)
 YESTERDAY
  MAXIMUM         32    159 PM  62    1985  45    -13       41
  MINIMUM         19    728 PM   6    1997  27     -8       28
  AVERAGE         26                        36    -10       35

PRECIPITATION (IN)
  YESTERDAY        T             1.76 2003   0.12  -0.12      T
  MONTH TO DATE    0.94                      2.09  -1.15     1.41
  SINCE SEP 1      5.36                      8.98  -3.62     6.05
  SINCE JAN 1     31.40                     34.79  -3.39    31.32

DEGREE DAYS
 HEATING
  YESTERDAY       39                        29     10       30
  MONTH TO DATE  510                       496     14      492
  SINCE SEP 1   1092                      1285   -193     1223
  SINCE JUL 1   1107                      1351   -244     1261

 COOLING
  YESTERDAY        0                         0      0        0
  MONTH TO DATE    0                         0      0        0
  SINCE SEP 1     54                        25     29       43
  SINCE JAN 1    392                       352     40      537
..................................................................


WIND (MPH)
  HIGHEST WIND SPEED    18   HIGHEST WIND DIRECTION     S (200)
  HIGHEST GUST SPEED    27   HIGHEST GUST DIRECTION     S (190)
  AVERAGE WIND SPEED     9.5


SKY COVER
  AVERAGE SKY COVER 0.6



RELATIVE HUMIDITY (PERCENT)
 HIGHEST    65           600 AM
 LOWEST     32           300 PM
 AVERAGE    49

..........................................................


THE GLENS FALLS NY CLIMATE NORMALS FOR TODAY
                         NORMAL    RECORD    YEAR
 MAXIMUM TEMPERATURE (F)   45        70      1991
 MINIMUM TEMPERATURE (F)   26         7      1986


SUNRISE AND SUNSET
NOVEMBER 20 2014......SUNRISE   654 AM EST   SUNSET   426 PM EST
NOVEMBER 21 2014......SUNRISE   655 AM EST   SUNSET   425 PM EST


-  INDICATES NEGATIVE NUMBERS.
R  INDICATES RECORD WAS SET OR TIED.
MM INDICATES DATA IS MISSING.
T  INDICATES TRACE AMOUNT.




$$
