000
CDUS41 KALY 110623
CLIGFL


CLIMATE REPORT
NATIONAL WEATHER SERVICE ALBANY NY
222 AM EDT THU MAY 11 2017


...................................

...THE GLENS FALLS NY CLIMATE SUMMARY FOR MAY 10 2017...

CLIMATE NORMAL PERIOD 1981 TO 2010
CLIMATE RECORD PERIOD 1949 TO 2017


WEATHER ITEM   OBSERVED TIME   RECORD YEAR NORMAL DEPARTURE LAST
                VALUE   (LST)  VALUE       VALUE  FROM      YEAR
                                                  NORMAL
..................................................................
TEMPERATURE (F)
 YESTERDAY
  MAXIMUM         57    533 PM  88    1965  66     -9       68
  MINIMUM         41    501 AM  28    1966  41      0       30
  AVERAGE         49                        54     -5       49

PRECIPITATION (IN)
  YESTERDAY        0.00          1.45 1990   0.12  -0.12     0.00
  MONTH TO DATE    2.43                      1.14   1.29     1.36
  SINCE MAR 1      8.27                      7.08   1.19     5.10
  SINCE JAN 1     12.96                     12.02   0.94     9.89

DEGREE DAYS
 HEATING
  YESTERDAY       16                        12      4       16
  MONTH TO DATE  144                       131     13      142
  SINCE MAR 1   1656                      1787   -131     1589
  SINCE JUL 1   6178                      7407  -1229     5769

 COOLING
  YESTERDAY        0                         0      0        0
  MONTH TO DATE    0                         0      0        0
  SINCE MAR 1      6                         1      5        0
  SINCE JAN 1      6                         1      5        0
..................................................................


WIND (MPH)
  HIGHEST WIND SPEED    14   HIGHEST WIND DIRECTION    NE (40)
  HIGHEST GUST SPEED    17   HIGHEST GUST DIRECTION    NE (40)
  AVERAGE WIND SPEED     4.7


SKY COVER
  AVERAGE SKY COVER 1.0



RELATIVE HUMIDITY (PERCENT)
 HIGHEST    79           500 AM
 LOWEST     36           500 PM
 AVERAGE    58

..........................................................


THE GLENS FALLS NY CLIMATE NORMALS FOR TODAY
                         NORMAL    RECORD    YEAR
 MAXIMUM TEMPERATURE (F)   67        90      1993
 MINIMUM TEMPERATURE (F)   41        22      1966


SUNRISE AND SUNSET
MAY 11 2017...........SUNRISE   534 AM EDT   SUNSET   808 PM EDT
MAY 12 2017...........SUNRISE   533 AM EDT   SUNSET   809 PM EDT


-  INDICATES NEGATIVE NUMBERS.
R  INDICATES RECORD WAS SET OR TIED.
MM INDICATES DATA IS MISSING.
T  INDICATES TRACE AMOUNT.




$$
