000
CDUS41 KALY 020629
CLIGFL


CLIMATE REPORT
NATIONAL WEATHER SERVICE ALBANY NY
228 AM EDT WED JUL 2 2014


...................................

...THE GLENS FALLS NY CLIMATE SUMMARY FOR JULY 1 2014...

CLIMATE NORMAL PERIOD 1981 TO 2010
CLIMATE RECORD PERIOD 1949 TO 2014


WEATHER ITEM   OBSERVED TIME   RECORD YEAR NORMAL DEPARTURE LAST
                VALUE   (LST)  VALUE       VALUE  FROM      YEAR
                                                  NORMAL
..................................................................
TEMPERATURE (F)
 YESTERDAY
  MAXIMUM         89    314 PM  93    1968  80      9       73
  MINIMUM         67   1245 AM  44    1978  56     11       64
  AVERAGE         78                        68     10       69

PRECIPITATION (IN)
  YESTERDAY        0.01          0.54 2005   0.12  -0.11     0.47
  MONTH TO DATE    0.01                      0.12  -0.11     0.47
  SINCE JUN 1      4.41                      3.67   0.74     6.16
  SINCE JAN 1     17.52                     18.16  -0.64    18.09

DEGREE DAYS
 HEATING
  YESTERDAY        0                         1     -1        0
  MONTH TO DATE    0                         1     -1        0
  SINCE JUN 1     32                        91    -59       89
  SINCE JUL 1      0                         1     -1        0

 COOLING
  YESTERDAY       13                         4      9        4
  MONTH TO DATE   13                         4      9        4
  SINCE JUN 1     87                        73     14      104
  SINCE JAN 1    107                        85     22      137
..................................................................


WIND (MPH)
  HIGHEST WIND SPEED    21   HIGHEST WIND DIRECTION     S (190)
  HIGHEST GUST SPEED    27   HIGHEST GUST DIRECTION    SW (240)
  AVERAGE WIND SPEED     7.6


SKY COVER
  AVERAGE SKY COVER 0.2



RELATIVE HUMIDITY (PERCENT)
 HIGHEST    93           100 AM
 LOWEST     59           100 PM
 AVERAGE    76

..........................................................


THE GLENS FALLS NY CLIMATE NORMALS FOR TODAY
                         NORMAL    RECORD    YEAR
 MAXIMUM TEMPERATURE (F)   80        93      2002
 MINIMUM TEMPERATURE (F)   56        41      1978


SUNRISE AND SUNSET
JULY  2 2014..........SUNRISE   518 AM EDT   SUNSET   838 PM EDT
JULY  3 2014..........SUNRISE   519 AM EDT   SUNSET   838 PM EDT


-  INDICATES NEGATIVE NUMBERS.
R  INDICATES RECORD WAS SET OR TIED.
MM INDICATES DATA IS MISSING.
T  INDICATES TRACE AMOUNT.




$$
