478
CDUS41 KALY 162045
CLIGFL


CLIMATE REPORT
NATIONAL WEATHER SERVICE ALBANY NY
444 PM EDT SUN JUL 16 2017


...................................

...THE GLENS FALLS NY CLIMATE SUMMARY FOR JULY 16 2017...
VALID TODAY AS OF 0400 PM LOCAL TIME.

CLIMATE NORMAL PERIOD 1981 TO 2010
CLIMATE RECORD PERIOD 1949 TO 2017


WEATHER ITEM   OBSERVED TIME   RECORD YEAR NORMAL DEPARTURE LAST
                VALUE   (LST)  VALUE       VALUE  FROM      YEAR
                                                  NORMAL
..................................................................
TEMPERATURE (F)
 TODAY
  MAXIMUM         81    333 PM  95    1983  81      0       83
  MINIMUM         57    449 AM  43    1966  57      0       61
  AVERAGE         69                        69      0       72

PRECIPITATION (IN)
  TODAY            0.00          1.00 2003   0.13  -0.13     0.00
  MONTH TO DATE    4.33                      2.04   2.29     2.95
  SINCE JUN 1      8.07                      5.59   2.48     6.06
  SINCE JAN 1     24.41                     20.08   4.33    17.68

DEGREE DAYS
 HEATING
  TODAY            0                         1     -1        0
  MONTH TO DATE    3                        16    -13        0
  SINCE JUN 1     96                       106    -10       44
  SINCE JUL 1      3                        16    -13        0

 COOLING
  TODAY            4                         5     -1        7
  MONTH TO DATE   69                        72     -3      103
  SINCE JUN 1    157                       141     16      206
  SINCE JAN 1    178                       153     25      262
..................................................................


WIND (MPH)
  HIGHEST WIND SPEED    15   HIGHEST WIND DIRECTION     S (160)
  HIGHEST GUST SPEED    20   HIGHEST GUST DIRECTION    SE (140)
  AVERAGE WIND SPEED     4.6


SKY COVER
  AVERAGE SKY COVER 0.2



RELATIVE HUMIDITY (PERCENT)
 HIGHEST   100           400 AM
 LOWEST     58           100 PM
 AVERAGE    79

..........................................................


THE GLENS FALLS NY CLIMATE NORMALS FOR TOMORROW
                         NORMAL    RECORD    YEAR
 MAXIMUM TEMPERATURE (F)   81        99      1953
 MINIMUM TEMPERATURE (F)   57        46      1954


SUNRISE AND SUNSET
JULY 16 2017..........SUNRISE   529 AM EDT   SUNSET   832 PM EDT
JULY 17 2017..........SUNRISE   530 AM EDT   SUNSET   831 PM EDT


-  INDICATES NEGATIVE NUMBERS.
R  INDICATES RECORD WAS SET OR TIED.
MM INDICATES DATA IS MISSING.
T  INDICATES TRACE AMOUNT.




$$
