122
CDUS41 KALY 190629
CLIGFL


CLIMATE REPORT
NATIONAL WEATHER SERVICE ALBANY NY
229 AM EDT MON SEP 19 2016


...................................

...THE GLENS FALLS NY CLIMATE SUMMARY FOR SEPTEMBER 18 2016...

CLIMATE NORMAL PERIOD 1981 TO 2010
CLIMATE RECORD PERIOD 1949 TO 2016


WEATHER ITEM   OBSERVED TIME   RECORD YEAR NORMAL DEPARTURE LAST
                VALUE   (LST)  VALUE       VALUE  FROM      YEAR
                                                  NORMAL
..................................................................
TEMPERATURE (F)
 YESTERDAY
  MAXIMUM         77    202 PM  83    2015  70      7       83
  MINIMUM         66    919 PM  32    1950  46     20       53
  AVERAGE         72                        58     14       68

PRECIPITATION (IN)
  YESTERDAY        0.16          2.29 2012   0.12   0.04     0.00
  MONTH TO DATE    0.78                      1.92  -1.14     1.61
  SINCE SEP 1      0.78                      1.92  -1.14     1.61
  SINCE JAN 1     21.38                     27.73  -6.35    19.13

DEGREE DAYS
 HEATING
  YESTERDAY        0                         8     -8        0
  MONTH TO DATE   27                        95    -68        4
  SINCE SEP 1     27                        95    -68        4
  SINCE JUL 1     33                       161   -128       17

 COOLING
  YESTERDAY        7                         1      6        3
  MONTH TO DATE   50                        23     27       90
  SINCE SEP 1     50                        23     27       90
  SINCE JAN 1    635                       350    285      589
..................................................................


WIND (MPH)
  HIGHEST WIND SPEED    13   HIGHEST WIND DIRECTION     S (180)
  HIGHEST GUST SPEED    17   HIGHEST GUST DIRECTION    SW (210)
  AVERAGE WIND SPEED     5.2


SKY COVER
  AVERAGE SKY COVER 0.7



RELATIVE HUMIDITY (PERCENT)
 HIGHEST    93           800 PM
 LOWEST     69           200 PM
 AVERAGE    81

..........................................................


THE GLENS FALLS NY CLIMATE NORMALS FOR TODAY
                         NORMAL    RECORD    YEAR
 MAXIMUM TEMPERATURE (F)   69        85      1983
 MINIMUM TEMPERATURE (F)   45        31      1995


SUNRISE AND SUNSET
SEPTEMBER 19 2016.....SUNRISE   639 AM EDT   SUNSET   656 PM EDT
SEPTEMBER 20 2016.....SUNRISE   640 AM EDT   SUNSET   655 PM EDT


-  INDICATES NEGATIVE NUMBERS.
R  INDICATES RECORD WAS SET OR TIED.
MM INDICATES DATA IS MISSING.
T  INDICATES TRACE AMOUNT.




$$
