000
CDUS41 KALY 210623
CLIGFL


CLIMATE REPORT
NATIONAL WEATHER SERVICE ALBANY NY
222 AM EDT THU JUL 21 2016


...................................

...THE GLENS FALLS NY CLIMATE SUMMARY FOR JULY 20 2016...

CLIMATE NORMAL PERIOD 1981 TO 2010
CLIMATE RECORD PERIOD 1949 TO 2016


WEATHER ITEM   OBSERVED TIME   RECORD YEAR NORMAL DEPARTURE LAST
                VALUE   (LST)  VALUE       VALUE  FROM      YEAR
                                                  NORMAL
..................................................................
TEMPERATURE (F)
 YESTERDAY
  MAXIMUM         81    410 PM  94    1991  81      0       88
  MINIMUM         50    435 AM  45    1965  57     -7       67
  AVERAGE         66                        69     -3       78

PRECIPITATION (IN)
  YESTERDAY        0.00          0.66 1953   0.13  -0.13     0.00
  MONTH TO DATE    3.25                      2.58   0.67     0.77
  SINCE JUN 1      6.36                      6.13   0.23     6.99
  SINCE JAN 1     17.98                     20.62  -2.64    14.30

DEGREE DAYS
 HEATING
  YESTERDAY        0                         1     -1        0
  MONTH TO DATE    0                        20    -20       11
  SINCE JUN 1     44                       110    -66       90
  SINCE JUL 1      0                        20    -20       11

 COOLING
  YESTERDAY        1                         5     -4       13
  MONTH TO DATE  121                        92     29      101
  SINCE JUN 1    224                       161     63      167
  SINCE JAN 1    280                       173    107      243
..................................................................


WIND (MPH)
  HIGHEST WIND SPEED    10   HIGHEST WIND DIRECTION     S (200)
  HIGHEST GUST SPEED    13   HIGHEST GUST DIRECTION     S (200)
  AVERAGE WIND SPEED     2.6


SKY COVER
  AVERAGE SKY COVER 0.0



RELATIVE HUMIDITY (PERCENT)
 HIGHEST    93           100 AM
 LOWEST     36           400 PM
 AVERAGE    65

..........................................................


THE GLENS FALLS NY CLIMATE NORMALS FOR TODAY
                         NORMAL    RECORD    YEAR
 MAXIMUM TEMPERATURE (F)   81        96      2011
 MINIMUM TEMPERATURE (F)   57        40      1966


SUNRISE AND SUNSET
JULY 21 2016..........SUNRISE   534 AM EDT   SUNSET   827 PM EDT
JULY 22 2016..........SUNRISE   535 AM EDT   SUNSET   827 PM EDT


-  INDICATES NEGATIVE NUMBERS.
R  INDICATES RECORD WAS SET OR TIED.
MM INDICATES DATA IS MISSING.
T  INDICATES TRACE AMOUNT.




$$
