000
CDUS41 KALY 120623
CLIGFL


CLIMATE REPORT
NATIONAL WEATHER SERVICE ALBANY NY
222 AM EDT WED APR 12 2017


...................................

...THE GLENS FALLS NY CLIMATE SUMMARY FOR APRIL 11 2017...

CLIMATE NORMAL PERIOD 1981 TO 2010
CLIMATE RECORD PERIOD 1949 TO 2017


WEATHER ITEM   OBSERVED TIME   RECORD YEAR NORMAL DEPARTURE LAST
                VALUE   (LST)  VALUE       VALUE  FROM      YEAR
                                                  NORMAL
..................................................................
TEMPERATURE (F)
 YESTERDAY
  MAXIMUM         85R   150 PM  79    2011  55     30       47
  MINIMUM         44    419 AM   9    1974  31     13       38
  AVERAGE         65                        43     22       43

PRECIPITATION (IN)
  YESTERDAY        0.04          0.86 1992   0.10  -0.06     0.18
  MONTH TO DATE    2.27                      1.07   1.20     0.74
  SINCE MAR 1      4.81                      4.01   0.80     3.02
  SINCE JAN 1      9.50                      8.95   0.55     7.81

DEGREE DAYS
 HEATING
  YESTERDAY        0                        22    -22       22
  MONTH TO DATE  205                       268    -63      314
  SINCE MAR 1   1273                      1311    -38     1128
  SINCE JUL 1   5795                      6931  -1136     5308

 COOLING
  YESTERDAY        0                         0      0        0
  MONTH TO DATE    0                         0      0        0
  SINCE MAR 1      0                         0      0        0
  SINCE JAN 1      0                         0      0        0
..................................................................


WIND (MPH)
  HIGHEST WIND SPEED    29   HIGHEST WIND DIRECTION    NW (300)
  HIGHEST GUST SPEED    43   HIGHEST GUST DIRECTION     W (280)
  AVERAGE WIND SPEED     5.8


SKY COVER
  AVERAGE SKY COVER 0.3



RELATIVE HUMIDITY (PERCENT)
 HIGHEST    89          1100 PM
 LOWEST     26           300 PM
 AVERAGE    58

..........................................................


THE GLENS FALLS NY CLIMATE NORMALS FOR TODAY
                         NORMAL    RECORD    YEAR
 MAXIMUM TEMPERATURE (F)   55        73      2006
 MINIMUM TEMPERATURE (F)   31        18      1989


SUNRISE AND SUNSET
APRIL 12 2017.........SUNRISE   617 AM EDT   SUNSET   734 PM EDT
APRIL 13 2017.........SUNRISE   615 AM EDT   SUNSET   735 PM EDT


-  INDICATES NEGATIVE NUMBERS.
R  INDICATES RECORD WAS SET OR TIED.
MM INDICATES DATA IS MISSING.
T  INDICATES TRACE AMOUNT.




$$
