310
CDUS41 KALY 110625
CLIGFL


CLIMATE REPORT
NATIONAL WEATHER SERVICE ALBANY NY
224 AM EDT FRI AUG 11 2017


...................................

...THE GLENS FALLS NY CLIMATE SUMMARY FOR AUGUST 10 2017...

CLIMATE NORMAL PERIOD 1981 TO 2010
CLIMATE RECORD PERIOD 1949 TO 2017


WEATHER ITEM   OBSERVED TIME   RECORD YEAR NORMAL DEPARTURE LAST
                VALUE   (LST)  VALUE       VALUE  FROM      YEAR
                                                  NORMAL
..................................................................
TEMPERATURE (F)
 YESTERDAY
  MAXIMUM         84    306 PM  97    1949  80      4       82
  MINIMUM         54    525 AM  44    1999  56     -2       63
  AVERAGE         69                        68      1       73

PRECIPITATION (IN)
  YESTERDAY        0.00          1.82 1953   0.13  -0.13     0.24
  MONTH TO DATE    0.71                      1.31  -0.60     1.33
  SINCE JUN 1      9.99                      8.95   1.04     8.17
  SINCE JAN 1     26.33                     23.44   2.89    19.79

DEGREE DAYS
 HEATING
  YESTERDAY        0                         1     -1        0
  MONTH TO DATE    1                        10     -9        0
  SINCE JUN 1    106                       121    -15       44
  SINCE JUL 1     13                        31    -18        0

 COOLING
  YESTERDAY        4                         4      0        8
  MONTH TO DATE   39                        40     -1       65
  SINCE JUN 1    251                       248      3      383
  SINCE JAN 1    272                       260     12      439
..................................................................


WIND (MPH)
  HIGHEST WIND SPEED    12   HIGHEST WIND DIRECTION    SE (150)
  HIGHEST GUST SPEED    14   HIGHEST GUST DIRECTION     S (160)
  AVERAGE WIND SPEED     2.6


SKY COVER
  AVERAGE SKY COVER 0.3



RELATIVE HUMIDITY (PERCENT)
 HIGHEST   100           300 AM
 LOWEST     43           300 PM
 AVERAGE    72

..........................................................


THE GLENS FALLS NY CLIMATE NORMALS FOR TODAY
                         NORMAL    RECORD    YEAR
 MAXIMUM TEMPERATURE (F)   80        91      2002
 MINIMUM TEMPERATURE (F)   56        43      1976


SUNRISE AND SUNSET
AUGUST 11 2017........SUNRISE   555 AM EDT   SUNSET   803 PM EDT
AUGUST 12 2017........SUNRISE   557 AM EDT   SUNSET   801 PM EDT


-  INDICATES NEGATIVE NUMBERS.
R  INDICATES RECORD WAS SET OR TIED.
MM INDICATES DATA IS MISSING.
T  INDICATES TRACE AMOUNT.




$$
