000
CDUS41 KALY 130627
CLIGFL


CLIMATE REPORT
NATIONAL WEATHER SERVICE ALBANY NY
226 AM EDT MON OCT 13 2014


...................................

...THE GLENS FALLS NY CLIMATE SUMMARY FOR OCTOBER 12 2014...

CLIMATE NORMAL PERIOD 1981 TO 2010
CLIMATE RECORD PERIOD 1949 TO 2014


WEATHER ITEM   OBSERVED TIME   RECORD YEAR NORMAL DEPARTURE LAST
                VALUE   (LST)  VALUE       VALUE  FROM      YEAR
                                                  NORMAL
..................................................................
TEMPERATURE (F)
 YESTERDAY
  MAXIMUM         59    234 PM  83    1954  60     -1       73
  MINIMUM         30    621 AM  22    1956  36     -6       36
  AVERAGE         45                        48     -3       55

PRECIPITATION (IN)
  YESTERDAY        0.00          0.63 1983   0.12  -0.12     0.00
  MONTH TO DATE    1.10                      1.39  -0.29     0.95
  SINCE SEP 1      2.23                      4.77  -2.54     3.38
  SINCE JAN 1     28.27                     30.58  -2.31    28.65

DEGREE DAYS
 HEATING
  YESTERDAY       20                        17      3       10
  MONTH TO DATE  130                       181    -51      120
  SINCE SEP 1    307                       400    -93      367
  SINCE JUL 1    322                       466   -144      405

 COOLING
  YESTERDAY        0                         0      0        0
  MONTH TO DATE    0                         0      0        0
  SINCE SEP 1     47                        24     23       43
  SINCE JAN 1    385                       351     34      537
..................................................................


WIND (MPH)
  HIGHEST WIND SPEED     9   HIGHEST WIND DIRECTION    SE (120)
  HIGHEST GUST SPEED    13   HIGHEST GUST DIRECTION    SE (120)
  AVERAGE WIND SPEED     1.6


SKY COVER
  AVERAGE SKY COVER 0.1



RELATIVE HUMIDITY (PERCENT)
 HIGHEST    96           200 AM
 LOWEST     43           300 PM
 AVERAGE    70

..........................................................


THE GLENS FALLS NY CLIMATE NORMALS FOR TODAY
                         NORMAL    RECORD    YEAR
 MAXIMUM TEMPERATURE (F)   59        81      1995
 MINIMUM TEMPERATURE (F)   36        22      2012


SUNRISE AND SUNSET
OCTOBER 13 2014.......SUNRISE   706 AM EDT   SUNSET   615 PM EDT
OCTOBER 14 2014.......SUNRISE   707 AM EDT   SUNSET   613 PM EDT


-  INDICATES NEGATIVE NUMBERS.
R  INDICATES RECORD WAS SET OR TIED.
MM INDICATES DATA IS MISSING.
T  INDICATES TRACE AMOUNT.




$$
