000
CDUS41 KALY 250622
CLIGFL


CLIMATE REPORT
NATIONAL WEATHER SERVICE ALBANY NY
121 AM EST SUN JAN 25 2015


...................................

...THE GLENS FALLS NY CLIMATE SUMMARY FOR JANUARY 24 2015...

CLIMATE NORMAL PERIOD 1981 TO 2010
CLIMATE RECORD PERIOD 1949 TO 2015


WEATHER ITEM   OBSERVED TIME   RECORD YEAR NORMAL DEPARTURE LAST
                VALUE   (LST)  VALUE       VALUE  FROM      YEAR
                                                  NORMAL
..................................................................
TEMPERATURE (F)
 YESTERDAY
  MAXIMUM         33    412 PM  51    1999  29      4       16
  MINIMUM         12   1224 AM -30    2011   7      5      -11
  AVERAGE         23                        18      5        3

PRECIPITATION (IN)
  YESTERDAY        T             1.33 1953   0.09  -0.09     0.00
  MONTH TO DATE    1.39                      2.23  -0.84     1.91
  SINCE DEC 1      5.47                      5.28   0.19     4.30
  SINCE JAN 1      1.39                      2.23  -0.84     1.91

DEGREE DAYS
 HEATING
  YESTERDAY       42                        47     -5       62
  MONTH TO DATE 1169                      1131     38     1144
  SINCE DEC 1   2240                      2371   -131     2404
  SINCE JUL 1   3701                      4069   -368     4083

 COOLING
  YESTERDAY        0                         0      0        0
  MONTH TO DATE    0                         0      0        0
  SINCE DEC 1      0                         0      0        0
  SINCE JAN 1      0                         0      0        0
..................................................................


WIND (MPH)
  HIGHEST WIND SPEED     8   HIGHEST WIND DIRECTION     S (200)
  HIGHEST GUST SPEED    10   HIGHEST GUST DIRECTION    SW (210)
  AVERAGE WIND SPEED     1.2


SKY COVER
  AVERAGE SKY COVER 0.6



RELATIVE HUMIDITY (PERCENT)
 HIGHEST    96           600 PM
 LOWEST     69           400 PM
 AVERAGE    83

..........................................................


THE GLENS FALLS NY CLIMATE NORMALS FOR TODAY
                         NORMAL    RECORD    YEAR
 MAXIMUM TEMPERATURE (F)   29        54      2010
 MINIMUM TEMPERATURE (F)    7       -23      2004


SUNRISE AND SUNSET
JANUARY 25 2015.......SUNRISE   717 AM EST   SUNSET   457 PM EST
JANUARY 26 2015.......SUNRISE   716 AM EST   SUNSET   458 PM EST


-  INDICATES NEGATIVE NUMBERS.
R  INDICATES RECORD WAS SET OR TIED.
MM INDICATES DATA IS MISSING.
T  INDICATES TRACE AMOUNT.




$$
