000
CDUS41 KALY 042142
CLIGFL


CLIMATE REPORT
NATIONAL WEATHER SERVICE ALBANY NY
442 PM EST WED JAN 4 2017


...................................

...THE GLENS FALLS NY CLIMATE SUMMARY FOR JANUARY 4 2017...
VALID TODAY AS OF 0400 PM LOCAL TIME.

CLIMATE NORMAL PERIOD 1981 TO 2010
CLIMATE RECORD PERIOD 1949 TO 2017


WEATHER ITEM   OBSERVED TIME   RECORD YEAR NORMAL DEPARTURE LAST
                VALUE   (LST)  VALUE       VALUE  FROM      YEAR
                                                  NORMAL
..................................................................
TEMPERATURE (F)
 TODAY
  MAXIMUM         45    137 PM  63    1950  29     16       29
  MINIMUM         34    637 AM -31    1981   9     25        6
  AVERAGE         40                        19     21       18

PRECIPITATION (IN)
  TODAY            0.09          1.47 1982   0.09   0.00      T
  MONTH TO DATE    0.49                      0.36   0.13     0.01
  SINCE DEC 1      3.36                      3.41  -0.05     4.06
  SINCE JAN 1      0.49                      0.36   0.13     0.01

DEGREE DAYS
 HEATING
  TODAY           25                        46    -21       47
  MONTH TO DATE  133                       183    -50      141
  SINCE DEC 1   1278                      1423   -145      964
  SINCE JUL 1   2594                      3121   -527     2255

 COOLING
  TODAY            0                         0      0        0
  MONTH TO DATE    0                         0      0        0
  SINCE DEC 1      0                         0      0        0
  SINCE JAN 1      0                         0      0        0
..................................................................


WIND (MPH)
  HIGHEST WIND SPEED    20   HIGHEST WIND DIRECTION     W (250)
  HIGHEST GUST SPEED    29   HIGHEST GUST DIRECTION     W (250)
  AVERAGE WIND SPEED     6.3


SKY COVER
  AVERAGE SKY COVER 0.8



RELATIVE HUMIDITY (PERCENT)
 HIGHEST    92           700 AM
 LOWEST     53           300 PM
 AVERAGE    73

..........................................................


THE GLENS FALLS NY CLIMATE NORMALS FOR TOMORROW
                         NORMAL    RECORD    YEAR
 MAXIMUM TEMPERATURE (F)   29        62      1950
 MINIMUM TEMPERATURE (F)    9       -23      1996


SUNRISE AND SUNSET
JANUARY  4 2017.......SUNRISE   727 AM EST   SUNSET   432 PM EST
JANUARY  5 2017.......SUNRISE   727 AM EST   SUNSET   433 PM EST


-  INDICATES NEGATIVE NUMBERS.
R  INDICATES RECORD WAS SET OR TIED.
MM INDICATES DATA IS MISSING.
T  INDICATES TRACE AMOUNT.




$$
