000
CDUS41 KALY 010626
CLIGFL


CLIMATE REPORT
NATIONAL WEATHER SERVICE ALBANY NY
125 AM EST MON FEB 1 2016


...................................

...THE GLENS FALLS NY CLIMATE SUMMARY FOR JANUARY 31 2016...

CLIMATE NORMAL PERIOD 1981 TO 2010
CLIMATE RECORD PERIOD 1949 TO 2016


WEATHER ITEM   OBSERVED TIME   RECORD YEAR NORMAL DEPARTURE LAST
                VALUE   (LST)  VALUE       VALUE  FROM      YEAR
                                                  NORMAL
..................................................................
TEMPERATURE (F)
 YESTERDAY
  MAXIMUM         MM        MM  53    2013  30     MM       17
  MINIMUM         MM        MM -17    1999   7     MM       -9
  AVERAGE         MM                        18     MM        4

PRECIPITATION (IN)
  YESTERDAY        0.00          1.39 1982   0.09  -0.09     0.00
  MONTH TO DATE    1.06                      2.86  -1.80     1.49
  SINCE DEC 1      5.11                      5.91  -0.80     5.57
  SINCE JAN 1      1.06                      2.86  -1.80     1.49

DEGREE DAYS
 HEATING
  YESTERDAY       MM                        47     MM       61
  MONTH TO DATE 1065                      1460   -395     1539
  SINCE DEC 1   1888                      2698   -810     2610
  SINCE JUL 1   3179                      4396  -1217     4071

 COOLING
  YESTERDAY       MM                         0     MM        0
  MONTH TO DATE    0                         0      0        0
  SINCE DEC 1      0                         0      0        0
  SINCE JAN 1      0                         0      0        0
..................................................................


WIND (MPH)
  HIGHEST WIND SPEED     8   HIGHEST WIND DIRECTION    SW (210)
  HIGHEST GUST SPEED    10   HIGHEST GUST DIRECTION    SW (220)
  AVERAGE WIND SPEED     4.8


SKY COVER
  AVERAGE SKY COVER 0.4



RELATIVE HUMIDITY (PERCENT)
 HIGHEST    MM
 LOWEST     MM
 AVERAGE    MM

..........................................................


THE GLENS FALLS NY CLIMATE NORMALS FOR TODAY
                         NORMAL    RECORD    YEAR
 MAXIMUM TEMPERATURE (F)   30        56      1989
 MINIMUM TEMPERATURE (F)    7       -20      1971


SUNRISE AND SUNSET
FEBRUARY  1 2016......SUNRISE   711 AM EST   SUNSET   506 PM EST
FEBRUARY  2 2016......SUNRISE   710 AM EST   SUNSET   507 PM EST


-  INDICATES NEGATIVE NUMBERS.
R  INDICATES RECORD WAS SET OR TIED.
MM INDICATES DATA IS MISSING.
T  INDICATES TRACE AMOUNT.




$$
