000
CDUS41 KALY 220627
CLIGFL


CLIMATE REPORT
NATIONAL WEATHER SERVICE ALBANY NY
126 AM EST TUE NOV 22 2016


...................................

...THE GLENS FALLS NY CLIMATE SUMMARY FOR NOVEMBER 21 2016...

CLIMATE NORMAL PERIOD 1981 TO 2010
CLIMATE RECORD PERIOD 1949 TO 2016


WEATHER ITEM   OBSERVED TIME   RECORD YEAR NORMAL DEPARTURE LAST
                VALUE   (LST)  VALUE       VALUE  FROM      YEAR
                                                  NORMAL
..................................................................
TEMPERATURE (F)
 YESTERDAY
  MAXIMUM         33   1156 AM  61    1956  44    -11       46
  MINIMUM         28    358 AM  11    1966  26      2       25
  AVERAGE         31                        35     -4       36

PRECIPITATION (IN)
  YESTERDAY        T             1.35 1954   0.11  -0.11     0.00
  MONTH TO DATE    2.28                      2.31  -0.03     1.01
  SINCE SEP 1      6.43                      9.20  -2.77     9.41
  SINCE JAN 1     27.59                     35.01  -7.42    26.93

DEGREE DAYS
 HEATING
  YESTERDAY       34                        30      4       29
  MONTH TO DATE  488                       556    -68      400
  SINCE SEP 1   1050                      1345   -295     1020
  SINCE JUL 1   1056                      1411   -355     1033

 COOLING
  YESTERDAY        0                         0      0        0
  MONTH TO DATE    0                         0      0        0
  SINCE SEP 1     58                        25     33       97
  SINCE JAN 1    643                       352    291      596
..................................................................


WIND (MPH)
  HIGHEST WIND SPEED    20   HIGHEST WIND DIRECTION     W (290)
  HIGHEST GUST SPEED    26   HIGHEST GUST DIRECTION     W (290)
  AVERAGE WIND SPEED     8.4


SKY COVER
  AVERAGE SKY COVER 1.0



RELATIVE HUMIDITY (PERCENT)
 HIGHEST    75           100 AM
 LOWEST     47          1200 PM
 AVERAGE    61

..........................................................


THE GLENS FALLS NY CLIMATE NORMALS FOR TODAY
                         NORMAL    RECORD    YEAR
 MAXIMUM TEMPERATURE (F)   44        68      1953
 MINIMUM TEMPERATURE (F)   26        10      1969


SUNRISE AND SUNSET
NOVEMBER 22 2016......SUNRISE   657 AM EST   SUNSET   424 PM EST
NOVEMBER 23 2016......SUNRISE   658 AM EST   SUNSET   423 PM EST


-  INDICATES NEGATIVE NUMBERS.
R  INDICATES RECORD WAS SET OR TIED.
MM INDICATES DATA IS MISSING.
T  INDICATES TRACE AMOUNT.




$$
