000
CDUS41 KALY 230623
CLIGFL


CLIMATE REPORT
NATIONAL WEATHER SERVICE ALBANY NY
222 AM EDT SUN AUG 23 2015


...................................

...THE GLENS FALLS NY CLIMATE SUMMARY FOR AUGUST 22 2015...

CLIMATE NORMAL PERIOD 1981 TO 2010
CLIMATE RECORD PERIOD 1949 TO 2015


WEATHER ITEM   OBSERVED TIME   RECORD YEAR NORMAL DEPARTURE LAST
                VALUE   (LST)  VALUE       VALUE  FROM      YEAR
                                                  NORMAL
..................................................................
TEMPERATURE (F)
 YESTERDAY
  MAXIMUM         81    422 PM  93    1976  78      3       66
  MINIMUM         60    710 AM  36    1982  54      6       62
  AVERAGE         71                        66      5       64

PRECIPITATION (IN)
  YESTERDAY        0.00          2.13 2010   0.10  -0.10     0.16
  MONTH TO DATE    1.77                      2.75  -0.98     2.20
  SINCE JUN 1     10.21                     10.39  -0.18    12.30
  SINCE JAN 1     17.52                     24.88  -7.36    25.41

DEGREE DAYS
 HEATING
  YESTERDAY        0                         2     -2        1
  MONTH TO DATE    1                        24    -23       13
  SINCE JUN 1     91                       135    -44       46
  SINCE JUL 1     12                        45    -33       14

 COOLING
  YESTERDAY        6                         3      3        0
  MONTH TO DATE  141                        82     59       56
  SINCE JUN 1    384                       290     94      289
  SINCE JAN 1    460                       302    158      309
..................................................................


WIND (MPH)
  HIGHEST WIND SPEED    12   HIGHEST WIND DIRECTION     N (340)
  HIGHEST GUST SPEED    14   HIGHEST GUST DIRECTION     N (360)
  AVERAGE WIND SPEED     3.7


SKY COVER
  AVERAGE SKY COVER 0.4



RELATIVE HUMIDITY (PERCENT)
 HIGHEST    90          1000 PM
 LOWEST     36           500 PM
 AVERAGE    63

..........................................................


THE GLENS FALLS NY CLIMATE NORMALS FOR TODAY
                         NORMAL    RECORD    YEAR
 MAXIMUM TEMPERATURE (F)   78        86      1972
 MINIMUM TEMPERATURE (F)   54        41      1988


SUNRISE AND SUNSET
AUGUST 23 2015........SUNRISE   608 AM EDT   SUNSET   745 PM EDT
AUGUST 24 2015........SUNRISE   609 AM EDT   SUNSET   744 PM EDT


-  INDICATES NEGATIVE NUMBERS.
R  INDICATES RECORD WAS SET OR TIED.
MM INDICATES DATA IS MISSING.
T  INDICATES TRACE AMOUNT.




$$
