000
CDUS41 KALY 180623
CLIGFL


CLIMATE REPORT
NATIONAL WEATHER SERVICE ALBANY NY
221 AM EDT WED MAR 18 2015


...................................

...THE GLENS FALLS NY CLIMATE SUMMARY FOR MARCH 17 2015...

CLIMATE NORMAL PERIOD 1981 TO 2010
CLIMATE RECORD PERIOD 1949 TO 2015


WEATHER ITEM   OBSERVED TIME   RECORD YEAR NORMAL DEPARTURE LAST
                VALUE   (LST)  VALUE       VALUE  FROM      YEAR
                                                  NORMAL
..................................................................
TEMPERATURE (F)
 YESTERDAY
  MAXIMUM         47   1216 PM  69    1990  43      4       24
  MINIMUM         26   1159 PM   2    2014  21      5        2
                                      1997
  AVERAGE         37                        32      5       13

PRECIPITATION (IN)
  YESTERDAY        0.02          1.57 1973   0.09  -0.07     0.00
  MONTH TO DATE    0.14                      1.58  -1.44     1.03
  SINCE MAR 1      0.14                      1.58  -1.44     1.03
  SINCE JAN 1      2.19                      6.52  -4.33     5.56

DEGREE DAYS
 HEATING
  YESTERDAY       28                        33     -5       52
  MONTH TO DATE  671                       622     49      796
  SINCE MAR 1    671                       622     49      796
  SINCE JUL 1   6352                      6242    110     6565

 COOLING
  YESTERDAY        0                         0      0        0
  MONTH TO DATE    0                         0      0        0
  SINCE MAR 1      0                         0      0        0
  SINCE JAN 1      0                         0      0        0
..................................................................


WIND (MPH)
  HIGHEST WIND SPEED    33   HIGHEST WIND DIRECTION    NW (330)
  HIGHEST GUST SPEED    46   HIGHEST GUST DIRECTION    NW (330)
  AVERAGE WIND SPEED     9.6


SKY COVER
  AVERAGE SKY COVER 0.7



RELATIVE HUMIDITY (PERCENT)
 HIGHEST    92           800 AM
 LOWEST     29           600 PM
 AVERAGE    61

..........................................................


THE GLENS FALLS NY CLIMATE NORMALS FOR TODAY
                         NORMAL    RECORD    YEAR
 MAXIMUM TEMPERATURE (F)   43        71      2012
 MINIMUM TEMPERATURE (F)   21       -11      1976


SUNRISE AND SUNSET
MARCH 18 2015.........SUNRISE   702 AM EDT   SUNSET   704 PM EDT
MARCH 19 2015.........SUNRISE   700 AM EDT   SUNSET   705 PM EDT


-  INDICATES NEGATIVE NUMBERS.
R  INDICATES RECORD WAS SET OR TIED.
MM INDICATES DATA IS MISSING.
T  INDICATES TRACE AMOUNT.




$$
