000
CDUS41 KALY 170622
CLIGFL


CLIMATE REPORT
NATIONAL WEATHER SERVICE ALBANY NY
122 AM EST SAT JAN 17 2015


...................................

...THE GLENS FALLS NY CLIMATE SUMMARY FOR JANUARY 16 2015...

CLIMATE NORMAL PERIOD 1981 TO 2010
CLIMATE RECORD PERIOD 1949 TO 2015


WEATHER ITEM   OBSERVED TIME   RECORD YEAR NORMAL DEPARTURE LAST
                VALUE   (LST)  VALUE       VALUE  FROM      YEAR
                                                  NORMAL
..................................................................
TEMPERATURE (F)
 YESTERDAY
  MAXIMUM         32   1120 AM  62    1995  28      4       35
  MINIMUM         -1   1025 PM -34    1994   7     -8       23
  AVERAGE         16                        17     -1       29

PRECIPITATION (IN)
  YESTERDAY        T             1.08 1959   0.09  -0.09     0.02
  MONTH TO DATE    0.86                      1.45  -0.59     1.90
  SINCE DEC 1      4.94                      4.50   0.44     4.29
  SINCE JAN 1      0.86                      1.45  -0.59     1.90

DEGREE DAYS
 HEATING
  YESTERDAY       49                        48      1       36
  MONTH TO DATE  799                       748     51      728
  SINCE DEC 1   1870                      1988   -118     1988
  SINCE JUL 1   3331                      3686   -355     3667

 COOLING
  YESTERDAY        0                         0      0        0
  MONTH TO DATE    0                         0      0        0
  SINCE DEC 1      0                         0      0        0
  SINCE JAN 1      0                         0      0        0
..................................................................


WIND (MPH)
  HIGHEST WIND SPEED    23   HIGHEST WIND DIRECTION     W (290)
  HIGHEST GUST SPEED    32   HIGHEST GUST DIRECTION    NW (300)
  AVERAGE WIND SPEED     9.5


SKY COVER
  AVERAGE SKY COVER 0.6



RELATIVE HUMIDITY (PERCENT)
 HIGHEST    81          1000 AM
 LOWEST     36           200 PM
 AVERAGE    59

..........................................................


THE GLENS FALLS NY CLIMATE NORMALS FOR TODAY
                         NORMAL    RECORD    YEAR
 MAXIMUM TEMPERATURE (F)   28        51      1973
 MINIMUM TEMPERATURE (F)    7       -26      1971


SUNRISE AND SUNSET
JANUARY 17 2015.......SUNRISE   723 AM EST   SUNSET   446 PM EST
JANUARY 18 2015.......SUNRISE   722 AM EST   SUNSET   448 PM EST


-  INDICATES NEGATIVE NUMBERS.
R  INDICATES RECORD WAS SET OR TIED.
MM INDICATES DATA IS MISSING.
T  INDICATES TRACE AMOUNT.




$$
