000
CDUS41 KALY 062154
CLIGFL


CLIMATE REPORT
NATIONAL WEATHER SERVICE ALBANY NY
453 PM EST MON FEB 6 2017


...................................

...THE GLENS FALLS NY CLIMATE SUMMARY FOR FEBRUARY 6 2017...
VALID TODAY AS OF 0400 PM LOCAL TIME.

CLIMATE NORMAL PERIOD 1981 TO 2010
CLIMATE RECORD PERIOD 1949 TO 2017


WEATHER ITEM   OBSERVED TIME   RECORD YEAR NORMAL DEPARTURE LAST
                VALUE   (LST)  VALUE       VALUE  FROM      YEAR
                                                  NORMAL
..................................................................
TEMPERATURE (F)
 TODAY
  MAXIMUM         34    214 PM  50    2012  31      3       40
  MINIMUM         20    759 AM -20    2015   8     12       18
  AVERAGE         27                        19      8       29

PRECIPITATION (IN)
  TODAY            0.00          0.80 2008   0.08  -0.08     0.00
  MONTH TO DATE    0.04                      0.47  -0.43     1.30
  SINCE DEC 1      5.09                      6.38  -1.29     6.41
  SINCE JAN 1      2.22                      3.33  -1.11     2.36

DEGREE DAYS
 HEATING
  TODAY           38                        46     -8       36
  MONTH TO DATE  230                       277    -47       96
  SINCE DEC 1   2483                      2975   -492     1984
  SINCE JUL 1   3799                      4673   -874     3275

 COOLING
  TODAY            0                         0      0        0
  MONTH TO DATE    0                         0      0        0
  SINCE DEC 1      0                         0      0        0
  SINCE JAN 1      0                         0      0        0
..................................................................


WIND (MPH)
  HIGHEST WIND SPEED    23   HIGHEST WIND DIRECTION     W (290)
  HIGHEST GUST SPEED    34   HIGHEST GUST DIRECTION     W (270)
  AVERAGE WIND SPEED     7.8


SKY COVER
  AVERAGE SKY COVER 0.5



RELATIVE HUMIDITY (PERCENT)
 HIGHEST    51           800 AM
 LOWEST     35           200 PM
 AVERAGE    43

..........................................................


THE GLENS FALLS NY CLIMATE NORMALS FOR TOMORROW
                         NORMAL    RECORD    YEAR
 MAXIMUM TEMPERATURE (F)   31        48      1951
 MINIMUM TEMPERATURE (F)    8       -26      1993


SUNRISE AND SUNSET
FEBRUARY  6 2017......SUNRISE   704 AM EST   SUNSET   513 PM EST
FEBRUARY  7 2017......SUNRISE   703 AM EST   SUNSET   515 PM EST


-  INDICATES NEGATIVE NUMBERS.
R  INDICATES RECORD WAS SET OR TIED.
MM INDICATES DATA IS MISSING.
T  INDICATES TRACE AMOUNT.




$$
