000
CDUS41 KALY 270623
CLIGFL


CLIMATE REPORT
NATIONAL WEATHER SERVICE ALBANY NY
222 AM EDT SAT JUN 27 2015


...................................

...THE GLENS FALLS NY CLIMATE SUMMARY FOR JUNE 26 2015...

CLIMATE NORMAL PERIOD 1981 TO 2010
CLIMATE RECORD PERIOD 1949 TO 2015


WEATHER ITEM   OBSERVED TIME   RECORD YEAR NORMAL DEPARTURE LAST
                VALUE   (LST)  VALUE       VALUE  FROM      YEAR
                                                  NORMAL
..................................................................
TEMPERATURE (F)
 YESTERDAY
  MAXIMUM         77    344 PM  95    1952  79     -2       80
  MINIMUM         52   1139 PM  38    1979  55     -3       59
  AVERAGE         65                        67     -2       70

PRECIPITATION (IN)
  YESTERDAY        0.00          2.87 2006   0.12  -0.12     0.12
  MONTH TO DATE    4.90                      3.08   1.82     4.40
  SINCE JUN 1      4.90                      3.08   1.82     4.40
  SINCE JAN 1     12.21                     17.57  -5.36    17.51

DEGREE DAYS
 HEATING
  YESTERDAY        0                         1     -1        0
  MONTH TO DATE   70                        85    -15       32
  SINCE JUN 1     70                        85    -15       32
  SINCE JUL 1   7667                      7671     -4     7929

 COOLING
  YESTERDAY        0                         3     -3        5
  MONTH TO DATE   66                        54     12       53
  SINCE JUN 1     66                        54     12       53
  SINCE JAN 1    142                        66     76       73
..................................................................


WIND (MPH)
  HIGHEST WIND SPEED    15   HIGHEST WIND DIRECTION    NE (50)
  HIGHEST GUST SPEED    20   HIGHEST GUST DIRECTION    NE (40)
  AVERAGE WIND SPEED     6.7


SKY COVER
  AVERAGE SKY COVER 0.5



RELATIVE HUMIDITY (PERCENT)
 HIGHEST    86          1100 PM
 LOWEST     33           400 PM
 AVERAGE    60

..........................................................


THE GLENS FALLS NY CLIMATE NORMALS FOR TODAY
                         NORMAL    RECORD    YEAR
 MAXIMUM TEMPERATURE (F)   79        92      2007
 MINIMUM TEMPERATURE (F)   55        41      2004


SUNRISE AND SUNSET
JUNE 27 2015..........SUNRISE   516 AM EDT   SUNSET   839 PM EDT
JUNE 28 2015..........SUNRISE   516 AM EDT   SUNSET   839 PM EDT


-  INDICATES NEGATIVE NUMBERS.
R  INDICATES RECORD WAS SET OR TIED.
MM INDICATES DATA IS MISSING.
T  INDICATES TRACE AMOUNT.




$$
