000
CDUS41 KALY 050627
CLIGFL


CLIMATE REPORT
NATIONAL WEATHER SERVICE ALBANY NY
126 AM EST MON FEB 5 2018


...................................

...THE GLENS FALLS NY CLIMATE SUMMARY FOR FEBRUARY 4 2018...

CLIMATE NORMAL PERIOD 1981 TO 2010
CLIMATE RECORD PERIOD 1949 TO 2018


WEATHER ITEM   OBSERVED TIME   RECORD YEAR NORMAL DEPARTURE LAST
                VALUE   (LST)  VALUE       VALUE  FROM      YEAR
                                                  NORMAL
..................................................................
TEMPERATURE (F)
 YESTERDAY
  MAXIMUM         31   1223 PM  54    1991  30      1       30
  MINIMUM         20    124 AM -22    1978   7     13       11
  AVERAGE         26                        19      7       21

PRECIPITATION (IN)
  YESTERDAY        0.74          1.27 1961   0.07   0.67     0.00
  MONTH TO DATE    0.76                      0.31   0.45     0.04
  SINCE DEC 1      5.35                      6.22  -0.87     5.09
  SINCE JAN 1      3.03                      3.17  -0.14     2.22

DEGREE DAYS
 HEATING
  YESTERDAY       39                        46     -7       44
  MONTH TO DATE  173                       185    -12      156
  SINCE DEC 1   2991                      2883    108     2409
  SINCE JUL 1   4402                      4581   -179     3725

 COOLING
  YESTERDAY        0                         0      0        0
  MONTH TO DATE    0                         0      0        0
  SINCE DEC 1      0                         0      0        0
  SINCE JAN 1      0                         0      0        0
..................................................................


WIND (MPH)
  HIGHEST WIND SPEED    20   HIGHEST WIND DIRECTION     S (190)
  HIGHEST GUST SPEED    27   HIGHEST GUST DIRECTION     S (180)
  AVERAGE WIND SPEED     6.4


SKY COVER
  AVERAGE SKY COVER 1.0



RELATIVE HUMIDITY (PERCENT)
 HIGHEST   100           900 AM
 LOWEST     55           400 AM
 AVERAGE    78

..........................................................


THE GLENS FALLS NY CLIMATE NORMALS FOR TODAY
                         NORMAL    RECORD    YEAR
 MAXIMUM TEMPERATURE (F)   31        51      1991
 MINIMUM TEMPERATURE (F)    8       -19      1978


SUNRISE AND SUNSET
FEBRUARY  5 2018......SUNRISE   706 AM EST   SUNSET   512 PM EST
FEBRUARY  6 2018......SUNRISE   704 AM EST   SUNSET   513 PM EST


-  INDICATES NEGATIVE NUMBERS.
R  INDICATES RECORD WAS SET OR TIED.
MM INDICATES DATA IS MISSING.
T  INDICATES TRACE AMOUNT.




$$
