000
CDUS41 KALY 180623
CLIGFL


CLIMATE REPORT
NATIONAL WEATHER SERVICE ALBANY NY
223 AM EDT SUN SEP 18 2016


...................................

...THE GLENS FALLS NY CLIMATE SUMMARY FOR SEPTEMBER 17 2016...

CLIMATE NORMAL PERIOD 1981 TO 2010
CLIMATE RECORD PERIOD 1949 TO 2016


WEATHER ITEM   OBSERVED TIME   RECORD YEAR NORMAL DEPARTURE LAST
                VALUE   (LST)  VALUE       VALUE  FROM      YEAR
                                                  NORMAL
..................................................................
TEMPERATURE (F)
 YESTERDAY
  MAXIMUM         78    323 PM  85    1972  70      8       83
  MINIMUM         44    553 AM  31    2007  46     -2       52
  AVERAGE         61                        58      3       68

PRECIPITATION (IN)
  YESTERDAY        T             1.26 1956   0.11  -0.11     0.00
  MONTH TO DATE    0.62                      1.80  -1.18     1.61
  SINCE SEP 1      0.62                      1.80  -1.18     1.61
  SINCE JAN 1     21.22                     27.61  -6.39    19.13

DEGREE DAYS
 HEATING
  YESTERDAY        4                         8     -4        0
  MONTH TO DATE   27                        87    -60        4
  SINCE SEP 1     27                        87    -60        4
  SINCE JUL 1     33                       153   -120       17

 COOLING
  YESTERDAY        0                         1     -1        3
  MONTH TO DATE   43                        22     21       87
  SINCE SEP 1     43                        22     21       87
  SINCE JAN 1    628                       349    279      586
..................................................................


WIND (MPH)
  HIGHEST WIND SPEED    18   HIGHEST WIND DIRECTION     S (190)
  HIGHEST GUST SPEED    25   HIGHEST GUST DIRECTION     S (180)
  AVERAGE WIND SPEED     7.4


SKY COVER
  AVERAGE SKY COVER 0.4



RELATIVE HUMIDITY (PERCENT)
 HIGHEST    93          1200 AM
 LOWEST     43           100 PM
 AVERAGE    68

..........................................................


THE GLENS FALLS NY CLIMATE NORMALS FOR TODAY
                         NORMAL    RECORD    YEAR
 MAXIMUM TEMPERATURE (F)   70        83      2015
 MINIMUM TEMPERATURE (F)   46        32      1950


SUNRISE AND SUNSET
SEPTEMBER 18 2016.....SUNRISE   638 AM EDT   SUNSET   658 PM EDT
SEPTEMBER 19 2016.....SUNRISE   639 AM EDT   SUNSET   656 PM EDT


-  INDICATES NEGATIVE NUMBERS.
R  INDICATES RECORD WAS SET OR TIED.
MM INDICATES DATA IS MISSING.
T  INDICATES TRACE AMOUNT.




$$
