000
CDUS41 KALY 070622
CLIGFL


CLIMATE REPORT
NATIONAL WEATHER SERVICE ALBANY NY
221 AM EDT SUN AUG 7 2016


...................................

...THE GLENS FALLS NY CLIMATE SUMMARY FOR AUGUST 6 2016...

CLIMATE NORMAL PERIOD 1981 TO 2010
CLIMATE RECORD PERIOD 1949 TO 2016


WEATHER ITEM   OBSERVED TIME   RECORD YEAR NORMAL DEPARTURE LAST
                VALUE   (LST)  VALUE       VALUE  FROM      YEAR
                                                  NORMAL
..................................................................
TEMPERATURE (F)
 YESTERDAY
  MAXIMUM         89    306 PM  90    1955  80      9       78
  MINIMUM         66   1157 PM  44    1951  57      9       52
  AVERAGE         78                        68     10       65

PRECIPITATION (IN)
  YESTERDAY        0.01          3.10 1990   0.13  -0.12     0.00
  MONTH TO DATE    1.09                      0.80   0.29     0.09
  SINCE JUN 1      7.93                      8.44  -0.51     8.53
  SINCE JAN 1     19.55                     22.93  -3.38    15.84

DEGREE DAYS
 HEATING
  YESTERDAY        0                         1     -1        0
  MONTH TO DATE    0                         6     -6        0
  SINCE JUN 1     44                       117    -73       90
  SINCE JUL 1      0                        27    -27       11

 COOLING
  YESTERDAY       13                         4      9        0
  MONTH TO DATE   42                        24     18       31
  SINCE JUN 1    360                       232    128      274
  SINCE JAN 1    416                       244    172      350
..................................................................


WIND (MPH)
  HIGHEST WIND SPEED    16   HIGHEST WIND DIRECTION    SW (240)
  HIGHEST GUST SPEED    24   HIGHEST GUST DIRECTION    SW (210)
  AVERAGE WIND SPEED     7.1


SKY COVER
  AVERAGE SKY COVER 0.4



RELATIVE HUMIDITY (PERCENT)
 HIGHEST    90           300 AM
 LOWEST     39           100 PM
 AVERAGE    65

..........................................................


THE GLENS FALLS NY CLIMATE NORMALS FOR TODAY
                         NORMAL    RECORD    YEAR
 MAXIMUM TEMPERATURE (F)   80        93      2001
 MINIMUM TEMPERATURE (F)   57        45      1951


SUNRISE AND SUNSET
AUGUST  7 2016........SUNRISE   551 AM EDT   SUNSET   808 PM EDT
AUGUST  8 2016........SUNRISE   552 AM EDT   SUNSET   807 PM EDT


-  INDICATES NEGATIVE NUMBERS.
R  INDICATES RECORD WAS SET OR TIED.
MM INDICATES DATA IS MISSING.
T  INDICATES TRACE AMOUNT.




$$
