000
CDUS41 KALY 060626
CLIGFL


CLIMATE REPORT
NATIONAL WEATHER SERVICE ALBANY NY
125 AM EST MON NOV 6 2017


...................................

...THE GLENS FALLS NY CLIMATE SUMMARY FOR NOVEMBER 5 2017...

CLIMATE NORMAL PERIOD 1981 TO 2010
CLIMATE RECORD PERIOD 1949 TO 2017


WEATHER ITEM   OBSERVED TIME   RECORD YEAR NORMAL DEPARTURE LAST
                VALUE   (LST)  VALUE       VALUE  FROM      YEAR
                                                  NORMAL
..................................................................
TEMPERATURE (F)
 YESTERDAY
  MAXIMUM         55   1159 PM  70    2015  51      4       57
  MINIMUM         31    520 AM  17    1991  30      1       27
  AVERAGE         43                        40      3       42

PRECIPITATION (IN)
  YESTERDAY        0.32          1.17 1984   0.11   0.21     0.13
  MONTH TO DATE    0.62                      0.56   0.06     0.75
  SINCE SEP 1      5.75                      7.45  -1.70     4.90
  SINCE JAN 1     32.88                     33.26  -0.38    26.06

DEGREE DAYS
 HEATING
  YESTERDAY       22                        25     -3       23
  MONTH TO DATE   99                       120    -21      103
  SINCE SEP 1    574                       909   -335      665
  SINCE JUL 1    641                       975   -334      671

 COOLING
  YESTERDAY        0                         0      0        0
  MONTH TO DATE    0                         0      0        0
  SINCE SEP 1     74                        25     49       58
  SINCE JAN 1    388                       352     36      643
..................................................................


WIND (MPH)
  HIGHEST WIND SPEED    14   HIGHEST WIND DIRECTION     S (190)
  HIGHEST GUST SPEED    20   HIGHEST GUST DIRECTION     S (190)
  AVERAGE WIND SPEED     3.2


SKY COVER
  AVERAGE SKY COVER 0.8



RELATIVE HUMIDITY (PERCENT)
 HIGHEST   100           200 AM
 LOWEST     66          1200 PM
 AVERAGE    83

..........................................................


THE GLENS FALLS NY CLIMATE NORMALS FOR TODAY
                         NORMAL    RECORD    YEAR
 MAXIMUM TEMPERATURE (F)   50        70      2015
                                             2005
 MINIMUM TEMPERATURE (F)   30        16      1951


SUNRISE AND SUNSET
NOVEMBER  6 2017......SUNRISE   636 AM EST   SUNSET   439 PM EST
NOVEMBER  7 2017......SUNRISE   638 AM EST   SUNSET   438 PM EST


-  INDICATES NEGATIVE NUMBERS.
R  INDICATES RECORD WAS SET OR TIED.
MM INDICATES DATA IS MISSING.
T  INDICATES TRACE AMOUNT.




$$
