000
CDUS41 KALY 130629
CLIGFL


CLIMATE REPORT
NATIONAL WEATHER SERVICE ALBANY NY
229 AM EDT WED JUL 13 2016


...................................

...THE GLENS FALLS NY CLIMATE SUMMARY FOR JULY 12 2016...

CLIMATE NORMAL PERIOD 1981 TO 2010
CLIMATE RECORD PERIOD 1949 TO 2016


WEATHER ITEM   OBSERVED TIME   RECORD YEAR NORMAL DEPARTURE LAST
                VALUE   (LST)  VALUE       VALUE  FROM      YEAR
                                                  NORMAL
..................................................................
TEMPERATURE (F)
 YESTERDAY
  MAXIMUM         83    515 PM  92    1983  81      2       85
  MINIMUM         53    455 AM  43    2002  57     -4       59
  AVERAGE         68                        69     -1       72

PRECIPITATION (IN)
  YESTERDAY        0.00          2.35 2006   0.14  -0.14     0.00
  MONTH TO DATE    2.83                      1.53   1.30     0.56
  SINCE JUN 1      5.94                      5.08   0.86     6.78
  SINCE JAN 1     17.56                     19.57  -2.01    14.09

DEGREE DAYS
 HEATING
  YESTERDAY        0                         1     -1        0
  MONTH TO DATE    0                        12    -12        6
  SINCE JUN 1     44                       102    -58       85
  SINCE JUL 1      0                        12    -12        6

 COOLING
  YESTERDAY        3                         5     -2        7
  MONTH TO DATE   60                        52      8       49
  SINCE JUN 1    163                       121     42      115
  SINCE JAN 1    219                       133     86      191
..................................................................


WIND (MPH)
  HIGHEST WIND SPEED    10   HIGHEST WIND DIRECTION     S (160)
  HIGHEST GUST SPEED    14   HIGHEST GUST DIRECTION     S (160)
  AVERAGE WIND SPEED     3.2


SKY COVER
  AVERAGE SKY COVER 0.0



RELATIVE HUMIDITY (PERCENT)
 HIGHEST    93          1200 AM
 LOWEST     42           100 PM
 AVERAGE    68

..........................................................


THE GLENS FALLS NY CLIMATE NORMALS FOR TODAY
                         NORMAL    RECORD    YEAR
 MAXIMUM TEMPERATURE (F)   81        94      1995
 MINIMUM TEMPERATURE (F)   57        46      2009


SUNRISE AND SUNSET
JULY 13 2016..........SUNRISE   527 AM EDT   SUNSET   834 PM EDT
JULY 14 2016..........SUNRISE   527 AM EDT   SUNSET   833 PM EDT


-  INDICATES NEGATIVE NUMBERS.
R  INDICATES RECORD WAS SET OR TIED.
MM INDICATES DATA IS MISSING.
T  INDICATES TRACE AMOUNT.




$$
