000
CDUS41 KALY 140622
CLIGFL


CLIMATE REPORT
NATIONAL WEATHER SERVICE ALBANY NY
221 AM EDT SAT OCT 14 2017


...................................

...THE GLENS FALLS NY CLIMATE SUMMARY FOR OCTOBER 13 2017...

CLIMATE NORMAL PERIOD 1981 TO 2010
CLIMATE RECORD PERIOD 1949 TO 2017


WEATHER ITEM   OBSERVED TIME   RECORD YEAR NORMAL DEPARTURE LAST
                VALUE   (LST)  VALUE       VALUE  FROM      YEAR
                                                  NORMAL
..................................................................
TEMPERATURE (F)
 YESTERDAY
  MAXIMUM         62    248 PM  81    1995  59      3       64
  MINIMUM         29    541 AM  22    2012  36     -7       42
  AVERAGE         46                        48     -2       53

PRECIPITATION (IN)
  YESTERDAY        0.00          0.59 1978   0.11  -0.11      T
  MONTH TO DATE    1.09                      1.50  -0.41     0.14
  SINCE SEP 1      3.41                      4.88  -1.47     1.35
  SINCE JAN 1     30.54                     30.69  -0.15    22.51

DEGREE DAYS
 HEATING
  YESTERDAY       19                        18      1       12
  MONTH TO DATE  127                       199    -72      137
  SINCE SEP 1    259                       418   -159      240
  SINCE JUL 1    326                       484   -158      246

 COOLING
  YESTERDAY        0                         0      0        0
  MONTH TO DATE    3                         0      3        0
  SINCE SEP 1     70                        24     46       55
  SINCE JAN 1    384                       351     33      640
..................................................................


WIND (MPH)
  HIGHEST WIND SPEED    10   HIGHEST WIND DIRECTION     S (190)
  HIGHEST GUST SPEED    15   HIGHEST GUST DIRECTION    SW (210)
  AVERAGE WIND SPEED     3.7


SKY COVER
  AVERAGE SKY COVER 0.7



RELATIVE HUMIDITY (PERCENT)
 HIGHEST   100          1200 AM
 LOWEST     48           200 PM
 AVERAGE    74

..........................................................


THE GLENS FALLS NY CLIMATE NORMALS FOR TODAY
                         NORMAL    RECORD    YEAR
 MAXIMUM TEMPERATURE (F)   59        78      2014
 MINIMUM TEMPERATURE (F)   35        19      1993


SUNRISE AND SUNSET
OCTOBER 14 2017.......SUNRISE   707 AM EDT   SUNSET   613 PM EDT
OCTOBER 15 2017.......SUNRISE   709 AM EDT   SUNSET   611 PM EDT


-  INDICATES NEGATIVE NUMBERS.
R  INDICATES RECORD WAS SET OR TIED.
MM INDICATES DATA IS MISSING.
T  INDICATES TRACE AMOUNT.




$$
