000
CDUS41 KALY 072151
CLIGFL


CLIMATE REPORT
NATIONAL WEATHER SERVICE ALBANY NY
450 PM EST TUE NOV 7 2017


...................................

...THE GLENS FALLS NY CLIMATE SUMMARY FOR NOVEMBER 7 2017...
VALID TODAY AS OF 0400 PM LOCAL TIME.

CLIMATE NORMAL PERIOD 1981 TO 2010
CLIMATE RECORD PERIOD 1949 TO 2017


WEATHER ITEM   OBSERVED TIME   RECORD YEAR NORMAL DEPARTURE LAST
                VALUE   (LST)  VALUE       VALUE  FROM      YEAR
                                                  NORMAL
..................................................................
TEMPERATURE (F)
 TODAY
  MAXIMUM         40   1203 AM  68    1975  50    -10       53
  MINIMUM         26    729 AM  17    2012  30     -4       25
  AVERAGE         33                        40     -7       39

PRECIPITATION (IN)
  TODAY            T             1.34 1968   0.11  -0.11     0.00
  MONTH TO DATE    0.70                      0.79  -0.09     0.77
  SINCE SEP 1      5.83                      7.68  -1.85     4.92
  SINCE JAN 1     32.96                     33.49  -0.53    26.08

DEGREE DAYS
 HEATING
  TODAY           32                        25      7       26
  MONTH TO DATE  146                       170    -24      151
  SINCE SEP 1    621                       959   -338      713
  SINCE JUL 1    688                      1025   -337      719

 COOLING
  TODAY            0                         0      0        0
  MONTH TO DATE    0                         0      0        0
  SINCE SEP 1     74                        25     49       58
  SINCE JAN 1    388                       352     36      643
..................................................................


WIND (MPH)
  HIGHEST WIND SPEED    13   HIGHEST WIND DIRECTION    NE (60)
  HIGHEST GUST SPEED    15   HIGHEST GUST DIRECTION    NE (50)
  AVERAGE WIND SPEED     3.5


SKY COVER
  AVERAGE SKY COVER 0.4



RELATIVE HUMIDITY (PERCENT)
 HIGHEST    92           400 AM
 LOWEST     70          1000 AM
 AVERAGE    81

..........................................................


THE GLENS FALLS NY CLIMATE NORMALS FOR TOMORROW
                         NORMAL    RECORD    YEAR
 MAXIMUM TEMPERATURE (F)   50        71      1996
 MINIMUM TEMPERATURE (F)   29        17      1967


SUNRISE AND SUNSET
NOVEMBER  7 2017......SUNRISE   638 AM EST   SUNSET   438 PM EST
NOVEMBER  8 2017......SUNRISE   639 AM EST   SUNSET   437 PM EST


-  INDICATES NEGATIVE NUMBERS.
R  INDICATES RECORD WAS SET OR TIED.
MM INDICATES DATA IS MISSING.
T  INDICATES TRACE AMOUNT.




$$
