000
CDUS41 KALY 100702
CLIGFL


CLIMATE REPORT
NATIONAL WEATHER SERVICE ALBANY NY
302 AM EDT FRI OCT 10 2014


...................................

...THE GLENS FALLS NY CLIMATE SUMMARY FOR OCTOBER 9 2014...

CLIMATE NORMAL PERIOD 1981 TO 2010
CLIMATE RECORD PERIOD 1949 TO 2014


WEATHER ITEM   OBSERVED TIME   RECORD YEAR NORMAL DEPARTURE LAST
                VALUE   (LST)  VALUE       VALUE  FROM      YEAR
                                                  NORMAL
..................................................................
TEMPERATURE (F)
 YESTERDAY
  MAXIMUM         62    135 PM  78    2011  61      1       65
  MINIMUM         41    929 PM  20    2001  37      4       32
  AVERAGE         52                        49      3       49

PRECIPITATION (IN)
  YESTERDAY        0.00          2.70 1976   0.11  -0.11     0.00
  MONTH TO DATE    1.10                      1.04   0.06     0.95
  SINCE SEP 1      2.23                      4.42  -2.19     3.38
  SINCE JAN 1     28.27                     30.23  -1.96    28.65

DEGREE DAYS
 HEATING
  YESTERDAY       13                        16     -3       16
  MONTH TO DATE   73                       131    -58       84
  SINCE SEP 1    250                       350   -100      331
  SINCE JUL 1    265                       416   -151      369

 COOLING
  YESTERDAY        0                         0      0        0
  MONTH TO DATE    0                         0      0        0
  SINCE SEP 1     47                        24     23       43
  SINCE JAN 1    385                       351     34      537
..................................................................


WIND (MPH)
  HIGHEST WIND SPEED    22   HIGHEST WIND DIRECTION    SW (240)
  HIGHEST GUST SPEED    30   HIGHEST GUST DIRECTION    SW (220)
  AVERAGE WIND SPEED     7.1


SKY COVER
  AVERAGE SKY COVER 0.5



RELATIVE HUMIDITY (PERCENT)
 HIGHEST    82           300 AM
 LOWEST     35           200 PM
 AVERAGE    59

..........................................................


THE GLENS FALLS NY CLIMATE NORMALS FOR TODAY
                         NORMAL    RECORD    YEAR
 MAXIMUM TEMPERATURE (F)   60        83      1949
 MINIMUM TEMPERATURE (F)   37        19      1980


SUNRISE AND SUNSET
OCTOBER 10 2014.......SUNRISE   702 AM EDT   SUNSET   620 PM EDT
OCTOBER 11 2014.......SUNRISE   703 AM EDT   SUNSET   618 PM EDT


-  INDICATES NEGATIVE NUMBERS.
R  INDICATES RECORD WAS SET OR TIED.
MM INDICATES DATA IS MISSING.
T  INDICATES TRACE AMOUNT.




$$
