000
CDUS41 KALY 090629
CLIGFL


CLIMATE REPORT
NATIONAL WEATHER SERVICE ALBANY NY
228 AM EDT TUE AUG 9 2016


...................................

...THE GLENS FALLS NY CLIMATE SUMMARY FOR AUGUST 8 2016...

CLIMATE NORMAL PERIOD 1981 TO 2010
CLIMATE RECORD PERIOD 1949 TO 2016


WEATHER ITEM   OBSERVED TIME   RECORD YEAR NORMAL DEPARTURE LAST
                VALUE   (LST)  VALUE       VALUE  FROM      YEAR
                                                  NORMAL
..................................................................
TEMPERATURE (F)
 YESTERDAY
  MAXIMUM         83    547 PM  94    2001  80      3       79
  MINIMUM         55    503 AM  44    2009  56     -1       56
  AVERAGE         69                        68      1       68

PRECIPITATION (IN)
  YESTERDAY        0.00          1.48 1975   0.12  -0.12     0.00
  MONTH TO DATE    1.09                      1.05   0.04     0.09
  SINCE JUN 1      7.93                      8.69  -0.76     8.53
  SINCE JAN 1     19.55                     23.18  -3.63    15.84

DEGREE DAYS
 HEATING
  YESTERDAY        0                         1     -1        0
  MONTH TO DATE    0                         8     -8        1
  SINCE JUN 1     44                       119    -75       91
  SINCE JUL 1      0                        29    -29       12

 COOLING
  YESTERDAY        4                         4      0        3
  MONTH TO DATE   52                        32     20       34
  SINCE JUN 1    370                       240    130      277
  SINCE JAN 1    426                       252    174      353
..................................................................


WIND (MPH)
  HIGHEST WIND SPEED    12   HIGHEST WIND DIRECTION     S (170)
  HIGHEST GUST SPEED    14   HIGHEST GUST DIRECTION     S (160)
  AVERAGE WIND SPEED     2.3


SKY COVER
  AVERAGE SKY COVER 0.1



RELATIVE HUMIDITY (PERCENT)
 HIGHEST    93           400 AM
 LOWEST     39           100 PM
 AVERAGE    66

..........................................................


THE GLENS FALLS NY CLIMATE NORMALS FOR TODAY
                         NORMAL    RECORD    YEAR
 MAXIMUM TEMPERATURE (F)   80        98      1949
 MINIMUM TEMPERATURE (F)   56        43      2004


SUNRISE AND SUNSET
AUGUST  9 2016........SUNRISE   554 AM EDT   SUNSET   805 PM EDT
AUGUST 10 2016........SUNRISE   555 AM EDT   SUNSET   804 PM EDT


-  INDICATES NEGATIVE NUMBERS.
R  INDICATES RECORD WAS SET OR TIED.
MM INDICATES DATA IS MISSING.
T  INDICATES TRACE AMOUNT.




$$
