000
CDUS41 KALY 100622
CLIGFL


CLIMATE REPORT
NATIONAL WEATHER SERVICE ALBANY NY
222 AM EDT SUN AUG 10 2014


...................................

...THE GLENS FALLS NY CLIMATE SUMMARY FOR AUGUST 9 2014...

CLIMATE NORMAL PERIOD 1981 TO 2010
CLIMATE RECORD PERIOD 1949 TO 2014


WEATHER ITEM   OBSERVED TIME   RECORD YEAR NORMAL DEPARTURE LAST
                VALUE   (LST)  VALUE       VALUE  FROM      YEAR
                                                  NORMAL
..................................................................
TEMPERATURE (F)
 YESTERDAY
  MAXIMUM         82    424 PM  98    1949  80      2       79
  MINIMUM         54    511 AM  43    2004  56     -2       67
  AVERAGE         68                        68      0       73

PRECIPITATION (IN)
  YESTERDAY        0.00          1.16 1991   0.13  -0.13     0.24
  MONTH TO DATE    0.24                      1.18  -0.94     0.87
  SINCE JUN 1     10.34                      8.82   1.52    11.29
  SINCE JAN 1     23.45                     23.31   0.14    23.22

DEGREE DAYS
 HEATING
  YESTERDAY        0                         1     -1        0
  MONTH TO DATE    0                         9     -9        9
  SINCE JUN 1     33                       120    -87      103
  SINCE JUL 1      1                        30    -29       14

 COOLING
  YESTERDAY        3                         4     -1        8
  MONTH TO DATE   38                        36      2       31
  SINCE JUN 1    271                       244     27      394
  SINCE JAN 1    291                       256     35      427
..................................................................


WIND (MPH)
  HIGHEST WIND SPEED     9   HIGHEST WIND DIRECTION     E (70)
  HIGHEST GUST SPEED    12   HIGHEST GUST DIRECTION     E (90)
  AVERAGE WIND SPEED     1.4


SKY COVER
  AVERAGE SKY COVER 0.2



RELATIVE HUMIDITY (PERCENT)
 HIGHEST    97          1100 PM
 LOWEST     39           500 PM
 AVERAGE    68

..........................................................


THE GLENS FALLS NY CLIMATE NORMALS FOR TODAY
                         NORMAL    RECORD    YEAR
 MAXIMUM TEMPERATURE (F)   80        97      1949
 MINIMUM TEMPERATURE (F)   56        44      1999


SUNRISE AND SUNSET
AUGUST 10 2014........SUNRISE   554 AM EDT   SUNSET   805 PM EDT
AUGUST 11 2014........SUNRISE   555 AM EDT   SUNSET   803 PM EDT


-  INDICATES NEGATIVE NUMBERS.
R  INDICATES RECORD WAS SET OR TIED.
MM INDICATES DATA IS MISSING.
T  INDICATES TRACE AMOUNT.




$$
