000
CDUS41 KALY 020627
CLIGFL


CLIMATE REPORT
NATIONAL WEATHER SERVICE ALBANY NY
226 AM EDT TUE JUN 2 2015


...................................

...THE GLENS FALLS NY CLIMATE SUMMARY FOR JUNE 1 2015...

CLIMATE NORMAL PERIOD 1981 TO 2010
CLIMATE RECORD PERIOD 1949 TO 2015


WEATHER ITEM   OBSERVED TIME   RECORD YEAR NORMAL DEPARTURE LAST
                VALUE   (LST)  VALUE       VALUE  FROM      YEAR
                                                  NORMAL
..................................................................
TEMPERATURE (F)
 YESTERDAY
  MAXIMUM         52    303 PM  90    2013  73    -21       76
  MINIMUM         48    752 AM  32    2009  48      0       43
  AVERAGE         50                        60    -10       60

PRECIPITATION (IN)
  YESTERDAY        1.08          3.36 1952   0.12   0.96     0.00
  MONTH TO DATE    1.08                      0.12   0.96     0.00
  SINCE JUN 1      1.08                      0.12   0.96     0.00
  SINCE JAN 1      8.39                     14.61  -6.22    13.11

DEGREE DAYS
 HEATING
  YESTERDAY       15                         6      9        5
  MONTH TO DATE   15                         6      9        5
  SINCE JUN 1     15                         6      9        5
  SINCE JUL 1   7612                      7592     20     7902

 COOLING
  YESTERDAY        0                         1     -1        0
  MONTH TO DATE    0                         1     -1        0
  SINCE JUN 1      0                         1     -1        0
  SINCE JAN 1     76                        13     63       20
..................................................................


WIND (MPH)
  HIGHEST WIND SPEED    14   HIGHEST WIND DIRECTION     N (20)
  HIGHEST GUST SPEED    17   HIGHEST GUST DIRECTION     N (20)
  AVERAGE WIND SPEED     8.4


SKY COVER
  AVERAGE SKY COVER 1.0



RELATIVE HUMIDITY (PERCENT)
 HIGHEST    93           300 AM
 LOWEST     83           700 PM
 AVERAGE    88

..........................................................


THE GLENS FALLS NY CLIMATE NORMALS FOR TODAY
                         NORMAL    RECORD    YEAR
 MAXIMUM TEMPERATURE (F)   73        87      1978
 MINIMUM TEMPERATURE (F)   48        40      2003


SUNRISE AND SUNSET
JUNE  2 2015..........SUNRISE   517 AM EDT   SUNSET   829 PM EDT
JUNE  3 2015..........SUNRISE   516 AM EDT   SUNSET   829 PM EDT


-  INDICATES NEGATIVE NUMBERS.
R  INDICATES RECORD WAS SET OR TIED.
MM INDICATES DATA IS MISSING.
T  INDICATES TRACE AMOUNT.




$$
