000
CDUS41 KALY 280623
CLIGFL


CLIMATE REPORT
NATIONAL WEATHER SERVICE ALBANY NY
122 AM EST FRI NOV 28 2014


...................................

...THE GLENS FALLS NY CLIMATE SUMMARY FOR NOVEMBER 27 2014...

CLIMATE NORMAL PERIOD 1981 TO 2010
CLIMATE RECORD PERIOD 1949 TO 2014


WEATHER ITEM   OBSERVED TIME   RECORD YEAR NORMAL DEPARTURE LAST
                VALUE   (LST)  VALUE       VALUE  FROM      YEAR
                                                  NORMAL
..................................................................
TEMPERATURE (F)
 YESTERDAY
  MAXIMUM         32   1032 AM  61    1976  42    -10       39
  MINIMUM         27   1159 PM   3    1957  24      3       32
  AVERAGE         30                        33     -3       36

PRECIPITATION (IN)
  YESTERDAY        0.03          1.27 1965   0.11  -0.08     1.02
  MONTH TO DATE    1.88                      2.98  -1.10     2.93
  SINCE SEP 1      6.30                      9.87  -3.57     7.57
  SINCE JAN 1     32.34                     35.68  -3.34    32.84

DEGREE DAYS
 HEATING
  YESTERDAY       35                        32      3       29
  MONTH TO DATE  746                       743      3      777
  SINCE SEP 1   1328                      1532   -204     1508
  SINCE JUL 1   1343                      1598   -255     1546

 COOLING
  YESTERDAY        0                         0      0        0
  MONTH TO DATE    0                         0      0        0
  SINCE SEP 1     54                        25     29       43
  SINCE JAN 1    392                       352     40      537
..................................................................


WIND (MPH)
  HIGHEST WIND SPEED    15   HIGHEST WIND DIRECTION     N (360)
  HIGHEST GUST SPEED    20   HIGHEST GUST DIRECTION     N (350)
  AVERAGE WIND SPEED     5.1


SKY COVER
  AVERAGE SKY COVER 1.0



RELATIVE HUMIDITY (PERCENT)
 HIGHEST    92          1100 PM
 LOWEST     69           900 AM
 AVERAGE    81

..........................................................


THE GLENS FALLS NY CLIMATE NORMALS FOR TODAY
                         NORMAL    RECORD    YEAR
 MAXIMUM TEMPERATURE (F)   41        66      1990
 MINIMUM TEMPERATURE (F)   24        -1      1951


SUNRISE AND SUNSET
NOVEMBER 28 2014......SUNRISE   704 AM EST   SUNSET   421 PM EST
NOVEMBER 29 2014......SUNRISE   705 AM EST   SUNSET   421 PM EST


-  INDICATES NEGATIVE NUMBERS.
R  INDICATES RECORD WAS SET OR TIED.
MM INDICATES DATA IS MISSING.
T  INDICATES TRACE AMOUNT.




$$
