000
CDUS41 KALY 052146
CLIGFL


CLIMATE REPORT
NATIONAL WEATHER SERVICE ALBANY NY
446 PM EST THU JAN 5 2017


...................................

...THE GLENS FALLS NY CLIMATE SUMMARY FOR JANUARY 5 2017...
VALID TODAY AS OF 0400 PM LOCAL TIME.

CLIMATE NORMAL PERIOD 1981 TO 2010
CLIMATE RECORD PERIOD 1949 TO 2017


WEATHER ITEM   OBSERVED TIME   RECORD YEAR NORMAL DEPARTURE LAST
                VALUE   (LST)  VALUE       VALUE  FROM      YEAR
                                                  NORMAL
..................................................................
TEMPERATURE (F)
 TODAY
  MAXIMUM         30    151 PM  62    1950  29      1       16
  MINIMUM         21    809 AM -23    1996   9     12        3
  AVERAGE         26                        19      7       10

PRECIPITATION (IN)
  TODAY            0.00          0.71 1949   0.09  -0.09     0.00
  MONTH TO DATE    0.49                      0.45   0.04     0.01
  SINCE DEC 1      3.36                      3.50  -0.14     4.06
  SINCE JAN 1      0.49                      0.45   0.04     0.01

DEGREE DAYS
 HEATING
  TODAY           39                        46     -7       55
  MONTH TO DATE  176                       229    -53      196
  SINCE DEC 1   1321                      1469   -148     1019
  SINCE JUL 1   2637                      3167   -530     2310

 COOLING
  TODAY            0                         0      0        0
  MONTH TO DATE    0                         0      0        0
  SINCE DEC 1      0                         0      0        0
  SINCE JAN 1      0                         0      0        0
..................................................................


WIND (MPH)
  HIGHEST WIND SPEED    21   HIGHEST WIND DIRECTION    SW (210)
  HIGHEST GUST SPEED    31   HIGHEST GUST DIRECTION    SW (210)
  AVERAGE WIND SPEED    10.1


SKY COVER
  AVERAGE SKY COVER 0.4



RELATIVE HUMIDITY (PERCENT)
 HIGHEST    55           300 AM
 LOWEST     39           100 PM
 AVERAGE    47

..........................................................


THE GLENS FALLS NY CLIMATE NORMALS FOR TOMORROW
                         NORMAL    RECORD    YEAR
 MAXIMUM TEMPERATURE (F)   29        66      2007
 MINIMUM TEMPERATURE (F)    9       -30      1996


SUNRISE AND SUNSET
JANUARY  5 2017.......SUNRISE   727 AM EST   SUNSET   433 PM EST
JANUARY  6 2017.......SUNRISE   727 AM EST   SUNSET   434 PM EST


-  INDICATES NEGATIVE NUMBERS.
R  INDICATES RECORD WAS SET OR TIED.
MM INDICATES DATA IS MISSING.
T  INDICATES TRACE AMOUNT.




$$
