000
CDUS41 KALY 260624
CLIGFL


CLIMATE REPORT
NATIONAL WEATHER SERVICE ALBANY NY
223 AM EDT SUN JUL 26 2015


...................................

...THE GLENS FALLS NY CLIMATE SUMMARY FOR JULY 25 2015...

CLIMATE NORMAL PERIOD 1981 TO 2010
CLIMATE RECORD PERIOD 1949 TO 2015


WEATHER ITEM   OBSERVED TIME   RECORD YEAR NORMAL DEPARTURE LAST
                VALUE   (LST)  VALUE       VALUE  FROM      YEAR
                                                  NORMAL
..................................................................
TEMPERATURE (F)
 YESTERDAY
  MAXIMUM         81    136 PM  94    1963  81      0       80
  MINIMUM         55    445 AM  46    2002  57     -2       51
  AVERAGE         68                        69     -1       66

PRECIPITATION (IN)
  YESTERDAY        T             0.95 1999   0.14  -0.14     0.00
  MONTH TO DATE    1.31                      3.27  -1.96     3.96
  SINCE JUN 1      7.53                      6.82   0.71     8.36
  SINCE JAN 1     14.84                     21.31  -6.47    21.47

DEGREE DAYS
 HEATING
  YESTERDAY        0                         1     -1        0
  MONTH TO DATE   11                        25    -14        1
  SINCE JUN 1     90                       115    -25       33
  SINCE JUL 1     11                        25    -14        1

 COOLING
  YESTERDAY        3                         5     -2        1
  MONTH TO DATE  117                       117      0      145
  SINCE JUN 1    183                       186     -3      219
  SINCE JAN 1    259                       198     61      239
..................................................................


WIND (MPH)
  HIGHEST WIND SPEED    13   HIGHEST WIND DIRECTION     S (160)
  HIGHEST GUST SPEED    15   HIGHEST GUST DIRECTION     S (160)
  AVERAGE WIND SPEED     3.1


SKY COVER
  AVERAGE SKY COVER 0.6



RELATIVE HUMIDITY (PERCENT)
 HIGHEST   100           800 AM
 LOWEST     51           200 PM
 AVERAGE    76

..........................................................


THE GLENS FALLS NY CLIMATE NORMALS FOR TODAY
                         NORMAL    RECORD    YEAR
 MAXIMUM TEMPERATURE (F)   81        93      1963
 MINIMUM TEMPERATURE (F)   57        44      1976


SUNRISE AND SUNSET
JULY 26 2015..........SUNRISE   538 AM EDT   SUNSET   823 PM EDT
JULY 27 2015..........SUNRISE   539 AM EDT   SUNSET   822 PM EDT


-  INDICATES NEGATIVE NUMBERS.
R  INDICATES RECORD WAS SET OR TIED.
MM INDICATES DATA IS MISSING.
T  INDICATES TRACE AMOUNT.




$$
