000
CDUS41 KALY 192057
CLIGFL


CLIMATE REPORT
NATIONAL WEATHER SERVICE ALBANY NY
457 PM EDT SAT JUL 19 2014


...................................

...THE GLENS FALLS NY CLIMATE SUMMARY FOR JULY 19 2014...
VALID TODAY AS OF 0400 PM LOCAL TIME.

CLIMATE NORMAL PERIOD 1981 TO 2010
CLIMATE RECORD PERIOD 1949 TO 2014


WEATHER ITEM   OBSERVED TIME   RECORD YEAR NORMAL DEPARTURE LAST
                VALUE   (LST)  VALUE       VALUE  FROM      YEAR
                                                  NORMAL
..................................................................
TEMPERATURE (F)
 TODAY
  MAXIMUM         80    158 PM  95    1977  81     -1       94
  MINIMUM         54    445 AM  49    2003  57     -3       70
  AVERAGE         67                        69     -2       82

PRECIPITATION (IN)
  TODAY            0.00          2.25 1971   0.13  -0.13     0.21
  MONTH TO DATE    3.69                      2.45   1.24     2.42
  SINCE JUN 1      8.09                      6.00   2.09     8.11
  SINCE JAN 1     21.20                     20.49   0.71    20.04

DEGREE DAYS
 HEATING
  TODAY            0                         1     -1        0
  MONTH TO DATE    1                        19    -18        0
  SINCE JUN 1     33                       109    -76       89
  SINCE JUL 1      1                        19    -18        0

 COOLING
  TODAY            2                         5     -3       17
  MONTH TO DATE  110                        87     23      220
  SINCE JUN 1    184                       156     28      320
  SINCE JAN 1    204                       168     36      353
..................................................................


WIND (MPH)
  HIGHEST WIND SPEED    10   HIGHEST WIND DIRECTION     S (170)
  HIGHEST GUST SPEED    13   HIGHEST GUST DIRECTION     S (170)
  AVERAGE WIND SPEED     1.5


SKY COVER
  AVERAGE SKY COVER 0.1



RELATIVE HUMIDITY (PERCENT)
 HIGHEST    93          1200 AM
 LOWEST     45           200 PM
 AVERAGE    69

..........................................................


THE GLENS FALLS NY CLIMATE NORMALS FOR TOMORROW
                         NORMAL    RECORD    YEAR
 MAXIMUM TEMPERATURE (F)   81        94      1991
 MINIMUM TEMPERATURE (F)   57        45      1965


SUNRISE AND SUNSET
JULY 19 2014..........SUNRISE   531 AM EDT   SUNSET   830 PM EDT
JULY 20 2014..........SUNRISE   532 AM EDT   SUNSET   829 PM EDT


-  INDICATES NEGATIVE NUMBERS.
R  INDICATES RECORD WAS SET OR TIED.
MM INDICATES DATA IS MISSING.
T  INDICATES TRACE AMOUNT.




$$
