000
CDUS41 KALY 050622
CLIGFL


CLIMATE REPORT
NATIONAL WEATHER SERVICE ALBANY NY
221 AM EDT FRI AUG 5 2016


...................................

...THE GLENS FALLS NY CLIMATE SUMMARY FOR AUGUST 4 2016...

CLIMATE NORMAL PERIOD 1981 TO 2010
CLIMATE RECORD PERIOD 1949 TO 2016


WEATHER ITEM   OBSERVED TIME   RECORD YEAR NORMAL DEPARTURE LAST
                VALUE   (LST)  VALUE       VALUE  FROM      YEAR
                                                  NORMAL
..................................................................
TEMPERATURE (F)
 YESTERDAY
  MAXIMUM         83    411 PM  92    2012  80      3       84
  MINIMUM         57    511 AM  45    1966  57      0       63
  AVERAGE         70                        69      1       74

PRECIPITATION (IN)
  YESTERDAY        0.00          0.75 1953   0.13  -0.13     0.00
  MONTH TO DATE    1.08                      0.54   0.54     0.09
  SINCE JUN 1      7.92                      8.18  -0.26     8.53
  SINCE JAN 1     19.54                     22.67  -3.13    15.84

DEGREE DAYS
 HEATING
  YESTERDAY        0                         1     -1        0
  MONTH TO DATE    0                         4     -4        0
  SINCE JUN 1     44                       115    -71       90
  SINCE JUL 1      0                        25    -25       11

 COOLING
  YESTERDAY        5                         4      1        9
  MONTH TO DATE   21                        16      5       26
  SINCE JUN 1    339                       224    115      269
  SINCE JAN 1    395                       236    159      345
..................................................................


WIND (MPH)
  HIGHEST WIND SPEED    14   HIGHEST WIND DIRECTION     S (160)
  HIGHEST GUST SPEED    19   HIGHEST GUST DIRECTION     S (160)
  AVERAGE WIND SPEED     4.0


SKY COVER
  AVERAGE SKY COVER 0.0



RELATIVE HUMIDITY (PERCENT)
 HIGHEST    93           200 AM
 LOWEST     47           400 PM
 AVERAGE    70

..........................................................


THE GLENS FALLS NY CLIMATE NORMALS FOR TODAY
                         NORMAL    RECORD    YEAR
 MAXIMUM TEMPERATURE (F)   80        96      1955
 MINIMUM TEMPERATURE (F)   57        42      1972


SUNRISE AND SUNSET
AUGUST  5 2016........SUNRISE   549 AM EDT   SUNSET   811 PM EDT
AUGUST  6 2016........SUNRISE   550 AM EDT   SUNSET   810 PM EDT


-  INDICATES NEGATIVE NUMBERS.
R  INDICATES RECORD WAS SET OR TIED.
MM INDICATES DATA IS MISSING.
T  INDICATES TRACE AMOUNT.




$$
