000
CDUS41 KALY 170626
CLIGFL


CLIMATE REPORT
NATIONAL WEATHER SERVICE ALBANY NY
125 AM EST MON NOV 17 2014


...................................

...THE GLENS FALLS NY CLIMATE SUMMARY FOR NOVEMBER 16 2014...

CLIMATE NORMAL PERIOD 1981 TO 2010
CLIMATE RECORD PERIOD 1949 TO 2014


WEATHER ITEM   OBSERVED TIME   RECORD YEAR NORMAL DEPARTURE LAST
                VALUE   (LST)  VALUE       VALUE  FROM      YEAR
                                                  NORMAL
..................................................................
TEMPERATURE (F)
 YESTERDAY
  MAXIMUM         39    345 PM  69    2006  46     -7       57
  MINIMUM         21   1214 AM   8    1972  27     -6       28
  AVERAGE         30                        37     -7       43

PRECIPITATION (IN)
  YESTERDAY        0.00          0.96 1965   0.11  -0.11     0.00
  MONTH TO DATE    0.22                      1.74  -1.52     0.94
  SINCE SEP 1      4.64                      8.63  -3.99     5.58
  SINCE JAN 1     30.68                     34.44  -3.76    30.85

DEGREE DAYS
 HEATING
  YESTERDAY       35                        28      7       22
  MONTH TO DATE  406                       410     -4      427
  SINCE SEP 1    988                      1199   -211     1158
  SINCE JUL 1   1003                      1265   -262     1196

 COOLING
  YESTERDAY        0                         0      0        0
  MONTH TO DATE    0                         0      0        0
  SINCE SEP 1     54                        25     29       43
  SINCE JAN 1    392                       352     40      537
..................................................................


WIND (MPH)
  HIGHEST WIND SPEED    16   HIGHEST WIND DIRECTION     S (160)
  HIGHEST GUST SPEED    20   HIGHEST GUST DIRECTION     S (190)
  AVERAGE WIND SPEED     6.9


SKY COVER
  AVERAGE SKY COVER 0.8



RELATIVE HUMIDITY (PERCENT)
 HIGHEST    84          1200 AM
 LOWEST     44           100 PM
 AVERAGE    64

..........................................................


THE GLENS FALLS NY CLIMATE NORMALS FOR TODAY
                         NORMAL    RECORD    YEAR
 MAXIMUM TEMPERATURE (F)   46        67      2006
 MINIMUM TEMPERATURE (F)   27         5      1997


SUNRISE AND SUNSET
NOVEMBER 17 2014......SUNRISE   650 AM EST   SUNSET   428 PM EST
NOVEMBER 18 2014......SUNRISE   651 AM EST   SUNSET   427 PM EST


-  INDICATES NEGATIVE NUMBERS.
R  INDICATES RECORD WAS SET OR TIED.
MM INDICATES DATA IS MISSING.
T  INDICATES TRACE AMOUNT.




$$
