000
CDUS41 KALY 280629
CLIGFL


CLIMATE REPORT
NATIONAL WEATHER SERVICE ALBANY NY
128 AM EST WED DEC 28 2016


...................................

...THE GLENS FALLS NY CLIMATE SUMMARY FOR DECEMBER 27 2016...

CLIMATE NORMAL PERIOD 1981 TO 2010
CLIMATE RECORD PERIOD 1949 TO 2016


WEATHER ITEM   OBSERVED TIME   RECORD YEAR NORMAL DEPARTURE LAST
                VALUE   (LST)  VALUE       VALUE  FROM      YEAR
                                                  NORMAL
..................................................................
TEMPERATURE (F)
 YESTERDAY
  MAXIMUM         47   1050 AM  55    1949  30     17       45
  MINIMUM         35   1159 PM -18    1989  12     23       30
  AVERAGE         41                        21     20       38

PRECIPITATION (IN)
  YESTERDAY        0.11          0.85 2011   0.09   0.02     0.21
  MONTH TO DATE    2.38                      2.70  -0.32     2.98
  SINCE DEC 1      2.38                      2.70  -0.32     2.98
  SINCE JAN 1     30.68                     38.71  -8.03    29.95

DEGREE DAYS
 HEATING
  YESTERDAY       24                        44    -20       27
  MONTH TO DATE  996                      1060    -64      689
  SINCE DEC 1    996                      1060    -64      689
  SINCE JUL 1   2312                      2758   -446     1980

 COOLING
  YESTERDAY        0                         0      0        0
  MONTH TO DATE    0                         0      0        0
  SINCE DEC 1      0                         0      0        0
  SINCE JAN 1    643                       352    291      596
..................................................................


WIND (MPH)
  HIGHEST WIND SPEED    21   HIGHEST WIND DIRECTION     W (280)
  HIGHEST GUST SPEED    28   HIGHEST GUST DIRECTION     W (260)
  AVERAGE WIND SPEED     8.8


SKY COVER
  AVERAGE SKY COVER 0.9



RELATIVE HUMIDITY (PERCENT)
 HIGHEST    89           500 AM
 LOWEST     53          1100 AM
 AVERAGE    71

..........................................................


THE GLENS FALLS NY CLIMATE NORMALS FOR TODAY
                         NORMAL    RECORD    YEAR
 MAXIMUM TEMPERATURE (F)   30        57      1982
 MINIMUM TEMPERATURE (F)   11       -18      1951


SUNRISE AND SUNSET
DECEMBER 28 2016......SUNRISE   726 AM EST   SUNSET   426 PM EST
DECEMBER 29 2016......SUNRISE   727 AM EST   SUNSET   427 PM EST


-  INDICATES NEGATIVE NUMBERS.
R  INDICATES RECORD WAS SET OR TIED.
MM INDICATES DATA IS MISSING.
T  INDICATES TRACE AMOUNT.




$$
