000
CDUS41 KALY 082042
CLIGFL


CLIMATE REPORT
NATIONAL WEATHER SERVICE ALBANY NY
441 PM EDT THU SEP 8 2016


...................................

...THE GLENS FALLS NY CLIMATE SUMMARY FOR SEPTEMBER 8 2016...
VALID TODAY AS OF 0400 PM LOCAL TIME.

CLIMATE NORMAL PERIOD 1981 TO 2010
CLIMATE RECORD PERIOD 1949 TO 2016


WEATHER ITEM   OBSERVED TIME   RECORD YEAR NORMAL DEPARTURE LAST
                VALUE   (LST)  VALUE       VALUE  FROM      YEAR
                                                  NORMAL
..................................................................
TEMPERATURE (F)
 TODAY
  MAXIMUM         84    247 PM  90    1959  74     10       87
  MINIMUM         60    339 AM  35    1978  50     10       65
  AVERAGE         72                        62     10       76

PRECIPITATION (IN)
  TODAY            0.00          1.69 1981   0.10  -0.10      T
  MONTH TO DATE    0.00                      0.81  -0.81      T
  SINCE SEP 1      0.00                      0.81  -0.81      T
  SINCE JAN 1     20.60                     26.62  -6.02    17.52

DEGREE DAYS
 HEATING
  TODAY            0                         5     -5        0
  MONTH TO DATE    4                        31    -27        0
  SINCE SEP 1      4                        31    -27        0
  SINCE JUL 1     10                        97    -87       13

 COOLING
  TODAY            7                         1      6       11
  MONTH TO DATE   26                        13     13       62
  SINCE SEP 1     26                        13     13       62
  SINCE JAN 1    611                       340    271      561
..................................................................


WIND (MPH)
  HIGHEST WIND SPEED    15   HIGHEST WIND DIRECTION     S (160)
  HIGHEST GUST SPEED    18   HIGHEST GUST DIRECTION    SE (150)
  AVERAGE WIND SPEED     4.2


SKY COVER
  AVERAGE SKY COVER 0.4



RELATIVE HUMIDITY (PERCENT)
 HIGHEST    93          1200 AM
 LOWEST     63           100 PM
 AVERAGE    78

..........................................................


THE GLENS FALLS NY CLIMATE NORMALS FOR TOMORROW
                         NORMAL    RECORD    YEAR
 MAXIMUM TEMPERATURE (F)   73        92      1959
 MINIMUM TEMPERATURE (F)   49        36      1980


SUNRISE AND SUNSET
SEPTEMBER  8 2016.....SUNRISE   627 AM EDT   SUNSET   716 PM EDT
SEPTEMBER  9 2016.....SUNRISE   628 AM EDT   SUNSET   715 PM EDT


-  INDICATES NEGATIVE NUMBERS.
R  INDICATES RECORD WAS SET OR TIED.
MM INDICATES DATA IS MISSING.
T  INDICATES TRACE AMOUNT.




$$
