000
CDUS41 KALY 170629
CLIGFL


CLIMATE REPORT
NATIONAL WEATHER SERVICE ALBANY NY
228 AM EDT MON AUG 17 2015


...................................

...THE GLENS FALLS NY CLIMATE SUMMARY FOR AUGUST 16 2015...

CLIMATE NORMAL PERIOD 1981 TO 2010
CLIMATE RECORD PERIOD 1949 TO 2015


WEATHER ITEM   OBSERVED TIME   RECORD YEAR NORMAL DEPARTURE LAST
                VALUE   (LST)  VALUE       VALUE  FROM      YEAR
                                                  NORMAL
..................................................................
TEMPERATURE (F)
 YESTERDAY
  MAXIMUM         84    330 PM  93    1959  79      5       71
  MINIMUM         65    723 AM  43    1964  55     10       54
  AVERAGE         75                        67      8       63

PRECIPITATION (IN)
  YESTERDAY        0.00          1.34 1951   0.12  -0.12     0.01
  MONTH TO DATE    1.43                      2.05  -0.62     0.82
  SINCE JUN 1      9.87                      9.69   0.18    10.92
  SINCE JAN 1     17.18                     24.18  -7.00    24.03

DEGREE DAYS
 HEATING
  YESTERDAY        0                         1     -1        2
  MONTH TO DATE    1                        16    -15        7
  SINCE JUN 1     91                       127    -36       40
  SINCE JUL 1     12                        37    -25        8

 COOLING
  YESTERDAY       10                         4      6        0
  MONTH TO DATE   79                        64     15       51
  SINCE JUN 1    322                       272     50      284
  SINCE JAN 1    398                       284    114      304
..................................................................


WIND (MPH)
  HIGHEST WIND SPEED     9   HIGHEST WIND DIRECTION     S (160)
  HIGHEST GUST SPEED    11   HIGHEST GUST DIRECTION     S (160)
  AVERAGE WIND SPEED     2.0


SKY COVER
  AVERAGE SKY COVER 0.5



RELATIVE HUMIDITY (PERCENT)
 HIGHEST   100          1200 AM
 LOWEST     58           200 PM
 AVERAGE    79

..........................................................


THE GLENS FALLS NY CLIMATE NORMALS FOR TODAY
                         NORMAL    RECORD    YEAR
 MAXIMUM TEMPERATURE (F)   79        93      1987
 MINIMUM TEMPERATURE (F)   55        41      1979


SUNRISE AND SUNSET
AUGUST 17 2015........SUNRISE   602 AM EDT   SUNSET   755 PM EDT
AUGUST 18 2015........SUNRISE   603 AM EDT   SUNSET   753 PM EDT


-  INDICATES NEGATIVE NUMBERS.
R  INDICATES RECORD WAS SET OR TIED.
MM INDICATES DATA IS MISSING.
T  INDICATES TRACE AMOUNT.




$$
