000
CDUS41 KALY 020622
CLIGFL


CLIMATE REPORT
NATIONAL WEATHER SERVICE ALBANY NY
221 AM EDT SUN JUL 2 2017


...................................

...THE GLENS FALLS NY CLIMATE SUMMARY FOR JULY 1 2017...

CLIMATE NORMAL PERIOD 1981 TO 2010
CLIMATE RECORD PERIOD 1949 TO 2017


WEATHER ITEM   OBSERVED TIME   RECORD YEAR NORMAL DEPARTURE LAST
                VALUE   (LST)  VALUE       VALUE  FROM      YEAR
                                                  NORMAL
..................................................................
TEMPERATURE (F)
 YESTERDAY
  MAXIMUM         75   1246 PM  93    1968  80     -5       82
  MINIMUM         64    153 AM  44    1978  56      8       52
  AVERAGE         70                        68      2       67

PRECIPITATION (IN)
  YESTERDAY        3.30R         0.64 2016   0.12   3.18     0.64
  MONTH TO DATE    3.30                      0.12   3.18     0.64
  SINCE JUN 1      7.04                      3.67   3.37     3.75
  SINCE JAN 1     23.38                     18.16   5.22    15.37

DEGREE DAYS
 HEATING
  YESTERDAY        0                         1     -1        0
  MONTH TO DATE    0                         1     -1        0
  SINCE JUN 1     93                        91      2       44
  SINCE JUL 1      0                         1     -1        0

 COOLING
  YESTERDAY        5                         4      1        2
  MONTH TO DATE    5                         4      1        2
  SINCE JUN 1     93                        73     20      105
  SINCE JAN 1    114                        85     29      161
..................................................................


WIND (MPH)
  HIGHEST WIND SPEED    23   HIGHEST WIND DIRECTION    NW (330)
  HIGHEST GUST SPEED    31   HIGHEST GUST DIRECTION    NW (320)
  AVERAGE WIND SPEED     4.0


SKY COVER
  AVERAGE SKY COVER 0.8



RELATIVE HUMIDITY (PERCENT)
 HIGHEST   100           100 AM
 LOWEST     87          1200 PM
 AVERAGE    94

..........................................................


THE GLENS FALLS NY CLIMATE NORMALS FOR TODAY
                         NORMAL    RECORD    YEAR
 MAXIMUM TEMPERATURE (F)   80        93      2002
 MINIMUM TEMPERATURE (F)   56        41      1978


SUNRISE AND SUNSET
JULY  2 2017..........SUNRISE   519 AM EDT   SUNSET   838 PM EDT
JULY  3 2017..........SUNRISE   519 AM EDT   SUNSET   838 PM EDT


-  INDICATES NEGATIVE NUMBERS.
R  INDICATES RECORD WAS SET OR TIED.
MM INDICATES DATA IS MISSING.
T  INDICATES TRACE AMOUNT.




$$
