000
CDUS41 KALY 170626
CLIGFL


CLIMATE REPORT
NATIONAL WEATHER SERVICE ALBANY NY
225 AM EDT TUE MAR 17 2015


...................................

...THE GLENS FALLS NY CLIMATE SUMMARY FOR MARCH 16 2015...

CLIMATE NORMAL PERIOD 1981 TO 2010
CLIMATE RECORD PERIOD 1949 TO 2015


WEATHER ITEM   OBSERVED TIME   RECORD YEAR NORMAL DEPARTURE LAST
                VALUE   (LST)  VALUE       VALUE  FROM      YEAR
                                                  NORMAL
..................................................................
TEMPERATURE (F)
 YESTERDAY
  MAXIMUM         41    437 PM  80    1990  42     -1       28
  MINIMUM         19    633 AM   1    1970  20     -1       11
  AVERAGE         30                        31     -1       20

PRECIPITATION (IN)
  YESTERDAY        0.00          1.51 1974   0.10  -0.10      T
  MONTH TO DATE    0.12                      1.49  -1.37     1.03
  SINCE MAR 1      0.12                      1.49  -1.37     1.03
  SINCE JAN 1      2.17                      6.43  -4.26     5.56

DEGREE DAYS
 HEATING
  YESTERDAY       35                        34      1       45
  MONTH TO DATE  643                       589     54      744
  SINCE MAR 1    643                       589     54      744
  SINCE JUL 1   6324                      6209    115     6513

 COOLING
  YESTERDAY        0                         0      0        0
  MONTH TO DATE    0                         0      0        0
  SINCE MAR 1      0                         0      0        0
  SINCE JAN 1      0                         0      0        0
..................................................................


WIND (MPH)
  HIGHEST WIND SPEED     9   HIGHEST WIND DIRECTION    SE (140)
  HIGHEST GUST SPEED    12   HIGHEST GUST DIRECTION     S (200)
  AVERAGE WIND SPEED     2.3


SKY COVER
  AVERAGE SKY COVER 0.5



RELATIVE HUMIDITY (PERCENT)
 HIGHEST    88           400 AM
 LOWEST     44           700 PM
 AVERAGE    66

..........................................................


THE GLENS FALLS NY CLIMATE NORMALS FOR TODAY
                         NORMAL    RECORD    YEAR
 MAXIMUM TEMPERATURE (F)   43        69      1990
 MINIMUM TEMPERATURE (F)   21         2      2014
                                             1997


SUNRISE AND SUNSET
MARCH 17 2015.........SUNRISE   704 AM EDT   SUNSET   703 PM EDT
MARCH 18 2015.........SUNRISE   702 AM EDT   SUNSET   704 PM EDT


-  INDICATES NEGATIVE NUMBERS.
R  INDICATES RECORD WAS SET OR TIED.
MM INDICATES DATA IS MISSING.
T  INDICATES TRACE AMOUNT.




$$
