000
CDUS41 KALY 150623
CLIGFL


CLIMATE REPORT
NATIONAL WEATHER SERVICE ALBANY NY
122 AM EST THU JAN 15 2015


...................................

...THE GLENS FALLS NY CLIMATE SUMMARY FOR JANUARY 14 2015...

CLIMATE NORMAL PERIOD 1981 TO 2010
CLIMATE RECORD PERIOD 1949 TO 2015


WEATHER ITEM   OBSERVED TIME   RECORD YEAR NORMAL DEPARTURE LAST
                VALUE   (LST)  VALUE       VALUE  FROM      YEAR
                                                  NORMAL
..................................................................
TEMPERATURE (F)
 YESTERDAY
  MAXIMUM         16    339 PM  58    2005  28    -12       44
  MINIMUM        -19    507 AM -29    1957   7    -26       32
  AVERAGE         -1                        18    -19       38

PRECIPITATION (IN)
  YESTERDAY        0.00          0.96 1992   0.09  -0.09     0.33
  MONTH TO DATE    0.86                      1.26  -0.40     1.84
  SINCE DEC 1      4.94                      4.31   0.63     4.23
  SINCE JAN 1      0.86                      1.26  -0.40     1.84

DEGREE DAYS
 HEATING
  YESTERDAY       66                        47     19       27
  MONTH TO DATE  691                       652     39      662
  SINCE DEC 1   1762                      1892   -130     1922
  SINCE JUL 1   3223                      3590   -367     3601

 COOLING
  YESTERDAY        0                         0      0        0
  MONTH TO DATE    0                         0      0        0
  SINCE DEC 1      0                         0      0        0
  SINCE JAN 1      0                         0      0        0
..................................................................


WIND (MPH)
  HIGHEST WIND SPEED     7   HIGHEST WIND DIRECTION     S (180)
  HIGHEST GUST SPEED     8   HIGHEST GUST DIRECTION     S (180)
  AVERAGE WIND SPEED     0.3


SKY COVER
  AVERAGE SKY COVER 0.4



RELATIVE HUMIDITY (PERCENT)
 HIGHEST    87          1200 AM
 LOWEST     53           300 PM
 AVERAGE    70

..........................................................


THE GLENS FALLS NY CLIMATE NORMALS FOR TODAY
                         NORMAL    RECORD    YEAR
 MAXIMUM TEMPERATURE (F)   28        64      1995
 MINIMUM TEMPERATURE (F)    7       -23      2009


SUNRISE AND SUNSET
JANUARY 15 2015.......SUNRISE   724 AM EST   SUNSET   444 PM EST
JANUARY 16 2015.......SUNRISE   724 AM EST   SUNSET   445 PM EST


-  INDICATES NEGATIVE NUMBERS.
R  INDICATES RECORD WAS SET OR TIED.
MM INDICATES DATA IS MISSING.
T  INDICATES TRACE AMOUNT.




$$
