000
CDUS41 KALY 072159
CLIGFL


CLIMATE REPORT
NATIONAL WEATHER SERVICE ALBANY NY
459 PM EST FRI NOV 7 2014


...................................

...THE GLENS FALLS NY CLIMATE SUMMARY FOR NOVEMBER 7 2014...
VALID TODAY AS OF 0400 PM LOCAL TIME.

CLIMATE NORMAL PERIOD 1981 TO 2010
CLIMATE RECORD PERIOD 1949 TO 2014


WEATHER ITEM   OBSERVED TIME   RECORD YEAR NORMAL DEPARTURE LAST
                VALUE   (LST)  VALUE       VALUE  FROM      YEAR
                                                  NORMAL
..................................................................
TEMPERATURE (F)
 TODAY
  MAXIMUM         45   1137 AM  68    1975  50     -5       54
  MINIMUM         39    709 AM  17    2012  30      9       29
  AVERAGE         42                        40      2       42

PRECIPITATION (IN)
  TODAY            0.04          1.34 1968   0.11  -0.07     0.14
  MONTH TO DATE    0.22                      0.79  -0.57     0.91
  SINCE SEP 1      4.64                      7.68  -3.04     5.55
  SINCE JAN 1     30.68                     33.49  -2.81    30.82

DEGREE DAYS
 HEATING
  TODAY           23                        25     -2       23
  MONTH TO DATE  153                       170    -17      166
  SINCE SEP 1    735                       959   -224      897
  SINCE JUL 1    750                      1025   -275      935

 COOLING
  TODAY            0                         0      0        0
  MONTH TO DATE    0                         0      0        0
  SINCE SEP 1     54                        25     29       43
  SINCE JAN 1    392                       352     40      537
..................................................................


WIND (MPH)
  HIGHEST WIND SPEED    20   HIGHEST WIND DIRECTION    NW (320)
  HIGHEST GUST SPEED    23   HIGHEST GUST DIRECTION    NW (330)
  AVERAGE WIND SPEED     7.9


SKY COVER
  AVERAGE SKY COVER 1.0



RELATIVE HUMIDITY (PERCENT)
 HIGHEST    89          1200 AM
 LOWEST     65          1100 AM
 AVERAGE    77

..........................................................


THE GLENS FALLS NY CLIMATE NORMALS FOR TOMORROW
                         NORMAL    RECORD    YEAR
 MAXIMUM TEMPERATURE (F)   50        71      1996
 MINIMUM TEMPERATURE (F)   29        17      1967


SUNRISE AND SUNSET
NOVEMBER  7 2014......SUNRISE   637 AM EST   SUNSET   438 PM EST
NOVEMBER  8 2014......SUNRISE   639 AM EST   SUNSET   437 PM EST


-  INDICATES NEGATIVE NUMBERS.
R  INDICATES RECORD WAS SET OR TIED.
MM INDICATES DATA IS MISSING.
T  INDICATES TRACE AMOUNT.




$$
