000
CDUS41 KALY 080629
CLIGFL


CLIMATE REPORT
NATIONAL WEATHER SERVICE ALBANY NY
228 AM EDT MON SEP 8 2014


...................................

...THE GLENS FALLS NY CLIMATE SUMMARY FOR SEPTEMBER 7 2014...

CLIMATE NORMAL PERIOD 1981 TO 2010
CLIMATE RECORD PERIOD 1949 TO 2014


WEATHER ITEM   OBSERVED TIME   RECORD YEAR NORMAL DEPARTURE LAST
                VALUE   (LST)  VALUE       VALUE  FROM      YEAR
                                                  NORMAL
..................................................................
TEMPERATURE (F)
 YESTERDAY
  MAXIMUM         76    233 PM  89    2007  74      2       71
  MINIMUM         53   1159 PM  35    1984  50      3       46
  AVERAGE         65                        62      3       59

PRECIPITATION (IN)
  YESTERDAY        0.00          1.43 2011   0.10  -0.10     0.03
  MONTH TO DATE    0.56                      0.71  -0.15     1.03
  SINCE SEP 1      0.56                      0.71  -0.15     1.03
  SINCE JAN 1     26.60                     26.52   0.08    26.30

DEGREE DAYS
 HEATING
  YESTERDAY        0                         4     -4        6
  MONTH TO DATE    0                        26    -26       26
  SINCE SEP 1      0                        26    -26       26
  SINCE JUL 1     15                        92    -77       64

 COOLING
  YESTERDAY        0                         1     -1        0
  MONTH TO DATE   43                        12     31       22
  SINCE SEP 1     43                        12     31       22
  SINCE JAN 1    381                       339     42      516
..................................................................


WIND (MPH)
  HIGHEST WIND SPEED    10   HIGHEST WIND DIRECTION     N (350)
  HIGHEST GUST SPEED    13   HIGHEST GUST DIRECTION     N (350)
  AVERAGE WIND SPEED     2.1


SKY COVER
  AVERAGE SKY COVER 0.2



RELATIVE HUMIDITY (PERCENT)
 HIGHEST   100           500 AM
 LOWEST     41           400 PM
 AVERAGE    71

..........................................................


THE GLENS FALLS NY CLIMATE NORMALS FOR TODAY
                         NORMAL    RECORD    YEAR
 MAXIMUM TEMPERATURE (F)   74        90      1959
 MINIMUM TEMPERATURE (F)   50        35      1978


SUNRISE AND SUNSET
SEPTEMBER  8 2014.....SUNRISE   626 AM EDT   SUNSET   717 PM EDT
SEPTEMBER  9 2014.....SUNRISE   627 AM EDT   SUNSET   715 PM EDT


-  INDICATES NEGATIVE NUMBERS.
R  INDICATES RECORD WAS SET OR TIED.
MM INDICATES DATA IS MISSING.
T  INDICATES TRACE AMOUNT.




$$
