855
CDUS41 KALY 250623
CLIGFL


CLIMATE REPORT
NATIONAL WEATHER SERVICE ALBANY NY
122 AM EST MON JAN 25 2016


...................................

...THE GLENS FALLS NY CLIMATE SUMMARY FOR JANUARY 24 2016...

CLIMATE NORMAL PERIOD 1981 TO 2010
CLIMATE RECORD PERIOD 1949 TO 2016


WEATHER ITEM   OBSERVED TIME   RECORD YEAR NORMAL DEPARTURE LAST
                VALUE   (LST)  VALUE       VALUE  FROM      YEAR
                                                  NORMAL
..................................................................
TEMPERATURE (F)
 YESTERDAY
  MAXIMUM         24    659 PM  51    1999  29     -5       33
  MINIMUM          4    345 AM -30    2011   7     -3       12
  AVERAGE         14                        18     -4       23

PRECIPITATION (IN)
  YESTERDAY        0.00          1.33 1953   0.09  -0.09      T
  MONTH TO DATE    1.04                      2.23  -1.19     1.39
  SINCE DEC 1      5.09                      5.28  -0.19     5.47
  SINCE JAN 1      1.04                      2.23  -1.19     1.39

DEGREE DAYS
 HEATING
  YESTERDAY       51                        47      4       42
  MONTH TO DATE  986                      1131   -145     1169
  SINCE DEC 1   1809                      2371   -562     2240
  SINCE JUL 1   3100                      4069   -969     3701

 COOLING
  YESTERDAY        0                         0      0        0
  MONTH TO DATE    0                         0      0        0
  SINCE DEC 1      0                         0      0        0
  SINCE JAN 1      0                         0      0        0
..................................................................


WIND (MPH)
  HIGHEST WIND SPEED     7   HIGHEST WIND DIRECTION    SE (130)
  HIGHEST GUST SPEED    10   HIGHEST GUST DIRECTION    SE (150)
  AVERAGE WIND SPEED     1.2


SKY COVER
  AVERAGE SKY COVER 0.5



RELATIVE HUMIDITY (PERCENT)
 HIGHEST    83           400 AM
 LOWEST     50           400 PM
 AVERAGE    67

..........................................................


THE GLENS FALLS NY CLIMATE NORMALS FOR TODAY
                         NORMAL    RECORD    YEAR
 MAXIMUM TEMPERATURE (F)   29        54      2010
 MINIMUM TEMPERATURE (F)    7       -23      2004


SUNRISE AND SUNSET
JANUARY 25 2016.......SUNRISE   717 AM EST   SUNSET   456 PM EST
JANUARY 26 2016.......SUNRISE   717 AM EST   SUNSET   458 PM EST


-  INDICATES NEGATIVE NUMBERS.
R  INDICATES RECORD WAS SET OR TIED.
MM INDICATES DATA IS MISSING.
T  INDICATES TRACE AMOUNT.




$$
