000
CDUS41 KALY 190622
CLIGFL


CLIMATE REPORT
NATIONAL WEATHER SERVICE ALBANY NY
222 AM EDT WED AUG 19 2015


...................................

...THE GLENS FALLS NY CLIMATE SUMMARY FOR AUGUST 18 2015...

CLIMATE NORMAL PERIOD 1981 TO 2010
CLIMATE RECORD PERIOD 1949 TO 2015


WEATHER ITEM   OBSERVED TIME   RECORD YEAR NORMAL DEPARTURE LAST
                VALUE   (LST)  VALUE       VALUE  FROM      YEAR
                                                  NORMAL
..................................................................
TEMPERATURE (F)
 YESTERDAY
  MAXIMUM         89    346 PM  90    2002  79     10       74
  MINIMUM         64    241 AM  42    1981  55      9       52
  AVERAGE         77                        67     10       63

PRECIPITATION (IN)
  YESTERDAY        0.00          2.48 1994   0.12  -0.12     0.00
  MONTH TO DATE    1.43                      2.30  -0.87     0.83
  SINCE JUN 1      9.87                      9.94  -0.07    10.93
  SINCE JAN 1     17.18                     24.43  -7.25    24.04

DEGREE DAYS
 HEATING
  YESTERDAY        0                         1     -1        2
  MONTH TO DATE    1                        18    -17        9
  SINCE JUN 1     91                       129    -38       42
  SINCE JUL 1     12                        39    -27       10

 COOLING
  YESTERDAY       12                         3      9        0
  MONTH TO DATE  102                        70     32       51
  SINCE JUN 1    345                       278     67      284
  SINCE JAN 1    421                       290    131      304
..................................................................


WIND (MPH)
  HIGHEST WIND SPEED    12   HIGHEST WIND DIRECTION     S (160)
  HIGHEST GUST SPEED    15   HIGHEST GUST DIRECTION    SE (130)
  AVERAGE WIND SPEED     3.1


SKY COVER
  AVERAGE SKY COVER 0.1



RELATIVE HUMIDITY (PERCENT)
 HIGHEST    93           200 AM
 LOWEST     50           400 PM
 AVERAGE    72

..........................................................


THE GLENS FALLS NY CLIMATE NORMALS FOR TODAY
                         NORMAL    RECORD    YEAR
 MAXIMUM TEMPERATURE (F)   79        87      1983
 MINIMUM TEMPERATURE (F)   55        41      1977


SUNRISE AND SUNSET
AUGUST 19 2015........SUNRISE   604 AM EDT   SUNSET   752 PM EDT
AUGUST 20 2015........SUNRISE   605 AM EDT   SUNSET   750 PM EDT


-  INDICATES NEGATIVE NUMBERS.
R  INDICATES RECORD WAS SET OR TIED.
MM INDICATES DATA IS MISSING.
T  INDICATES TRACE AMOUNT.




$$
