000
CDUS41 KALY 032042
CLIGFL


CLIMATE REPORT
NATIONAL WEATHER SERVICE ALBANY NY
441 PM EDT WED AUG 3 2016


...................................

...THE GLENS FALLS NY CLIMATE SUMMARY FOR AUGUST 3 2016...
VALID TODAY AS OF 0400 PM LOCAL TIME.

CLIMATE NORMAL PERIOD 1981 TO 2010
CLIMATE RECORD PERIOD 1949 TO 2016


WEATHER ITEM   OBSERVED TIME   RECORD YEAR NORMAL DEPARTURE LAST
                VALUE   (LST)  VALUE       VALUE  FROM      YEAR
                                                  NORMAL
..................................................................
TEMPERATURE (F)
 TODAY
  MAXIMUM         82    340 PM  94    1975  81      1       86
  MINIMUM         58    123 AM  44    1976  57      1       60
  AVERAGE         70                        69      1       73

PRECIPITATION (IN)
  TODAY            0.00          3.10 1995   0.14  -0.14     0.09
  MONTH TO DATE    1.08                      0.41   0.67     0.09
  SINCE JUN 1      7.92                      8.05  -0.13     8.53
  SINCE JAN 1     19.54                     22.54  -3.00    15.84

DEGREE DAYS
 HEATING
  TODAY            0                         1     -1        0
  MONTH TO DATE    0                         3     -3        0
  SINCE JUN 1     44                       114    -70       90
  SINCE JUL 1      0                        24    -24       11

 COOLING
  TODAY            5                         4      1        8
  MONTH TO DATE   16                        12      4       17
  SINCE JUN 1    334                       220    114      260
  SINCE JAN 1    390                       232    158      336
..................................................................


WIND (MPH)
  HIGHEST WIND SPEED    12   HIGHEST WIND DIRECTION    SW (210)
  HIGHEST GUST SPEED    14   HIGHEST GUST DIRECTION     S (160)
  AVERAGE WIND SPEED     3.5


SKY COVER
  AVERAGE SKY COVER 0.3



RELATIVE HUMIDITY (PERCENT)
 HIGHEST    97          1200 AM
 LOWEST     39           200 PM
 AVERAGE    68

..........................................................


THE GLENS FALLS NY CLIMATE NORMALS FOR TOMORROW
                         NORMAL    RECORD    YEAR
 MAXIMUM TEMPERATURE (F)   80        92      2012
 MINIMUM TEMPERATURE (F)   57        45      1966


SUNRISE AND SUNSET
AUGUST  3 2016........SUNRISE   547 AM EDT   SUNSET   813 PM EDT
AUGUST  4 2016........SUNRISE   548 AM EDT   SUNSET   812 PM EDT


-  INDICATES NEGATIVE NUMBERS.
R  INDICATES RECORD WAS SET OR TIED.
MM INDICATES DATA IS MISSING.
T  INDICATES TRACE AMOUNT.




$$
