000
CDUS41 KALY 010622
CLIGFL


CLIMATE REPORT
NATIONAL WEATHER SERVICE ALBANY NY
221 AM EDT SUN OCT 1 2017


...................................

...THE GLENS FALLS NY CLIMATE SUMMARY FOR SEPTEMBER 30 2017...

CLIMATE NORMAL PERIOD 1981 TO 2010
CLIMATE RECORD PERIOD 1949 TO 2017


WEATHER ITEM   OBSERVED TIME   RECORD YEAR NORMAL DEPARTURE LAST
                VALUE   (LST)  VALUE       VALUE  FROM      YEAR
                                                  NORMAL
..................................................................
TEMPERATURE (F)
 YESTERDAY
  MAXIMUM         54    404 PM  82    1986  65    -11       65
  MINIMUM         36   1154 PM  25    1991  40     -4       49
  AVERAGE         45                        52     -7       57

PRECIPITATION (IN)
  YESTERDAY        0.19          2.48 2010   0.12   0.07     0.08
  MONTH TO DATE    2.32                      3.38  -1.06     1.21
  SINCE SEP 1      2.32                      3.38  -1.06     1.21
  SINCE JAN 1     29.45                     29.19   0.26    22.37

DEGREE DAYS
 HEATING
  YESTERDAY       20                        13      7        8
  MONTH TO DATE  132                       220    -88      103
  SINCE SEP 1    132                       219    -87      103
  SINCE JUL 1    199                       285    -86      109

 COOLING
  YESTERDAY        0                         0      0        0
  MONTH TO DATE   67                        24     43       55
  SINCE SEP 1     67                        24     43       55
  SINCE JAN 1    381                       351     30      640
..................................................................


WIND (MPH)
  HIGHEST WIND SPEED    17   HIGHEST WIND DIRECTION    NE (40)
  HIGHEST GUST SPEED    22   HIGHEST GUST DIRECTION     N (20)
  AVERAGE WIND SPEED     6.2


SKY COVER
  AVERAGE SKY COVER 0.9



RELATIVE HUMIDITY (PERCENT)
 HIGHEST   100          1000 PM
 LOWEST     64           200 PM
 AVERAGE    82

..........................................................


THE GLENS FALLS NY CLIMATE NORMALS FOR TODAY
                         NORMAL    RECORD    YEAR
 MAXIMUM TEMPERATURE (F)   64        82      1954
 MINIMUM TEMPERATURE (F)   40        29      1993


SUNRISE AND SUNSET
OCTOBER  1 2017.......SUNRISE   652 AM EDT   SUNSET   635 PM EDT
OCTOBER  2 2017.......SUNRISE   653 AM EDT   SUNSET   633 PM EDT


-  INDICATES NEGATIVE NUMBERS.
R  INDICATES RECORD WAS SET OR TIED.
MM INDICATES DATA IS MISSING.
T  INDICATES TRACE AMOUNT.




$$
