000
CDUS41 KALY 040701
CLIGFL


CLIMATE REPORT
NATIONAL WEATHER SERVICE ALBANY NY
300 AM EDT FRI APR 4 2014


...................................

...THE GLENS FALLS NY CLIMATE SUMMARY FOR APRIL 3 2014...

CLIMATE NORMAL PERIOD 1981 TO 2010
CLIMATE RECORD PERIOD 1949 TO 2014


WEATHER ITEM   OBSERVED TIME   RECORD YEAR NORMAL DEPARTURE LAST
                VALUE   (LST)  VALUE       VALUE  FROM      YEAR
                                                  NORMAL
..................................................................
TEMPERATURE (F)
 YESTERDAY
  MAXIMUM         49    141 PM  80    1981  51     -2       42
  MINIMUM         24    249 AM  15    1954  28     -4       26
  AVERAGE         37                        39     -2       34

PRECIPITATION (IN)
  YESTERDAY        0.00          2.24 1975   0.10  -0.10     0.00
  MONTH TO DATE    0.00                      0.29  -0.29     0.02
  SINCE MAR 1      2.72                      3.23  -0.51     3.13
  SINCE JAN 1      7.25                      8.17  -0.92     5.43

DEGREE DAYS
 HEATING
  YESTERDAY       28                        26      2       31
  MONTH TO DATE   81                        79      2       93
  SINCE MAR 1   1391                      1122    269     1079
  SINCE JUL 1   7160                      6742    418     6180

 COOLING
  YESTERDAY        0                         0      0        0
  MONTH TO DATE    0                         0      0        0
  SINCE MAR 1      0                         0      0        0
  SINCE JAN 1      0                         0      0        0
..................................................................


WIND (MPH)
  HIGHEST WIND SPEED    15   HIGHEST WIND DIRECTION     N (10)
  HIGHEST GUST SPEED    18   HIGHEST GUST DIRECTION     N (10)
  AVERAGE WIND SPEED     6.0


SKY COVER
  AVERAGE SKY COVER 0.0



RELATIVE HUMIDITY (PERCENT)
 HIGHEST    92           300 AM
 LOWEST     38           100 PM
 AVERAGE    65

..........................................................


THE GLENS FALLS NY CLIMATE NORMALS FOR TODAY
                         NORMAL    RECORD    YEAR
 MAXIMUM TEMPERATURE (F)   51        76      1950
 MINIMUM TEMPERATURE (F)   28        13      1954


SUNRISE AND SUNSET
APRIL  4 2014.........SUNRISE   631 AM EDT   SUNSET   724 PM EDT
APRIL  5 2014.........SUNRISE   629 AM EDT   SUNSET   726 PM EDT


-  INDICATES NEGATIVE NUMBERS.
R  INDICATES RECORD WAS SET OR TIED.
MM INDICATES DATA IS MISSING.
T  INDICATES TRACE AMOUNT.




$$
