000
CDUS41 KALY 210622
CLIGFL


CLIMATE REPORT
NATIONAL WEATHER SERVICE ALBANY NY
221 AM EDT MON JUL 21 2014


...................................

...THE GLENS FALLS NY CLIMATE SUMMARY FOR JULY 20 2014...

CLIMATE NORMAL PERIOD 1981 TO 2010
CLIMATE RECORD PERIOD 1949 TO 2014


WEATHER ITEM   OBSERVED TIME   RECORD YEAR NORMAL DEPARTURE LAST
                VALUE   (LST)  VALUE       VALUE  FROM      YEAR
                                                  NORMAL
..................................................................
TEMPERATURE (F)
 YESTERDAY
  MAXIMUM         79    529 PM  94    1991  81     -2       84
  MINIMUM         58    520 AM  45    1965  57      1       64
  AVERAGE         69                        69      0       74

PRECIPITATION (IN)
  YESTERDAY        0.00          0.66 1953   0.13  -0.13     0.01
  MONTH TO DATE    3.69                      2.58   1.11     2.43
  SINCE JUN 1      8.09                      6.13   1.96     8.12
  SINCE JAN 1     21.20                     20.62   0.58    20.05

DEGREE DAYS
 HEATING
  YESTERDAY        0                         1     -1        0
  MONTH TO DATE    1                        20    -19        0
  SINCE JUN 1     33                       110    -77       89
  SINCE JUL 1      1                        20    -19        0

 COOLING
  YESTERDAY        4                         5     -1        9
  MONTH TO DATE  114                        92     22      229
  SINCE JUN 1    188                       161     27      329
  SINCE JAN 1    208                       173     35      362
..................................................................


WIND (MPH)
  HIGHEST WIND SPEED    12   HIGHEST WIND DIRECTION     S (180)
  HIGHEST GUST SPEED    16   HIGHEST GUST DIRECTION     S (180)
  AVERAGE WIND SPEED     2.2


SKY COVER
  AVERAGE SKY COVER 0.1



RELATIVE HUMIDITY (PERCENT)
 HIGHEST    93           300 AM
 LOWEST     45           300 PM
 AVERAGE    69

..........................................................


THE GLENS FALLS NY CLIMATE NORMALS FOR TODAY
                         NORMAL    RECORD    YEAR
 MAXIMUM TEMPERATURE (F)   81        96      2011
 MINIMUM TEMPERATURE (F)   57        40      1966


SUNRISE AND SUNSET
JULY 21 2014..........SUNRISE   533 AM EDT   SUNSET   828 PM EDT
JULY 22 2014..........SUNRISE   534 AM EDT   SUNSET   827 PM EDT


-  INDICATES NEGATIVE NUMBERS.
R  INDICATES RECORD WAS SET OR TIED.
MM INDICATES DATA IS MISSING.
T  INDICATES TRACE AMOUNT.




$$
