000
CDUS41 KALY 152048
CLIGFL


CLIMATE REPORT
NATIONAL WEATHER SERVICE ALBANY NY
448 PM EDT FRI MAY 15 2015


...................................

...THE GLENS FALLS NY CLIMATE SUMMARY FOR MAY 15 2015...
VALID TODAY AS OF 0400 PM LOCAL TIME.

CLIMATE NORMAL PERIOD 1981 TO 2010
CLIMATE RECORD PERIOD 1949 TO 2015


WEATHER ITEM   OBSERVED TIME   RECORD YEAR NORMAL DEPARTURE LAST
                VALUE   (LST)  VALUE       VALUE  FROM      YEAR
                                                  NORMAL
..................................................................
TEMPERATURE (F)
 TODAY
  MAXIMUM         71    347 PM  87    1951  68      3       74
  MINIMUM         38    409 AM  29    2013  42     -4       63
  AVERAGE         55                        55      0       69

PRECIPITATION (IN)
  TODAY            0.00          1.12 2012   0.12  -0.12     0.07
  MONTH TO DATE    0.92                      1.72  -0.80     0.97
  SINCE MAR 1      3.57                      7.66  -4.09     6.51
  SINCE JAN 1      5.62                     12.60  -6.98    11.04

DEGREE DAYS
 HEATING
  TODAY           10                        10      0        0
  MONTH TO DATE   73                       185   -112      120
  SINCE MAR 1   1855                      1841     14     2024
  SINCE JUL 1   7536                      7461     75     7793

 COOLING
  TODAY            0                         0      0        4
  MONTH TO DATE   31                         0     31       11
  SINCE MAR 1     31                         1     30       11
  SINCE JAN 1     31                         1     30       11
..................................................................


WIND (MPH)
  HIGHEST WIND SPEED     9   HIGHEST WIND DIRECTION    SE (150)
  HIGHEST GUST SPEED    13   HIGHEST GUST DIRECTION     S (160)
  AVERAGE WIND SPEED     2.0


SKY COVER
  AVERAGE SKY COVER 0.0



RELATIVE HUMIDITY (PERCENT)
 HIGHEST    92           400 AM
 LOWEST     26           200 PM
 AVERAGE    59

..........................................................


THE GLENS FALLS NY CLIMATE NORMALS FOR TOMORROW
                         NORMAL    RECORD    YEAR
 MAXIMUM TEMPERATURE (F)   68        90      1951
 MINIMUM TEMPERATURE (F)   43        30      1967


SUNRISE AND SUNSET
MAY 15 2015...........SUNRISE   531 AM EDT   SUNSET   812 PM EDT
MAY 16 2015...........SUNRISE   530 AM EDT   SUNSET   813 PM EDT


-  INDICATES NEGATIVE NUMBERS.
R  INDICATES RECORD WAS SET OR TIED.
MM INDICATES DATA IS MISSING.
T  INDICATES TRACE AMOUNT.




$$
