000
CDUS41 KALY 180622
CLIGFL


CLIMATE REPORT
NATIONAL WEATHER SERVICE ALBANY NY
222 AM EDT TUE AUG 18 2015


...................................

...THE GLENS FALLS NY CLIMATE SUMMARY FOR AUGUST 17 2015...

CLIMATE NORMAL PERIOD 1981 TO 2010
CLIMATE RECORD PERIOD 1949 TO 2015


WEATHER ITEM   OBSERVED TIME   RECORD YEAR NORMAL DEPARTURE LAST
                VALUE   (LST)  VALUE       VALUE  FROM      YEAR
                                                  NORMAL
..................................................................
TEMPERATURE (F)
 YESTERDAY
  MAXIMUM         89        MM  93    1987  79     10       74
  MINIMUM         62        MM  41    1979  55      7       55
  AVERAGE         76                        67      9       65

PRECIPITATION (IN)
  YESTERDAY        0.00          1.07 1974   0.13  -0.13     0.01
  MONTH TO DATE    1.43                      2.18  -0.75     0.83
  SINCE JUN 1      9.87                      9.82   0.05    10.93
  SINCE JAN 1     17.18                     24.31  -7.13    24.04

DEGREE DAYS
 HEATING
  YESTERDAY        0                         1     -1        0
  MONTH TO DATE    1                        17    -16        7
  SINCE JUN 1     91                       128    -37       40
  SINCE JUL 1     12                        38    -26        8

 COOLING
  YESTERDAY       11                         3      8        0
  MONTH TO DATE   90                        67     23       51
  SINCE JUN 1    333                       275     58      284
  SINCE JAN 1    409                       287    122      304
..................................................................


WIND (MPH)
  HIGHEST WIND SPEED    12   HIGHEST WIND DIRECTION    SW (210)
  HIGHEST GUST SPEED    MM   HIGHEST GUST DIRECTION    MM
  AVERAGE WIND SPEED     3.5


SKY COVER
  AVERAGE SKY COVER 0.3



RELATIVE HUMIDITY (PERCENT)
 HIGHEST   100           300 AM
 LOWEST     41           300 PM
 AVERAGE    71

..........................................................


THE GLENS FALLS NY CLIMATE NORMALS FOR TODAY
                         NORMAL    RECORD    YEAR
 MAXIMUM TEMPERATURE (F)   79        90      2002
 MINIMUM TEMPERATURE (F)   55        42      1981


SUNRISE AND SUNSET
AUGUST 18 2015........SUNRISE   603 AM EDT   SUNSET   753 PM EDT
AUGUST 19 2015........SUNRISE   604 AM EDT   SUNSET   752 PM EDT


-  INDICATES NEGATIVE NUMBERS.
R  INDICATES RECORD WAS SET OR TIED.
MM INDICATES DATA IS MISSING.
T  INDICATES TRACE AMOUNT.




$$
