000
CDUS41 KALY 120630
CLIGFL


CLIMATE REPORT
NATIONAL WEATHER SERVICE ALBANY NY
229 AM EDT SUN OCT 12 2014


...................................

...THE GLENS FALLS NY CLIMATE SUMMARY FOR OCTOBER 11 2014...

CLIMATE NORMAL PERIOD 1981 TO 2010
CLIMATE RECORD PERIOD 1949 TO 2014


WEATHER ITEM   OBSERVED TIME   RECORD YEAR NORMAL DEPARTURE LAST
                VALUE   (LST)  VALUE       VALUE  FROM      YEAR
                                                  NORMAL
..................................................................
TEMPERATURE (F)
 YESTERDAY
  MAXIMUM         58    348 PM  85    1949  60     -2       72
  MINIMUM         35   1159 PM  21    1993  36     -1       39
  AVERAGE         47                        48     -1       56

PRECIPITATION (IN)
  YESTERDAY        0.00          0.60 1987   0.11  -0.11     0.00
  MONTH TO DATE    1.10                      1.27  -0.17     0.95
  SINCE SEP 1      2.23                      4.65  -2.42     3.38
  SINCE JAN 1     28.27                     30.46  -2.19    28.65

DEGREE DAYS
 HEATING
  YESTERDAY       18                        17      1        9
  MONTH TO DATE  110                       164    -54      110
  SINCE SEP 1    287                       383    -96      357
  SINCE JUL 1    302                       449   -147      395

 COOLING
  YESTERDAY        0                         0      0        0
  MONTH TO DATE    0                         0      0        0
  SINCE SEP 1     47                        24     23       43
  SINCE JAN 1    385                       351     34      537
..................................................................


WIND (MPH)
  HIGHEST WIND SPEED    12   HIGHEST WIND DIRECTION    NW (330)
  HIGHEST GUST SPEED    14   HIGHEST GUST DIRECTION    NW (330)
  AVERAGE WIND SPEED     1.7


SKY COVER
  AVERAGE SKY COVER 0.4



RELATIVE HUMIDITY (PERCENT)
 HIGHEST    92          1200 AM
 LOWEST     43           400 PM
 AVERAGE    68

..........................................................


THE GLENS FALLS NY CLIMATE NORMALS FOR TODAY
                         NORMAL    RECORD    YEAR
 MAXIMUM TEMPERATURE (F)   60        83      1954
 MINIMUM TEMPERATURE (F)   36        22      1956


SUNRISE AND SUNSET
OCTOBER 12 2014.......SUNRISE   705 AM EDT   SUNSET   616 PM EDT
OCTOBER 13 2014.......SUNRISE   706 AM EDT   SUNSET   615 PM EDT


-  INDICATES NEGATIVE NUMBERS.
R  INDICATES RECORD WAS SET OR TIED.
MM INDICATES DATA IS MISSING.
T  INDICATES TRACE AMOUNT.




$$
