000
CDUS41 KALY 020626
CLIGFL


CLIMATE REPORT
NATIONAL WEATHER SERVICE ALBANY NY
124 AM EST MON JAN 2 2017


...................................

...THE GLENS FALLS NY CLIMATE SUMMARY FOR JANUARY 1 2017...

CLIMATE NORMAL PERIOD 1981 TO 2010
CLIMATE RECORD PERIOD 1949 TO 2017


WEATHER ITEM   OBSERVED TIME   RECORD YEAR NORMAL DEPARTURE LAST
                VALUE   (LST)  VALUE       VALUE  FROM      YEAR
                                                  NORMAL
..................................................................
TEMPERATURE (F)
 YESTERDAY
  MAXIMUM         41    338 PM  54    1966  29     12       39
  MINIMUM         16   1159 PM -20    1970  10      6       30
  AVERAGE         29                        20      9       35

PRECIPITATION (IN)
  YESTERDAY        0.03          1.09 1985   0.09  -0.06     0.00
  MONTH TO DATE    0.03                      0.09  -0.06     0.00
  SINCE DEC 1      2.90                      3.14  -0.24     4.05
  SINCE JAN 1      0.03                      0.09  -0.06     0.00

DEGREE DAYS
 HEATING
  YESTERDAY       36                        45     -9       30
  MONTH TO DATE   36                        45     -9       30
  SINCE DEC 1   1181                      1285   -104      853
  SINCE JUL 1   2497                      2983   -486     2144

 COOLING
  YESTERDAY        0                         0      0        0
  MONTH TO DATE    0                         0      0        0
  SINCE DEC 1      0                         0      0        0
  SINCE JAN 1      0                         0      0        0
..................................................................


WIND (MPH)
  HIGHEST WIND SPEED    18   HIGHEST WIND DIRECTION    NW (320)
  HIGHEST GUST SPEED    24   HIGHEST GUST DIRECTION    NW (300)
  AVERAGE WIND SPEED     6.5


SKY COVER
  AVERAGE SKY COVER 0.7



RELATIVE HUMIDITY (PERCENT)
 HIGHEST    89           100 AM
 LOWEST     40          1200 PM
 AVERAGE    65

..........................................................


THE GLENS FALLS NY CLIMATE NORMALS FOR TODAY
                         NORMAL    RECORD    YEAR
 MAXIMUM TEMPERATURE (F)   29        47      2011
 MINIMUM TEMPERATURE (F)   10       -24      1968


SUNRISE AND SUNSET
JANUARY  2 2017.......SUNRISE   727 AM EST   SUNSET   431 PM EST
JANUARY  3 2017.......SUNRISE   727 AM EST   SUNSET   431 PM EST


-  INDICATES NEGATIVE NUMBERS.
R  INDICATES RECORD WAS SET OR TIED.
MM INDICATES DATA IS MISSING.
T  INDICATES TRACE AMOUNT.




$$
