000
CDUS41 KALY 062049
CLIGFL


CLIMATE REPORT
NATIONAL WEATHER SERVICE ALBANY NY
449 PM EDT SAT MAY 6 2017


...................................

...THE GLENS FALLS NY CLIMATE SUMMARY FOR MAY 6 2017...
VALID TODAY AS OF 0400 PM LOCAL TIME.

CLIMATE NORMAL PERIOD 1981 TO 2010
CLIMATE RECORD PERIOD 1949 TO 2017


WEATHER ITEM   OBSERVED TIME   RECORD YEAR NORMAL DEPARTURE LAST
                VALUE   (LST)  VALUE       VALUE  FROM      YEAR
                                                  NORMAL
..................................................................
TEMPERATURE (F)
 TODAY
  MAXIMUM         70    348 PM  84    1977  65      5       66
  MINIMUM         50    447 AM  26    1969  39     11       45
  AVERAGE         60                        52      8       56

PRECIPITATION (IN)
  TODAY            0.19          1.17 1989   0.12   0.07     0.24
  MONTH TO DATE    2.05                      0.69   1.36     1.20
  SINCE MAR 1      7.89                      6.63   1.26     4.94
  SINCE JAN 1     12.58                     11.57   1.01     9.73

DEGREE DAYS
 HEATING
  TODAY            5                        13     -8        9
  MONTH TO DATE   71                        82    -11       87
  SINCE MAR 1   1583                      1738   -155     1534
  SINCE JUL 1   6105                      7358  -1253     5714

 COOLING
  TODAY            0                         0      0        0
  MONTH TO DATE    0                         0      0        0
  SINCE MAR 1      6                         1      5        0
  SINCE JAN 1      6                         1      5        0
..................................................................


WIND (MPH)
  HIGHEST WIND SPEED    26   HIGHEST WIND DIRECTION     S (190)
  HIGHEST GUST SPEED    41   HIGHEST GUST DIRECTION     S (160)
  AVERAGE WIND SPEED     7.9


SKY COVER
  AVERAGE SKY COVER 0.9



RELATIVE HUMIDITY (PERCENT)
 HIGHEST    93           300 AM
 LOWEST     45           300 PM
 AVERAGE    69

..........................................................


THE GLENS FALLS NY CLIMATE NORMALS FOR TOMORROW
                         NORMAL    RECORD    YEAR
 MAXIMUM TEMPERATURE (F)   66        88      2000
 MINIMUM TEMPERATURE (F)   40        25      1967


SUNRISE AND SUNSET
MAY  6 2017...........SUNRISE   541 AM EDT   SUNSET   802 PM EDT
MAY  7 2017...........SUNRISE   539 AM EDT   SUNSET   803 PM EDT


-  INDICATES NEGATIVE NUMBERS.
R  INDICATES RECORD WAS SET OR TIED.
MM INDICATES DATA IS MISSING.
T  INDICATES TRACE AMOUNT.




$$
