000
CDUS41 KALY 060623
CLIGFL


CLIMATE REPORT
NATIONAL WEATHER SERVICE ALBANY NY
222 AM EDT TUE SEP 6 2016


...................................

...THE GLENS FALLS NY CLIMATE SUMMARY FOR SEPTEMBER 5 2016...

CLIMATE NORMAL PERIOD 1981 TO 2010
CLIMATE RECORD PERIOD 1949 TO 2016


WEATHER ITEM   OBSERVED TIME   RECORD YEAR NORMAL DEPARTURE LAST
                VALUE   (LST)  VALUE       VALUE  FROM      YEAR
                                                  NORMAL
..................................................................
TEMPERATURE (F)
 YESTERDAY
  MAXIMUM         84    413 PM  92    1973  75      9       84
  MINIMUM         50    517 AM  34    2000  51     -1       54
  AVERAGE         67                        63      4       69

PRECIPITATION (IN)
  YESTERDAY        0.00          0.95 1953   0.10  -0.10     0.00
  MONTH TO DATE    0.00                      0.51  -0.51      T
  SINCE SEP 1      0.00                      0.51  -0.51      T
  SINCE JAN 1     20.60                     26.32  -5.72    17.52

DEGREE DAYS
 HEATING
  YESTERDAY        0                         4     -4        0
  MONTH TO DATE    4                        18    -14        0
  SINCE SEP 1      4                        18    -14        0
  SINCE JUL 1     10                        84    -74       13

 COOLING
  YESTERDAY        2                         2      0        4
  MONTH TO DATE    6                        10     -4       32
  SINCE SEP 1      6                        10     -4       32
  SINCE JAN 1    591                       337    254      531
..................................................................


WIND (MPH)
  HIGHEST WIND SPEED    14   HIGHEST WIND DIRECTION     N (20)
  HIGHEST GUST SPEED    17   HIGHEST GUST DIRECTION    NE (60)
  AVERAGE WIND SPEED     4.6


SKY COVER
  AVERAGE SKY COVER 0.1



RELATIVE HUMIDITY (PERCENT)
 HIGHEST    93          1200 AM
 LOWEST     37           300 PM
 AVERAGE    65

..........................................................


THE GLENS FALLS NY CLIMATE NORMALS FOR TODAY
                         NORMAL    RECORD    YEAR
 MAXIMUM TEMPERATURE (F)   74        89      1983
 MINIMUM TEMPERATURE (F)   50        34      2000


SUNRISE AND SUNSET
SEPTEMBER  6 2016.....SUNRISE   624 AM EDT   SUNSET   720 PM EDT
SEPTEMBER  7 2016.....SUNRISE   626 AM EDT   SUNSET   718 PM EDT


-  INDICATES NEGATIVE NUMBERS.
R  INDICATES RECORD WAS SET OR TIED.
MM INDICATES DATA IS MISSING.
T  INDICATES TRACE AMOUNT.




$$
