000
CDUS41 KALY 122158
CLIGFL


CLIMATE REPORT
NATIONAL WEATHER SERVICE ALBANY NY
457 PM EST SAT NOV 12 2016


...................................

...THE GLENS FALLS NY CLIMATE SUMMARY FOR NOVEMBER 12 2016...
VALID TODAY AS OF 0400 PM LOCAL TIME.

CLIMATE NORMAL PERIOD 1981 TO 2010
CLIMATE RECORD PERIOD 1949 TO 2016


WEATHER ITEM   OBSERVED TIME   RECORD YEAR NORMAL DEPARTURE LAST
                VALUE   (LST)  VALUE       VALUE  FROM      YEAR
                                                  NORMAL
..................................................................
TEMPERATURE (F)
 TODAY
  MAXIMUM         47    320 PM  68    2012  48     -1       55
  MINIMUM         23    718 AM  13    1976  29     -6       44
  AVERAGE         35                        38     -3       50

PRECIPITATION (IN)
  TODAY            0.00          0.78 1995   0.10  -0.10     0.13
  MONTH TO DATE    0.85                      1.31  -0.46     0.36
  SINCE SEP 1      5.00                      8.20  -3.20     8.76
  SINCE JAN 1     26.16                     34.01  -7.85    26.28

DEGREE DAYS
 HEATING
  TODAY           30                        27      3       15
  MONTH TO DATE  273                       300    -27      187
  SINCE SEP 1    835                      1089   -254      807
  SINCE JUL 1    841                      1155   -314      820

 COOLING
  TODAY            0                         0      0        0
  MONTH TO DATE    0                         0      0        0
  SINCE SEP 1     58                        25     33       97
  SINCE JAN 1    643                       352    291      596
..................................................................


WIND (MPH)
  HIGHEST WIND SPEED    15   HIGHEST WIND DIRECTION    NW (320)
  HIGHEST GUST SPEED    21   HIGHEST GUST DIRECTION    NW (330)
  AVERAGE WIND SPEED     7.2


SKY COVER
  AVERAGE SKY COVER 0.0



RELATIVE HUMIDITY (PERCENT)
 HIGHEST    75           800 AM
 LOWEST     34           200 PM
 AVERAGE    55

..........................................................


THE GLENS FALLS NY CLIMATE NORMALS FOR TOMORROW
                         NORMAL    RECORD    YEAR
 MAXIMUM TEMPERATURE (F)   48        63      2012
 MINIMUM TEMPERATURE (F)   28        13      2001


SUNRISE AND SUNSET
NOVEMBER 12 2016......SUNRISE   644 AM EST   SUNSET   432 PM EST
NOVEMBER 13 2016......SUNRISE   646 AM EST   SUNSET   431 PM EST


-  INDICATES NEGATIVE NUMBERS.
R  INDICATES RECORD WAS SET OR TIED.
MM INDICATES DATA IS MISSING.
T  INDICATES TRACE AMOUNT.




$$
