853
CDUS41 KALY 110633
CLIGFL


CLIMATE REPORT
NATIONAL WEATHER SERVICE ALBANY NY
131 AM EST SAT FEB 11 2017


...................................

...THE GLENS FALLS NY CLIMATE SUMMARY FOR FEBRUARY 10 2017...

CLIMATE NORMAL PERIOD 1981 TO 2010
CLIMATE RECORD PERIOD 1949 TO 2017


WEATHER ITEM   OBSERVED TIME   RECORD YEAR NORMAL DEPARTURE LAST
                VALUE   (LST)  VALUE       VALUE  FROM      YEAR
                                                  NORMAL
..................................................................
TEMPERATURE (F)
 YESTERDAY
  MAXIMUM         25    300 PM  50    1955  32     -7       37
  MINIMUM         -5    328 AM -30    1994   8    -13       23
  AVERAGE         10                        20    -10       30

PRECIPITATION (IN)
  YESTERDAY        0.01          1.04 2002   0.07  -0.06      T
  MONTH TO DATE    1.13                      0.76   0.37     1.39
  SINCE DEC 1      6.18                      6.67  -0.49     6.50
  SINCE JAN 1      3.31                      3.62  -0.31     2.45

DEGREE DAYS
 HEATING
  YESTERDAY       55                        45     10       35
  MONTH TO DATE  393                       458    -65      241
  SINCE DEC 1   2646                      3156   -510     2129
  SINCE JUL 1   3962                      4854   -892     3420

 COOLING
  YESTERDAY        0                         0      0        0
  MONTH TO DATE    0                         0      0        0
  SINCE DEC 1      0                         0      0        0
  SINCE JAN 1      0                         0      0        0
..................................................................


WIND (MPH)
  HIGHEST WIND SPEED    24   HIGHEST WIND DIRECTION     N (350)
  HIGHEST GUST SPEED    31   HIGHEST GUST DIRECTION     N (350)
  AVERAGE WIND SPEED     4.3


SKY COVER
  AVERAGE SKY COVER 0.5



RELATIVE HUMIDITY (PERCENT)
 HIGHEST    80           900 AM
 LOWEST     25           300 PM
 AVERAGE    53

..........................................................


THE GLENS FALLS NY CLIMATE NORMALS FOR TODAY
                         NORMAL    RECORD    YEAR
 MAXIMUM TEMPERATURE (F)   32        57      1981
 MINIMUM TEMPERATURE (F)    9       -21      1979


SUNRISE AND SUNSET
FEBRUARY 11 2017......SUNRISE   658 AM EST   SUNSET   520 PM EST
FEBRUARY 12 2017......SUNRISE   656 AM EST   SUNSET   522 PM EST


-  INDICATES NEGATIVE NUMBERS.
R  INDICATES RECORD WAS SET OR TIED.
MM INDICATES DATA IS MISSING.
T  INDICATES TRACE AMOUNT.




$$
