000
CDUS41 KALY 010631
CLIGFL


CLIMATE REPORT
NATIONAL WEATHER SERVICE ALBANY NY
230 AM EDT TUE APR 1 2014


...................................

...THE GLENS FALLS NY CLIMATE SUMMARY FOR MARCH 31 2014...

CLIMATE NORMAL PERIOD 1981 TO 2010
CLIMATE RECORD PERIOD 1949 TO 2014


WEATHER ITEM   OBSERVED TIME   RECORD YEAR NORMAL DEPARTURE LAST
                VALUE   (LST)  VALUE       VALUE  FROM      YEAR
                                                  NORMAL
..................................................................
TEMPERATURE (F)
 YESTERDAY
  MAXIMUM         41    248 PM  86    1998  49     -8       56
  MINIMUM         32    722 AM   8    1954  27      5       22
  AVERAGE         37                        38     -1       39

PRECIPITATION (IN)
  YESTERDAY        0.00          0.76 1960   0.09  -0.09     0.30
  MONTH TO DATE    2.72                      2.94  -0.22     3.11
  SINCE MAR 1      2.72                      2.94  -0.22     3.11
  SINCE JAN 1      7.25                      7.88  -0.63     5.41

DEGREE DAYS
 HEATING
  YESTERDAY       28                        27      1       26
  MONTH TO DATE 1310                      1043    267      986
  SINCE MAR 1   1310                      1043    267      986
  SINCE JUL 1   7079                      6663    416     6087

 COOLING
  YESTERDAY        0                         0      0        0
  MONTH TO DATE    0                         0      0        0
  SINCE MAR 1      0                         0      0        0
  SINCE JAN 1      0                         0      0        0
..................................................................


WIND (MPH)
  HIGHEST WIND SPEED    30   HIGHEST WIND DIRECTION     N (20)
  HIGHEST GUST SPEED    37   HIGHEST GUST DIRECTION    NE (40)
  AVERAGE WIND SPEED    14.4


SKY COVER
  AVERAGE SKY COVER 0.7



RELATIVE HUMIDITY (PERCENT)
 HIGHEST    78           400 AM
 LOWEST     54           500 PM
 AVERAGE    66

..........................................................


THE GLENS FALLS NY CLIMATE NORMALS FOR TODAY
                         NORMAL    RECORD    YEAR
 MAXIMUM TEMPERATURE (F)   50        77      1986
 MINIMUM TEMPERATURE (F)   27        13      1965


SUNRISE AND SUNSET
APRIL  1 2014.........SUNRISE   636 AM EDT   SUNSET   721 PM EDT
APRIL  2 2014.........SUNRISE   635 AM EDT   SUNSET   722 PM EDT


-  INDICATES NEGATIVE NUMBERS.
R  INDICATES RECORD WAS SET OR TIED.
MM INDICATES DATA IS MISSING.
T  INDICATES TRACE AMOUNT.




$$
