000
CDUS41 KALY 150631
CLIGFL


CLIMATE REPORT
NATIONAL WEATHER SERVICE ALBANY NY
130 AM EST SAT NOV 15 2014


...................................

...THE GLENS FALLS NY CLIMATE SUMMARY FOR NOVEMBER 14 2014...

CLIMATE NORMAL PERIOD 1981 TO 2010
CLIMATE RECORD PERIOD 1949 TO 2014


WEATHER ITEM   OBSERVED TIME   RECORD YEAR NORMAL DEPARTURE LAST
                VALUE   (LST)  VALUE       VALUE  FROM      YEAR
                                                  NORMAL
..................................................................
TEMPERATURE (F)
 YESTERDAY
  MAXIMUM         42    109 PM  67    1973  47     -5       49
  MINIMUM         23   1159 PM  11    1996  28     -5       25
  AVERAGE         33                        38     -5       37

PRECIPITATION (IN)
  YESTERDAY        0.00          1.45 2009   0.10  -0.10     0.00
  MONTH TO DATE    0.22                      1.52  -1.30     0.94
  SINCE SEP 1      4.64                      8.41  -3.77     5.58
  SINCE JAN 1     30.68                     34.22  -3.54    30.85

DEGREE DAYS
 HEATING
  YESTERDAY       32                        27      5       28
  MONTH TO DATE  338                       354    -16      379
  SINCE SEP 1    920                      1143   -223     1110
  SINCE JUL 1    935                      1209   -274     1148

 COOLING
  YESTERDAY        0                         0      0        0
  MONTH TO DATE    0                         0      0        0
  SINCE SEP 1     54                        25     29       43
  SINCE JAN 1    392                       352     40      537
..................................................................


WIND (MPH)
  HIGHEST WIND SPEED    18   HIGHEST WIND DIRECTION     W (290)
  HIGHEST GUST SPEED    26   HIGHEST GUST DIRECTION    NW (330)
  AVERAGE WIND SPEED     5.8


SKY COVER
  AVERAGE SKY COVER 0.6



RELATIVE HUMIDITY (PERCENT)
 HIGHEST    92           200 AM
 LOWEST     37           100 PM
 AVERAGE    65

..........................................................


THE GLENS FALLS NY CLIMATE NORMALS FOR TODAY
                         NORMAL    RECORD    YEAR
 MAXIMUM TEMPERATURE (F)   47        70      1956
 MINIMUM TEMPERATURE (F)   28        12      1996


SUNRISE AND SUNSET
NOVEMBER 15 2014......SUNRISE   648 AM EST   SUNSET   430 PM EST
NOVEMBER 16 2014......SUNRISE   649 AM EST   SUNSET   429 PM EST


-  INDICATES NEGATIVE NUMBERS.
R  INDICATES RECORD WAS SET OR TIED.
MM INDICATES DATA IS MISSING.
T  INDICATES TRACE AMOUNT.




$$
