000
CDUS41 KALY 140630
CLIGFL


CLIMATE REPORT
NATIONAL WEATHER SERVICE ALBANY NY
129 AM EST MON NOV 14 2016


...................................

...THE GLENS FALLS NY CLIMATE SUMMARY FOR NOVEMBER 13 2016...

CLIMATE NORMAL PERIOD 1981 TO 2010
CLIMATE RECORD PERIOD 1949 TO 2016


WEATHER ITEM   OBSERVED TIME   RECORD YEAR NORMAL DEPARTURE LAST
                VALUE   (LST)  VALUE       VALUE  FROM      YEAR
                                                  NORMAL
..................................................................
TEMPERATURE (F)
 YESTERDAY
  MAXIMUM         59    205 PM  63    2012  48     11       55
  MINIMUM         32   1038 PM  13    2001  28      4       42
  AVERAGE         46                        38      8       49

PRECIPITATION (IN)
  YESTERDAY        0.00          0.88 1988   0.11  -0.11      T
  MONTH TO DATE    0.85                      1.42  -0.57     0.36
  SINCE SEP 1      5.00                      8.31  -3.31     8.76
  SINCE JAN 1     26.16                     34.12  -7.96    26.28

DEGREE DAYS
 HEATING
  YESTERDAY       19                        27     -8       16
  MONTH TO DATE  292                       327    -35      203
  SINCE SEP 1    854                      1116   -262      823
  SINCE JUL 1    860                      1182   -322      836

 COOLING
  YESTERDAY        0                         0      0        0
  MONTH TO DATE    0                         0      0        0
  SINCE SEP 1     58                        25     33       97
  SINCE JAN 1    643                       352    291      596
..................................................................


WIND (MPH)
  HIGHEST WIND SPEED    14   HIGHEST WIND DIRECTION    SW (210)
  HIGHEST GUST SPEED    18   HIGHEST GUST DIRECTION    SW (210)
  AVERAGE WIND SPEED     6.6


SKY COVER
  AVERAGE SKY COVER 0.0



RELATIVE HUMIDITY (PERCENT)
 HIGHEST    76          1100 PM
 LOWEST     36           200 PM
 AVERAGE    56

..........................................................


THE GLENS FALLS NY CLIMATE NORMALS FOR TODAY
                         NORMAL    RECORD    YEAR
 MAXIMUM TEMPERATURE (F)   47        67      1973
 MINIMUM TEMPERATURE (F)   28        11      1996


SUNRISE AND SUNSET
NOVEMBER 14 2016......SUNRISE   647 AM EST   SUNSET   430 PM EST
NOVEMBER 15 2016......SUNRISE   648 AM EST   SUNSET   430 PM EST


-  INDICATES NEGATIVE NUMBERS.
R  INDICATES RECORD WAS SET OR TIED.
MM INDICATES DATA IS MISSING.
T  INDICATES TRACE AMOUNT.




$$
