000
CDUS41 KALY 310624
CLIGFL


CLIMATE REPORT
NATIONAL WEATHER SERVICE ALBANY NY
223 AM EDT MON JUL 31 2017


...................................

...THE GLENS FALLS NY CLIMATE SUMMARY FOR JULY 30 2017...

CLIMATE NORMAL PERIOD 1981 TO 2010
CLIMATE RECORD PERIOD 1949 TO 2017


WEATHER ITEM   OBSERVED TIME   RECORD YEAR NORMAL DEPARTURE LAST
                VALUE   (LST)  VALUE       VALUE  FROM      YEAR
                                                  NORMAL
..................................................................
TEMPERATURE (F)
 YESTERDAY
  MAXIMUM         79    144 PM  94    1949  81     -2       81
  MINIMUM         48    508 AM  43    1968  57     -9       59
  AVERAGE         64                        69     -5       70

PRECIPITATION (IN)
  YESTERDAY        0.00          1.90 1960   0.14  -0.14     0.00
  MONTH TO DATE    5.54                      3.96   1.58     3.73
  SINCE JUN 1      9.28                      7.51   1.77     6.84
  SINCE JAN 1     25.62                     22.00   3.62    18.46

DEGREE DAYS
 HEATING
  YESTERDAY        1                         1      0        0
  MONTH TO DATE   12                        30    -18        0
  SINCE JUN 1    105                       120    -15       44
  SINCE JUL 1     12                        30    -18        0

 COOLING
  YESTERDAY        0                         4     -4        5
  MONTH TO DATE  119                       141    -22      212
  SINCE JUN 1    207                       210     -3      315
  SINCE JAN 1    228                       222      6      371
..................................................................


WIND (MPH)
  HIGHEST WIND SPEED    10   HIGHEST WIND DIRECTION    SE (140)
  HIGHEST GUST SPEED    13   HIGHEST GUST DIRECTION    NE (60)
  AVERAGE WIND SPEED     1.9


SKY COVER
  AVERAGE SKY COVER 0.0



RELATIVE HUMIDITY (PERCENT)
 HIGHEST   100          1000 PM
 LOWEST     40           100 PM
 AVERAGE    70

..........................................................


THE GLENS FALLS NY CLIMATE NORMALS FOR TODAY
                         NORMAL    RECORD    YEAR
 MAXIMUM TEMPERATURE (F)   81        91      2002
 MINIMUM TEMPERATURE (F)   57        42      2010


SUNRISE AND SUNSET
JULY 31 2017..........SUNRISE   544 AM EDT   SUNSET   817 PM EDT
AUGUST  1 2017........SUNRISE   545 AM EDT   SUNSET   816 PM EDT


-  INDICATES NEGATIVE NUMBERS.
R  INDICATES RECORD WAS SET OR TIED.
MM INDICATES DATA IS MISSING.
T  INDICATES TRACE AMOUNT.




$$
