000
CDUS41 KALY 100630
CLIGFL


CLIMATE REPORT
NATIONAL WEATHER SERVICE ALBANY NY
130 AM EST FRI FEB 10 2017


...................................

...THE GLENS FALLS NY CLIMATE SUMMARY FOR FEBRUARY 9 2017...

CLIMATE NORMAL PERIOD 1981 TO 2010
CLIMATE RECORD PERIOD 1949 TO 2017


WEATHER ITEM   OBSERVED TIME   RECORD YEAR NORMAL DEPARTURE LAST
                VALUE   (LST)  VALUE       VALUE  FROM      YEAR
                                                  NORMAL
..................................................................
TEMPERATURE (F)
 YESTERDAY
  MAXIMUM         31   1216 AM  47    1990  31      0       28
  MINIMUM          6   1157 PM -16    1994   8     -2       21
  AVERAGE         19                        20     -1       25

PRECIPITATION (IN)
  YESTERDAY        0.12          0.64 1950   0.07   0.05     0.03
  MONTH TO DATE    1.12                      0.69   0.43     1.39
  SINCE DEC 1      6.17                      6.60  -0.43     6.50
  SINCE JAN 1      3.30                      3.55  -0.25     2.45

DEGREE DAYS
 HEATING
  YESTERDAY       46                        45      1       40
  MONTH TO DATE  338                       413    -75      206
  SINCE DEC 1   2591                      3111   -520     2094
  SINCE JUL 1   3907                      4809   -902     3385

 COOLING
  YESTERDAY        0                         0      0        0
  MONTH TO DATE    0                         0      0        0
  SINCE DEC 1      0                         0      0        0
  SINCE JAN 1      0                         0      0        0
..................................................................


WIND (MPH)
  HIGHEST WIND SPEED    21   HIGHEST WIND DIRECTION    NW (320)
  HIGHEST GUST SPEED    30   HIGHEST GUST DIRECTION    NW (320)
  AVERAGE WIND SPEED     9.9


SKY COVER
  AVERAGE SKY COVER 0.7



RELATIVE HUMIDITY (PERCENT)
 HIGHEST    80          1000 AM
 LOWEST     42           800 PM
 AVERAGE    61

..........................................................


THE GLENS FALLS NY CLIMATE NORMALS FOR TODAY
                         NORMAL    RECORD    YEAR
 MAXIMUM TEMPERATURE (F)   32        50      1955
 MINIMUM TEMPERATURE (F)    8       -30      1994


SUNRISE AND SUNSET
FEBRUARY 10 2017......SUNRISE   659 AM EST   SUNSET   519 PM EST
FEBRUARY 11 2017......SUNRISE   658 AM EST   SUNSET   520 PM EST


-  INDICATES NEGATIVE NUMBERS.
R  INDICATES RECORD WAS SET OR TIED.
MM INDICATES DATA IS MISSING.
T  INDICATES TRACE AMOUNT.




$$
