000
CDUS41 KALY 190627
CLIGFL


CLIMATE REPORT
NATIONAL WEATHER SERVICE ALBANY NY
226 AM EDT SUN JUL 19 2015


...................................

...THE GLENS FALLS NY CLIMATE SUMMARY FOR JULY 18 2015...

CLIMATE NORMAL PERIOD 1981 TO 2010
CLIMATE RECORD PERIOD 1949 TO 2015


WEATHER ITEM   OBSERVED TIME   RECORD YEAR NORMAL DEPARTURE LAST
                VALUE   (LST)  VALUE       VALUE  FROM      YEAR
                                                  NORMAL
..................................................................
TEMPERATURE (F)
 YESTERDAY
  MAXIMUM         85    520 PM  97    1953  81      4       78
  MINIMUM         65    408 AM  48    1956  57      8       50
  AVERAGE         75                        69      6       64

PRECIPITATION (IN)
  YESTERDAY        0.12          1.53 1951   0.14  -0.02     0.00
  MONTH TO DATE    0.77                      2.32  -1.55     3.69
  SINCE JUN 1      6.99                      5.87   1.12     8.09
  SINCE JAN 1     14.30                     20.36  -6.06    21.20

DEGREE DAYS
 HEATING
  YESTERDAY        0                         1     -1        1
  MONTH TO DATE   11                        18     -7        1
  SINCE JUN 1     90                       108    -18       33
  SINCE JUL 1     11                        18     -7        1

 COOLING
  YESTERDAY       10                         5      5        0
  MONTH TO DATE   76                        82     -6      108
  SINCE JUN 1    142                       151     -9      182
  SINCE JAN 1    218                       163     55      202
..................................................................


WIND (MPH)
  HIGHEST WIND SPEED    13   HIGHEST WIND DIRECTION     S (200)
  HIGHEST GUST SPEED    17   HIGHEST GUST DIRECTION     S (200)
  AVERAGE WIND SPEED     5.6


SKY COVER
  AVERAGE SKY COVER  MM



RELATIVE HUMIDITY (PERCENT)
 HIGHEST    MM
 LOWEST     MM
 AVERAGE    MM

..........................................................


THE GLENS FALLS NY CLIMATE NORMALS FOR TODAY
                         NORMAL    RECORD    YEAR
 MAXIMUM TEMPERATURE (F)   81        95      1977
 MINIMUM TEMPERATURE (F)   57        49      2003


SUNRISE AND SUNSET
JULY 19 2015..........SUNRISE   531 AM EDT   SUNSET   830 PM EDT
JULY 20 2015..........SUNRISE   532 AM EDT   SUNSET   829 PM EDT


-  INDICATES NEGATIVE NUMBERS.
R  INDICATES RECORD WAS SET OR TIED.
MM INDICATES DATA IS MISSING.
T  INDICATES TRACE AMOUNT.




$$
