000
CDUS41 KALY 070626
CLIGFL


CLIMATE REPORT
NATIONAL WEATHER SERVICE ALBANY NY
225 AM EDT WED JUN 7 2017


...................................

...THE GLENS FALLS NY CLIMATE SUMMARY FOR JUNE 6 2017...

CLIMATE NORMAL PERIOD 1981 TO 2010
CLIMATE RECORD PERIOD 1949 TO 2017


WEATHER ITEM   OBSERVED TIME   RECORD YEAR NORMAL DEPARTURE LAST
                VALUE   (LST)  VALUE       VALUE  FROM      YEAR
                                                  NORMAL
..................................................................
TEMPERATURE (F)
 YESTERDAY
  MAXIMUM         56    216 AM  91    1968  74    -18       80
  MINIMUM         49    948 PM  36    1964  49      0       54
  AVERAGE         53                        62     -9       67

PRECIPITATION (IN)
  YESTERDAY        0.52          1.33 2000   0.12   0.40     0.00
  MONTH TO DATE    1.15                      0.71   0.44     1.80
  SINCE JUN 1      1.15                      0.71   0.44     1.80
  SINCE JAN 1     17.49                     15.20   2.29    13.42

DEGREE DAYS
 HEATING
  YESTERDAY       12                         5      7        0
  MONTH TO DATE   56                        31     25        0
  SINCE JUN 1     56                        31     25        0
  SINCE JUL 1   6373                      7617  -1244     5883

 COOLING
  YESTERDAY        0                         1     -1        2
  MONTH TO DATE    0                         6     -6       25
  SINCE JUN 1      0                         6     -6       25
  SINCE JAN 1     21                        18      3       81
..................................................................


WIND (MPH)
  HIGHEST WIND SPEED     8   HIGHEST WIND DIRECTION     N (10)
  HIGHEST GUST SPEED    23   HIGHEST GUST DIRECTION    NE (50)
  AVERAGE WIND SPEED     6.9


SKY COVER
  AVERAGE SKY COVER 1.0



RELATIVE HUMIDITY (PERCENT)
 HIGHEST    83           600 AM
 LOWEST     83           600 AM
 AVERAGE    83

..........................................................


THE GLENS FALLS NY CLIMATE NORMALS FOR TODAY
                         NORMAL    RECORD    YEAR
 MAXIMUM TEMPERATURE (F)   74        93      1999
 MINIMUM TEMPERATURE (F)   50        34      2007


SUNRISE AND SUNSET
JUNE  7 2017..........SUNRISE   515 AM EDT   SUNSET   833 PM EDT
JUNE  8 2017..........SUNRISE   514 AM EDT   SUNSET   833 PM EDT


-  INDICATES NEGATIVE NUMBERS.
R  INDICATES RECORD WAS SET OR TIED.
MM INDICATES DATA IS MISSING.
T  INDICATES TRACE AMOUNT.




$$
