000
CDUS41 KALY 110622
CLIGFL


CLIMATE REPORT
NATIONAL WEATHER SERVICE ALBANY NY
221 AM EDT MON APR 11 2016


...................................

...THE GLENS FALLS NY CLIMATE SUMMARY FOR APRIL 10 2016...

CLIMATE NORMAL PERIOD 1981 TO 2010
CLIMATE RECORD PERIOD 1949 TO 2016


WEATHER ITEM   OBSERVED TIME   RECORD YEAR NORMAL DEPARTURE LAST
                VALUE   (LST)  VALUE       VALUE  FROM      YEAR
                                                  NORMAL
..................................................................
TEMPERATURE (F)
 YESTERDAY
  MAXIMUM         46    440 PM  71    1955  54     -8       51
  MINIMUM         25    551 AM  15    1985  31     -6       36
  AVERAGE         36                        42     -6       44

PRECIPITATION (IN)
  YESTERDAY        0.00          1.17 1983   0.10  -0.10     0.33
  MONTH TO DATE    0.56                      0.97  -0.41     0.89
  SINCE MAR 1      2.84                      3.91  -1.07     1.57
  SINCE JAN 1      7.63                      8.85  -1.22     3.62

DEGREE DAYS
 HEATING
  YESTERDAY       29                        23      6       21
  MONTH TO DATE  292                       246     46      258
  SINCE MAR 1   1106                      1289   -183     1440
  SINCE JUL 1   5286                      6909  -1623     7121

 COOLING
  YESTERDAY        0                         0      0        0
  MONTH TO DATE    0                         0      0        0
  SINCE MAR 1      0                         0      0        0
  SINCE JAN 1      0                         0      0        0
..................................................................


WIND (MPH)
  HIGHEST WIND SPEED    18   HIGHEST WIND DIRECTION    NW (320)
  HIGHEST GUST SPEED    24   HIGHEST GUST DIRECTION    NW (310)
  AVERAGE WIND SPEED     6.4


SKY COVER
  AVERAGE SKY COVER 0.2



RELATIVE HUMIDITY (PERCENT)
 HIGHEST    50           100 AM
 LOWEST     20           400 PM
 AVERAGE    35

..........................................................


THE GLENS FALLS NY CLIMATE NORMALS FOR TODAY
                         NORMAL    RECORD    YEAR
 MAXIMUM TEMPERATURE (F)   55        79      2011
 MINIMUM TEMPERATURE (F)   31         9      1974


SUNRISE AND SUNSET
APRIL 11 2016.........SUNRISE   618 AM EDT   SUNSET   733 PM EDT
APRIL 12 2016.........SUNRISE   616 AM EDT   SUNSET   734 PM EDT


-  INDICATES NEGATIVE NUMBERS.
R  INDICATES RECORD WAS SET OR TIED.
MM INDICATES DATA IS MISSING.
T  INDICATES TRACE AMOUNT.




$$
