000
CDUS41 KALY 172149
CLIGFL


CLIMATE REPORT
NATIONAL WEATHER SERVICE ALBANY NY
448 PM EST SAT JAN 17 2015


...................................

...THE GLENS FALLS NY CLIMATE SUMMARY FOR JANUARY 17 2015...
VALID TODAY AS OF 0400 PM LOCAL TIME.

CLIMATE NORMAL PERIOD 1981 TO 2010
CLIMATE RECORD PERIOD 1949 TO 2015


WEATHER ITEM   OBSERVED TIME   RECORD YEAR NORMAL DEPARTURE LAST
                VALUE   (LST)  VALUE       VALUE  FROM      YEAR
                                                  NORMAL
..................................................................
TEMPERATURE (F)
 TODAY
  MAXIMUM         13    447 PM  51    1973  28    -15       35
  MINIMUM         -8    743 AM -26    1971   7    -15       18
  AVERAGE          3                        17    -14       27

PRECIPITATION (IN)
  TODAY            0.00          1.23 1994   0.10  -0.10     0.00
  MONTH TO DATE    0.86                      1.55  -0.69     1.90
  SINCE DEC 1      4.94                      4.60   0.34     4.29
  SINCE JAN 1      0.86                      1.55  -0.69     1.90

DEGREE DAYS
 HEATING
  TODAY           62                        48     14       38
  MONTH TO DATE  861                       796     65      766
  SINCE DEC 1   1932                      2036   -104     2026
  SINCE JUL 1   3393                      3734   -341     3705

 COOLING
  TODAY            0                         0      0        0
  MONTH TO DATE    0                         0      0        0
  SINCE DEC 1      0                         0      0        0
  SINCE JAN 1      0                         0      0        0
..................................................................


WIND (MPH)
  HIGHEST WIND SPEED    14   HIGHEST WIND DIRECTION     N (10)
  HIGHEST GUST SPEED    16   HIGHEST GUST DIRECTION     N (360)
  AVERAGE WIND SPEED     4.6


SKY COVER
  AVERAGE SKY COVER 0.0



RELATIVE HUMIDITY (PERCENT)
 HIGHEST    71           700 AM
 LOWEST     42           400 PM
 AVERAGE    57

..........................................................


THE GLENS FALLS NY CLIMATE NORMALS FOR TOMORROW
                         NORMAL    RECORD    YEAR
 MAXIMUM TEMPERATURE (F)   28        54      1990
 MINIMUM TEMPERATURE (F)    7       -26      1977


SUNRISE AND SUNSET
JANUARY 17 2015.......SUNRISE   723 AM EST   SUNSET   446 PM EST
JANUARY 18 2015.......SUNRISE   722 AM EST   SUNSET   448 PM EST


-  INDICATES NEGATIVE NUMBERS.
R  INDICATES RECORD WAS SET OR TIED.
MM INDICATES DATA IS MISSING.
T  INDICATES TRACE AMOUNT.




$$
