000
CDUS41 KALY 260628
CLIGFL


CLIMATE REPORT
NATIONAL WEATHER SERVICE ALBANY NY
127 AM EST TUE DEC 26 2017


...................................

...THE GLENS FALLS NY CLIMATE SUMMARY FOR DECEMBER 25 2017...

CLIMATE NORMAL PERIOD 1981 TO 2010
CLIMATE RECORD PERIOD 1949 TO 2017


WEATHER ITEM   OBSERVED TIME   RECORD YEAR NORMAL DEPARTURE LAST
                VALUE   (LST)  VALUE       VALUE  FROM      YEAR
                                                  NORMAL
..................................................................
TEMPERATURE (F)
 YESTERDAY
  MAXIMUM         32    224 PM  62    1964  31      1       41
  MINIMUM         19   1159 PM -27    1980  12      7       17
  AVERAGE         26                        22      4       29

PRECIPITATION (IN)
  YESTERDAY        0.41          1.33 1978   0.09   0.32     0.00
  MONTH TO DATE    2.31                      2.52  -0.21     2.18
  SINCE DEC 1      2.31                      2.52  -0.21     2.18
  SINCE JAN 1     35.83                     38.53  -2.70    30.48

DEGREE DAYS
 HEATING
  YESTERDAY       39                        44     -5       36
  MONTH TO DATE  971                       972     -1      931
  SINCE DEC 1    971                       972     -1      931
  SINCE JUL 1   2382                      2670   -288     2247

 COOLING
  YESTERDAY        0                         0      0        0
  MONTH TO DATE    0                         0      0        0
  SINCE DEC 1      0                         0      0        0
  SINCE JAN 1    388                       352     36      643
..................................................................


WIND (MPH)
  HIGHEST WIND SPEED    25   HIGHEST WIND DIRECTION     W (280)
  HIGHEST GUST SPEED    32   HIGHEST GUST DIRECTION     W (290)
  AVERAGE WIND SPEED     8.5


SKY COVER
  AVERAGE SKY COVER 0.7



RELATIVE HUMIDITY (PERCENT)
 HIGHEST   100           400 AM
 LOWEST     55           600 PM
 AVERAGE    78

..........................................................


THE GLENS FALLS NY CLIMATE NORMALS FOR TODAY
                         NORMAL    RECORD    YEAR
 MAXIMUM TEMPERATURE (F)   31        56      1964
 MINIMUM TEMPERATURE (F)   12       -29      1980


SUNRISE AND SUNSET
DECEMBER 26 2017......SUNRISE   726 AM EST   SUNSET   425 PM EST
DECEMBER 27 2017......SUNRISE   726 AM EST   SUNSET   425 PM EST


-  INDICATES NEGATIVE NUMBERS.
R  INDICATES RECORD WAS SET OR TIED.
MM INDICATES DATA IS MISSING.
T  INDICATES TRACE AMOUNT.




$$
