000
CDUS41 KALY 040622
CLIGFL


CLIMATE REPORT
NATIONAL WEATHER SERVICE ALBANY NY
222 AM EDT SUN SEP 4 2016


...................................

...THE GLENS FALLS NY CLIMATE SUMMARY FOR SEPTEMBER 3 2016...

CLIMATE NORMAL PERIOD 1981 TO 2010
CLIMATE RECORD PERIOD 1949 TO 2016


WEATHER ITEM   OBSERVED TIME   RECORD YEAR NORMAL DEPARTURE LAST
                VALUE   (LST)  VALUE       VALUE  FROM      YEAR
                                                  NORMAL
..................................................................
TEMPERATURE (F)
 YESTERDAY
  MAXIMUM         76    419 PM  95    1973  75      1       86
  MINIMUM         48    408 AM  37    1976  51     -3       60
  AVERAGE         62                        63     -1       73

PRECIPITATION (IN)
  YESTERDAY        0.00          1.44 1974   0.11  -0.11      T
  MONTH TO DATE    0.00                      0.31  -0.31      T
  SINCE SEP 1      0.00                      0.31  -0.31      T
  SINCE JAN 1     20.60                     26.12  -5.52    17.52

DEGREE DAYS
 HEATING
  YESTERDAY        3                         4     -1        0
  MONTH TO DATE    4                        10     -6        0
  SINCE SEP 1      4                        10     -6        0
  SINCE JUL 1     10                        76    -66       13

 COOLING
  YESTERDAY        0                         2     -2        8
  MONTH TO DATE    4                         6     -2       22
  SINCE SEP 1      4                         6     -2       22
  SINCE JAN 1    589                       333    256      521
..................................................................


WIND (MPH)
  HIGHEST WIND SPEED    12   HIGHEST WIND DIRECTION    NE (30)
  HIGHEST GUST SPEED    16   HIGHEST GUST DIRECTION    NE (30)
  AVERAGE WIND SPEED     3.3


SKY COVER
  AVERAGE SKY COVER 0.0



RELATIVE HUMIDITY (PERCENT)
 HIGHEST    96          1200 AM
 LOWEST     41           500 PM
 AVERAGE    69

..........................................................


THE GLENS FALLS NY CLIMATE NORMALS FOR TODAY
                         NORMAL    RECORD    YEAR
 MAXIMUM TEMPERATURE (F)   75        92      1973
 MINIMUM TEMPERATURE (F)   51        40      1987


SUNRISE AND SUNSET
SEPTEMBER  4 2016.....SUNRISE   622 AM EDT   SUNSET   723 PM EDT
SEPTEMBER  5 2016.....SUNRISE   623 AM EDT   SUNSET   722 PM EDT


-  INDICATES NEGATIVE NUMBERS.
R  INDICATES RECORD WAS SET OR TIED.
MM INDICATES DATA IS MISSING.
T  INDICATES TRACE AMOUNT.




$$
