000
CDUS41 KALY 130624
CLIGFL


CLIMATE REPORT
NATIONAL WEATHER SERVICE ALBANY NY
224 AM EDT WED SEP 13 2017


...................................

...THE GLENS FALLS NY CLIMATE SUMMARY FOR SEPTEMBER 12 2017...

CLIMATE NORMAL PERIOD 1981 TO 2010
CLIMATE RECORD PERIOD 1949 TO 2017


WEATHER ITEM   OBSERVED TIME   RECORD YEAR NORMAL DEPARTURE LAST
                VALUE   (LST)  VALUE       VALUE  FROM      YEAR
                                                  NORMAL
..................................................................
TEMPERATURE (F)
 YESTERDAY
  MAXIMUM         76    342 PM  88    2005  72      4       75
  MINIMUM         47   1235 AM  33    2006  48     -1       43
  AVERAGE         62                        60      2       59

PRECIPITATION (IN)
  YESTERDAY        0.00          3.02 1960   0.11  -0.11     0.00
  MONTH TO DATE    2.13                      1.25   0.88     0.62
  SINCE SEP 1      2.13                      1.25   0.88     0.62
  SINCE JAN 1     29.26                     27.06   2.20    21.78

DEGREE DAYS
 HEATING
  YESTERDAY        3                         6     -3        6
  MONTH TO DATE   87                        53     34       11
  SINCE SEP 1     87                        53     34       11
  SINCE JUL 1    154                       119     35       17

 COOLING
  YESTERDAY        0                         1     -1        0
  MONTH TO DATE    2                        17    -15       43
  SINCE SEP 1      2                        17    -15       43
  SINCE JAN 1    316                       344    -28      628
..................................................................


WIND (MPH)
  HIGHEST WIND SPEED    12   HIGHEST WIND DIRECTION     S (190)
  HIGHEST GUST SPEED    15   HIGHEST GUST DIRECTION     S (190)
  AVERAGE WIND SPEED     2.7


SKY COVER
  AVERAGE SKY COVER 0.4



RELATIVE HUMIDITY (PERCENT)
 HIGHEST   100           100 AM
 LOWEST     57           200 PM
 AVERAGE    79

..........................................................


THE GLENS FALLS NY CLIMATE NORMALS FOR TODAY
                         NORMAL    RECORD    YEAR
 MAXIMUM TEMPERATURE (F)   72        90      1952
 MINIMUM TEMPERATURE (F)   48        34      1985


SUNRISE AND SUNSET
SEPTEMBER 13 2017.....SUNRISE   632 AM EDT   SUNSET   708 PM EDT
SEPTEMBER 14 2017.....SUNRISE   633 AM EDT   SUNSET   706 PM EDT


-  INDICATES NEGATIVE NUMBERS.
R  INDICATES RECORD WAS SET OR TIED.
MM INDICATES DATA IS MISSING.
T  INDICATES TRACE AMOUNT.




$$
