000
CDUS41 KALY 020624
CLIGFL


CLIMATE REPORT
NATIONAL WEATHER SERVICE ALBANY NY
123 AM EST THU FEB 2 2017


...................................

...THE GLENS FALLS NY CLIMATE SUMMARY FOR FEBRUARY 1 2017...

CLIMATE NORMAL PERIOD 1981 TO 2010
CLIMATE RECORD PERIOD 1949 TO 2017


WEATHER ITEM   OBSERVED TIME   RECORD YEAR NORMAL DEPARTURE LAST
                VALUE   (LST)  VALUE       VALUE  FROM      YEAR
                                                  NORMAL
..................................................................
TEMPERATURE (F)
 YESTERDAY
  MAXIMUM         40    327 PM  56    1989  30     10       MM
  MINIMUM         24    734 AM -20    1971   7     17       MM
  AVERAGE         32                        18     14       MM

PRECIPITATION (IN)
  YESTERDAY        0.04          1.70 1951   0.08  -0.04     0.00
  MONTH TO DATE    0.04                      0.08  -0.04     0.00
  SINCE DEC 1      5.09                      5.99  -0.90     5.11
  SINCE JAN 1      2.22                      2.94  -0.72     1.06

DEGREE DAYS
 HEATING
  YESTERDAY       33                        47    -14       MM
  MONTH TO DATE   33                        47    -14       MM
  SINCE DEC 1   2286                      2745   -459     1888
  SINCE JUL 1   3602                      4443   -841     3179

 COOLING
  YESTERDAY        0                         0      0       MM
  MONTH TO DATE    0                         0      0       MM
  SINCE DEC 1      0                         0      0        0
  SINCE JAN 1      0                         0      0        0
..................................................................


WIND (MPH)
  HIGHEST WIND SPEED    17   HIGHEST WIND DIRECTION     W (250)
  HIGHEST GUST SPEED    27   HIGHEST GUST DIRECTION    SW (240)
  AVERAGE WIND SPEED     6.2


SKY COVER
  AVERAGE SKY COVER 0.9



RELATIVE HUMIDITY (PERCENT)
 HIGHEST    88           700 AM
 LOWEST     44           300 PM
 AVERAGE    66

..........................................................


THE GLENS FALLS NY CLIMATE NORMALS FOR TODAY
                         NORMAL    RECORD    YEAR
 MAXIMUM TEMPERATURE (F)   30        54      1981
 MINIMUM TEMPERATURE (F)    7       -18      1984


SUNRISE AND SUNSET
FEBRUARY  2 2017......SUNRISE   709 AM EST   SUNSET   508 PM EST
FEBRUARY  3 2017......SUNRISE   708 AM EST   SUNSET   509 PM EST


-  INDICATES NEGATIVE NUMBERS.
R  INDICATES RECORD WAS SET OR TIED.
MM INDICATES DATA IS MISSING.
T  INDICATES TRACE AMOUNT.




$$
