000
CDUS41 KALY 310625
CLIGFL


CLIMATE REPORT
NATIONAL WEATHER SERVICE ALBANY NY
224 AM EDT MON MAR 31 2014


...................................

...THE GLENS FALLS NY CLIMATE SUMMARY FOR MARCH 30 2014...

CLIMATE NORMAL PERIOD 1981 TO 2010
CLIMATE RECORD PERIOD 1949 TO 2014


WEATHER ITEM   OBSERVED TIME   RECORD YEAR NORMAL DEPARTURE LAST
                VALUE   (LST)  VALUE       VALUE  FROM      YEAR
                                                  NORMAL
..................................................................
TEMPERATURE (F)
 YESTERDAY
  MAXIMUM         40    232 PM  85    1998  49     -9       55
  MINIMUM         33   1159 PM  10    2008  26      7       23
  AVERAGE         37                        37      0       39

PRECIPITATION (IN)
  YESTERDAY        0.53          1.15 1989   0.10   0.43     0.00
  MONTH TO DATE    2.72                      2.85  -0.13     2.81
  SINCE MAR 1      2.72                      2.85  -0.13     2.81
  SINCE JAN 1      7.25                      7.79  -0.54     5.11

DEGREE DAYS
 HEATING
  YESTERDAY       28                        28      0       26
  MONTH TO DATE 1282                      1016    266      960
  SINCE MAR 1   1282                      1016    266      960
  SINCE JUL 1   7051                      6636    415     6061

 COOLING
  YESTERDAY        0                         0      0        0
  MONTH TO DATE    0                         0      0        0
  SINCE MAR 1      0                         0      0        0
  SINCE JAN 1      0                         0      0        0
..................................................................


WIND (MPH)
  HIGHEST WIND SPEED    23   HIGHEST WIND DIRECTION     N (360)
  HIGHEST GUST SPEED    29   HIGHEST GUST DIRECTION     N (350)
  AVERAGE WIND SPEED    13.2


SKY COVER
  AVERAGE SKY COVER 1.0



RELATIVE HUMIDITY (PERCENT)
 HIGHEST   100           700 AM
 LOWEST     76           400 PM
 AVERAGE    88

..........................................................


THE GLENS FALLS NY CLIMATE NORMALS FOR TODAY
                         NORMAL    RECORD    YEAR
 MAXIMUM TEMPERATURE (F)   49        86      1998
 MINIMUM TEMPERATURE (F)   27         8      1954


SUNRISE AND SUNSET
MARCH 31 2014.........SUNRISE   638 AM EDT   SUNSET   720 PM EDT
APRIL  1 2014.........SUNRISE   636 AM EDT   SUNSET   721 PM EDT


-  INDICATES NEGATIVE NUMBERS.
R  INDICATES RECORD WAS SET OR TIED.
MM INDICATES DATA IS MISSING.
T  INDICATES TRACE AMOUNT.




$$
