000
CDUS41 KALY 310631
CLIGFL


CLIMATE REPORT
NATIONAL WEATHER SERVICE ALBANY NY
230 AM EDT WED MAY 31 2017


...................................

...THE GLENS FALLS NY CLIMATE SUMMARY FOR MAY 30 2017...

CLIMATE NORMAL PERIOD 1981 TO 2010
CLIMATE RECORD PERIOD 1949 TO 2017


WEATHER ITEM   OBSERVED TIME   RECORD YEAR NORMAL DEPARTURE LAST
                VALUE   (LST)  VALUE       VALUE  FROM      YEAR
                                                  NORMAL
..................................................................
TEMPERATURE (F)
 YESTERDAY
  MAXIMUM         63    437 PM  91    1987  72     -9       87
  MINIMUM         54         MM  27    1967  47      7       66
  AVERAGE         59                        60     -1       77

PRECIPITATION (IN)
  YESTERDAY        0.44          0.84 2015   0.12   0.32     0.02
  MONTH TO DATE    5.73                      3.49   2.24     3.09
  SINCE MAR 1     11.57                      9.43   2.14     6.83
  SINCE JAN 1     16.26                     14.37   1.89    11.62

DEGREE DAYS
 HEATING
  YESTERDAY        6                         6      0        0
  MONTH TO DATE  282                       304    -22      256
  SINCE MAR 1   1794                      1960   -166     1703
  SINCE JUL 1   6316                      7580  -1264     5883

 COOLING
  YESTERDAY        0                         1     -1       12
  MONTH TO DATE   15                         7      8       50
  SINCE MAR 1     21                         8     13       50
  SINCE JAN 1     21                         8     13       50
..................................................................


WIND (MPH)
  HIGHEST WIND SPEED    17   HIGHEST WIND DIRECTION    SW (210)
  HIGHEST GUST SPEED    23   HIGHEST GUST DIRECTION     S (200)
  AVERAGE WIND SPEED     7.3


SKY COVER
  AVERAGE SKY COVER 1.0



RELATIVE HUMIDITY (PERCENT)
 HIGHEST    84           700 PM
 LOWEST     84           700 PM
 AVERAGE    84

..........................................................


THE GLENS FALLS NY CLIMATE NORMALS FOR TODAY
                         NORMAL    RECORD    YEAR
 MAXIMUM TEMPERATURE (F)   72        91      2013
 MINIMUM TEMPERATURE (F)   48        30      1967


SUNRISE AND SUNSET
MAY 31 2017...........SUNRISE   517 AM EDT   SUNSET   827 PM EDT
JUNE  1 2017..........SUNRISE   517 AM EDT   SUNSET   828 PM EDT


-  INDICATES NEGATIVE NUMBERS.
R  INDICATES RECORD WAS SET OR TIED.
MM INDICATES DATA IS MISSING.
T  INDICATES TRACE AMOUNT.




$$
