000
CDUS41 KALY 180628
CLIGFL


CLIMATE REPORT
NATIONAL WEATHER SERVICE ALBANY NY
228 AM EDT THU JUN 18 2015


...................................

...THE GLENS FALLS NY CLIMATE SUMMARY FOR JUNE 17 2015...

CLIMATE NORMAL PERIOD 1981 TO 2010
CLIMATE RECORD PERIOD 1949 TO 2015


WEATHER ITEM   OBSERVED TIME   RECORD YEAR NORMAL DEPARTURE LAST
                VALUE   (LST)  VALUE       VALUE  FROM      YEAR
                                                  NORMAL
..................................................................
TEMPERATURE (F)
 YESTERDAY
  MAXIMUM         75    345 PM  93    1994  77     -2       87
  MINIMUM         56   1010 PM  43    1965  53      3       55
  AVERAGE         66                        65      1       71

PRECIPITATION (IN)
  YESTERDAY        0.00          0.86 1960   0.12  -0.12     0.62
  MONTH TO DATE    3.66                      2.01   1.65     3.54
  SINCE JUN 1      3.66                      2.01   1.65     3.54
  SINCE JAN 1     10.97                     16.50  -5.53    16.65

DEGREE DAYS
 HEATING
  YESTERDAY        0                         3     -3        0
  MONTH TO DATE   61                        69     -8       18
  SINCE JUN 1     61                        69     -8       18
  SINCE JUL 1   7658                      7655      3     7915

 COOLING
  YESTERDAY        1                         2     -1        6
  MONTH TO DATE   34                        27      7       26
  SINCE JUN 1     34                        27      7       26
  SINCE JAN 1    110                        39     71       46
..................................................................


WIND (MPH)
  HIGHEST WIND SPEED    14   HIGHEST WIND DIRECTION    NE (30)
  HIGHEST GUST SPEED    18   HIGHEST GUST DIRECTION     N (350)
  AVERAGE WIND SPEED     4.9


SKY COVER
  AVERAGE SKY COVER 0.0



RELATIVE HUMIDITY (PERCENT)
 HIGHEST    86          1000 PM
 LOWEST     35           400 PM
 AVERAGE    61

..........................................................


THE GLENS FALLS NY CLIMATE NORMALS FOR TODAY
                         NORMAL    RECORD    YEAR
 MAXIMUM TEMPERATURE (F)   77        93      1994
 MINIMUM TEMPERATURE (F)   53        39      1950


SUNRISE AND SUNSET
JUNE 18 2015..........SUNRISE   514 AM EDT   SUNSET   838 PM EDT
JUNE 19 2015..........SUNRISE   514 AM EDT   SUNSET   838 PM EDT


-  INDICATES NEGATIVE NUMBERS.
R  INDICATES RECORD WAS SET OR TIED.
MM INDICATES DATA IS MISSING.
T  INDICATES TRACE AMOUNT.




$$
