000
CDUS41 KALY 020628
CLIGFL


CLIMATE REPORT
NATIONAL WEATHER SERVICE ALBANY NY
225 AM EDT WED APR 2 2014


...................................

...THE GLENS FALLS NY CLIMATE SUMMARY FOR APRIL 1 2014...

CLIMATE NORMAL PERIOD 1981 TO 2010
CLIMATE RECORD PERIOD 1949 TO 2014


WEATHER ITEM   OBSERVED TIME   RECORD YEAR NORMAL DEPARTURE LAST
                VALUE   (LST)  VALUE       VALUE  FROM      YEAR
                                                  NORMAL
..................................................................
TEMPERATURE (F)
 YESTERDAY
  MAXIMUM         47    428 PM  77    1986  50     -3       47
  MINIMUM         26    607 AM  13    1965  27     -1       29
  AVERAGE         37                        38     -1       38

PRECIPITATION (IN)
  YESTERDAY        0.00          1.76 1976   0.09  -0.09     0.02
  MONTH TO DATE    0.00                      0.09  -0.09     0.02
  SINCE MAR 1      2.72                      3.03  -0.31     3.13
  SINCE JAN 1      7.25                      7.97  -0.72     5.43

DEGREE DAYS
 HEATING
  YESTERDAY       28                        27      1       27
  MONTH TO DATE   28                        27      1       27
  SINCE MAR 1   1338                      1070    268     1013
  SINCE JUL 1   7107                      6690    417     6114

 COOLING
  YESTERDAY        0                         0      0        0
  MONTH TO DATE    0                         0      0        0
  SINCE MAR 1      0                         0      0        0
  SINCE JAN 1      0                         0      0        0
..................................................................


WIND (MPH)
  HIGHEST WIND SPEED    20   HIGHEST WIND DIRECTION     N (10)
  HIGHEST GUST SPEED    23   HIGHEST GUST DIRECTION     N (20)
  AVERAGE WIND SPEED     4.0


SKY COVER
  AVERAGE SKY COVER 0.0



RELATIVE HUMIDITY (PERCENT)
 HIGHEST    81           600 AM
 LOWEST     41           200 PM
 AVERAGE    61

..........................................................


THE GLENS FALLS NY CLIMATE NORMALS FOR TODAY
                         NORMAL    RECORD    YEAR
 MAXIMUM TEMPERATURE (F)   50        78      2010
 MINIMUM TEMPERATURE (F)   28        18      1956


SUNRISE AND SUNSET
APRIL  2 2014.........SUNRISE   635 AM EDT   SUNSET   722 PM EDT
APRIL  3 2014.........SUNRISE   633 AM EDT   SUNSET   723 PM EDT


-  INDICATES NEGATIVE NUMBERS.
R  INDICATES RECORD WAS SET OR TIED.
MM INDICATES DATA IS MISSING.
T  INDICATES TRACE AMOUNT.




$$
