000
CDUS41 KALY 152045
CLIGFL


CLIMATE REPORT
NATIONAL WEATHER SERVICE ALBANY NY
445 PM EDT SUN MAR 15 2015


...................................

...THE GLENS FALLS NY CLIMATE SUMMARY FOR MARCH 15 2015...
VALID TODAY AS OF 0400 PM LOCAL TIME.

CLIMATE NORMAL PERIOD 1981 TO 2010
CLIMATE RECORD PERIOD 1949 TO 2015


WEATHER ITEM   OBSERVED TIME   RECORD YEAR NORMAL DEPARTURE LAST
                VALUE   (LST)  VALUE       VALUE  FROM      YEAR
                                                  NORMAL
..................................................................
TEMPERATURE (F)
 TODAY
  MAXIMUM         39   1205 PM  71    1990  42     -3       46
  MINIMUM         34    243 PM -10    1993  20     14       28
  AVERAGE         37                        31      6       37

PRECIPITATION (IN)
  TODAY            0.01          0.90 1986   0.10  -0.09      T
  MONTH TO DATE    0.12                      1.39  -1.27     1.03
  SINCE MAR 1      0.12                      1.39  -1.27     1.03
  SINCE JAN 1      2.17                      6.33  -4.16     5.56

DEGREE DAYS
 HEATING
  TODAY           28                        34     -6       28
  MONTH TO DATE  605                       555     50      699
  SINCE MAR 1    605                       555     50      699
  SINCE JUL 1   6286                      6175    111     6468

 COOLING
  TODAY            0                         0      0        0
  MONTH TO DATE    0                         0      0        0
  SINCE MAR 1      0                         0      0        0
  SINCE JAN 1      0                         0      0        0
..................................................................


WIND (MPH)
  HIGHEST WIND SPEED    24   HIGHEST WIND DIRECTION     N (340)
  HIGHEST GUST SPEED    31   HIGHEST GUST DIRECTION     N (340)
  AVERAGE WIND SPEED     8.8


SKY COVER
  AVERAGE SKY COVER 1.0



RELATIVE HUMIDITY (PERCENT)
 HIGHEST    92          1200 AM
 LOWEST     52           100 PM
 AVERAGE    72

..........................................................


THE GLENS FALLS NY CLIMATE NORMALS FOR TOMORROW
                         NORMAL    RECORD    YEAR
 MAXIMUM TEMPERATURE (F)   42        80      1990
 MINIMUM TEMPERATURE (F)   20         1      1970


SUNRISE AND SUNSET
MARCH 15 2015.........SUNRISE   707 AM EDT   SUNSET   700 PM EDT
MARCH 16 2015.........SUNRISE   705 AM EDT   SUNSET   702 PM EDT


-  INDICATES NEGATIVE NUMBERS.
R  INDICATES RECORD WAS SET OR TIED.
MM INDICATES DATA IS MISSING.
T  INDICATES TRACE AMOUNT.




$$
