000
CDUS41 KALY 110623
CLIGFL


CLIMATE REPORT
NATIONAL WEATHER SERVICE ALBANY NY
223 AM EDT MON MAY 11 2015


...................................

...THE GLENS FALLS NY CLIMATE SUMMARY FOR MAY 10 2015...

CLIMATE NORMAL PERIOD 1981 TO 2010
CLIMATE RECORD PERIOD 1949 TO 2015


WEATHER ITEM   OBSERVED TIME   RECORD YEAR NORMAL DEPARTURE LAST
                VALUE   (LST)  VALUE       VALUE  FROM      YEAR
                                                  NORMAL
..................................................................
TEMPERATURE (F)
 YESTERDAY
  MAXIMUM         86    254 PM  88    1965  66     20       81
  MINIMUM         65    647 AM  28    1966  41     24       61
  AVERAGE         76                        54     22       71

PRECIPITATION (IN)
  YESTERDAY        0.06          1.45 1990   0.12  -0.06     0.23
  MONTH TO DATE    0.06                      1.14  -1.08     0.85
  SINCE MAR 1      2.71                      7.08  -4.37     6.39
  SINCE JAN 1      4.76                     12.02  -7.26    10.92

DEGREE DAYS
 HEATING
  YESTERDAY        0                        12    -12        0
  MONTH TO DATE   38                       131    -93      113
  SINCE MAR 1   1820                      1787     33     2017
  SINCE JUL 1   7501                      7407     94     7786

 COOLING
  YESTERDAY       11                         0     11        6
  MONTH TO DATE   21                         0     21        6
  SINCE MAR 1     21                         1     20        6
  SINCE JAN 1     21                         1     20        6
..................................................................


WIND (MPH)
  HIGHEST WIND SPEED    16   HIGHEST WIND DIRECTION     S (190)
  HIGHEST GUST SPEED    22   HIGHEST GUST DIRECTION     S (180)
  AVERAGE WIND SPEED     7.6


SKY COVER
  AVERAGE SKY COVER 0.7



RELATIVE HUMIDITY (PERCENT)
 HIGHEST    87           300 AM
 LOWEST     46           500 PM
 AVERAGE    67

..........................................................


THE GLENS FALLS NY CLIMATE NORMALS FOR TODAY
                         NORMAL    RECORD    YEAR
 MAXIMUM TEMPERATURE (F)   67        90      1993
 MINIMUM TEMPERATURE (F)   41        22      1966


SUNRISE AND SUNSET
MAY 11 2015...........SUNRISE   535 AM EDT   SUNSET   807 PM EDT
MAY 12 2015...........SUNRISE   534 AM EDT   SUNSET   808 PM EDT


-  INDICATES NEGATIVE NUMBERS.
R  INDICATES RECORD WAS SET OR TIED.
MM INDICATES DATA IS MISSING.
T  INDICATES TRACE AMOUNT.




$$
