320
CDUS41 KALY 222145
CLIGFL


CLIMATE REPORT
NATIONAL WEATHER SERVICE ALBANY NY
444 PM EST TUE NOV 22 2016


...................................

...THE GLENS FALLS NY CLIMATE SUMMARY FOR NOVEMBER 22 2016...
VALID TODAY AS OF 0400 PM LOCAL TIME.

CLIMATE NORMAL PERIOD 1981 TO 2010
CLIMATE RECORD PERIOD 1949 TO 2016


WEATHER ITEM   OBSERVED TIME   RECORD YEAR NORMAL DEPARTURE LAST
                VALUE   (LST)  VALUE       VALUE  FROM      YEAR
                                                  NORMAL
..................................................................
TEMPERATURE (F)
 TODAY
  MAXIMUM         39   1203 PM  68    1953  44     -5       50
  MINIMUM         31    813 AM  10    1969  26      5       35
  AVERAGE         35                        35      0       43

PRECIPITATION (IN)
  TODAY            0.00          1.07 1991   0.12  -0.12      T
  MONTH TO DATE    2.28                      2.43  -0.15     1.01
  SINCE SEP 1      6.43                      9.32  -2.89     9.41
  SINCE JAN 1     27.59                     35.13  -7.54    26.93

DEGREE DAYS
 HEATING
  TODAY           30                        30      0       22
  MONTH TO DATE  518                       586    -68      422
  SINCE SEP 1   1080                      1375   -295     1042
  SINCE JUL 1   1086                      1441   -355     1055

 COOLING
  TODAY            0                         0      0        0
  MONTH TO DATE    0                         0      0        0
  SINCE SEP 1     58                        25     33       97
  SINCE JAN 1    643                       352    291      596
..................................................................


WIND (MPH)
  HIGHEST WIND SPEED    23   HIGHEST WIND DIRECTION    NW (300)
  HIGHEST GUST SPEED    27   HIGHEST GUST DIRECTION     W (290)
  AVERAGE WIND SPEED     9.5


SKY COVER
  AVERAGE SKY COVER 0.8



RELATIVE HUMIDITY (PERCENT)
 HIGHEST    63          1200 AM
 LOWEST     47           300 PM
 AVERAGE    55

..........................................................


THE GLENS FALLS NY CLIMATE NORMALS FOR TOMORROW
                         NORMAL    RECORD    YEAR
 MAXIMUM TEMPERATURE (F)   43        66      1953
 MINIMUM TEMPERATURE (F)   25         7      2008


SUNRISE AND SUNSET
NOVEMBER 22 2016......SUNRISE   657 AM EST   SUNSET   424 PM EST
NOVEMBER 23 2016......SUNRISE   658 AM EST   SUNSET   423 PM EST


-  INDICATES NEGATIVE NUMBERS.
R  INDICATES RECORD WAS SET OR TIED.
MM INDICATES DATA IS MISSING.
T  INDICATES TRACE AMOUNT.




$$
