000
CDUS41 KALY 012056
CLIGFL


CLIMATE REPORT
NATIONAL WEATHER SERVICE ALBANY NY
455 PM EDT SAT APR 1 2017


...................................

...THE GLENS FALLS NY CLIMATE SUMMARY FOR APRIL 1 2017...
VALID TODAY AS OF 0400 PM LOCAL TIME.

CLIMATE NORMAL PERIOD 1981 TO 2010
CLIMATE RECORD PERIOD 1949 TO 2017


WEATHER ITEM   OBSERVED TIME   RECORD YEAR NORMAL DEPARTURE LAST
                VALUE   (LST)  VALUE       VALUE  FROM      YEAR
                                                  NORMAL
..................................................................
TEMPERATURE (F)
 TODAY
  MAXIMUM         42    336 PM  77    1986  50     -8       68
  MINIMUM         33    700 AM  13    1965  27      6       45
  AVERAGE         38                        38      0       57

PRECIPITATION (IN)
  TODAY            0.09          1.76 1976   0.09   0.00     0.20
  MONTH TO DATE    0.09                      0.09   0.00     0.20
  SINCE MAR 1      2.63                      3.03  -0.40     2.48
  SINCE JAN 1      7.32                      7.97  -0.65     7.27

DEGREE DAYS
 HEATING
  TODAY           27                        27      0        8
  MONTH TO DATE   27                        27      0        8
  SINCE MAR 1   1095                      1070     25      822
  SINCE JUL 1   5617                      6690  -1073     5002

 COOLING
  TODAY            0                         0      0        0
  MONTH TO DATE    0                         0      0        0
  SINCE MAR 1      0                         0      0        0
  SINCE JAN 1      0                         0      0        0
..................................................................


WIND (MPH)
  HIGHEST WIND SPEED    14   HIGHEST WIND DIRECTION     N (340)
  HIGHEST GUST SPEED    18   HIGHEST GUST DIRECTION     N (340)
  AVERAGE WIND SPEED    10.1


SKY COVER
  AVERAGE SKY COVER 0.9



RELATIVE HUMIDITY (PERCENT)
 HIGHEST    89           100 AM
 LOWEST     65           300 PM
 AVERAGE    77

..........................................................


THE GLENS FALLS NY CLIMATE NORMALS FOR TOMORROW
                         NORMAL    RECORD    YEAR
 MAXIMUM TEMPERATURE (F)   50        78      2010
 MINIMUM TEMPERATURE (F)   28        18      1956


SUNRISE AND SUNSET
APRIL  1 2017.........SUNRISE   636 AM EDT   SUNSET   721 PM EDT
APRIL  2 2017.........SUNRISE   634 AM EDT   SUNSET   722 PM EDT


-  INDICATES NEGATIVE NUMBERS.
R  INDICATES RECORD WAS SET OR TIED.
MM INDICATES DATA IS MISSING.
T  INDICATES TRACE AMOUNT.




$$
