000
CDUS41 KALY 170824
CLIGFL


CLIMATE REPORT
NATIONAL WEATHER SERVICE ALBANY NY
423 AM EDT WED JUN 17 2015


...................................

...THE GLENS FALLS NY CLIMATE SUMMARY FOR JUNE 16 2015...

CLIMATE NORMAL PERIOD 1981 TO 2010
CLIMATE RECORD PERIOD 1949 TO 2015


WEATHER ITEM   OBSERVED TIME   RECORD YEAR NORMAL DEPARTURE LAST
                VALUE   (LST)  VALUE       VALUE  FROM      YEAR
                                                  NORMAL
..................................................................
TEMPERATURE (F)
 YESTERDAY
  MAXIMUM         79    603 PM  94    1981  77      2       79
  MINIMUM         63    526 AM  38    1999  52     11       49
  AVERAGE         71                        65      6       64

PRECIPITATION (IN)
  YESTERDAY        0.20          1.50 1986   0.11   0.09     0.00
  MONTH TO DATE    3.66                      1.89   1.77     2.92
  SINCE JUN 1      3.66                      1.89   1.77     2.92
  SINCE JAN 1     10.97                     16.38  -5.41    16.03

DEGREE DAYS
 HEATING
  YESTERDAY        0                         3     -3        1
  MONTH TO DATE   61                        66     -5       18
  SINCE JUN 1     61                        66     -5       18
  SINCE JUL 1   7658                      7652      6     7915

 COOLING
  YESTERDAY        6                         2      4        0
  MONTH TO DATE   33                        25      8       20
  SINCE JUN 1     33                        25      8       20
  SINCE JAN 1    109                        37     72       40
..................................................................


WIND (MPH)
  HIGHEST WIND SPEED    22   HIGHEST WIND DIRECTION    NW (310)
  HIGHEST GUST SPEED    25   HIGHEST GUST DIRECTION    NW (320)
  AVERAGE WIND SPEED     5.1


SKY COVER
  AVERAGE SKY COVER 0.8



RELATIVE HUMIDITY (PERCENT)
 HIGHEST    93          1200 PM
 LOWEST     58           600 PM
 AVERAGE    76

..........................................................


THE GLENS FALLS NY CLIMATE NORMALS FOR TODAY
                         NORMAL    RECORD    YEAR
 MAXIMUM TEMPERATURE (F)   77        93      1994
 MINIMUM TEMPERATURE (F)   53        43      1965


SUNRISE AND SUNSET
JUNE 17 2015..........SUNRISE   514 AM EDT   SUNSET   837 PM EDT
JUNE 18 2015..........SUNRISE   514 AM EDT   SUNSET   838 PM EDT


-  INDICATES NEGATIVE NUMBERS.
R  INDICATES RECORD WAS SET OR TIED.
MM INDICATES DATA IS MISSING.
T  INDICATES TRACE AMOUNT.




$$
