000
CDUS41 KALY 260639
CLIGFL


CLIMATE REPORT
NATIONAL WEATHER SERVICE ALBANY NY
239 AM EDT TUE SEP 26 2017


...................................

...THE GLENS FALLS NY CLIMATE SUMMARY FOR SEPTEMBER 25 2017...

CLIMATE NORMAL PERIOD 1981 TO 2010
CLIMATE RECORD PERIOD 1949 TO 2017


WEATHER ITEM   OBSERVED TIME   RECORD YEAR NORMAL DEPARTURE LAST
                VALUE   (LST)  VALUE       VALUE  FROM      YEAR
                                                  NORMAL
..................................................................
TEMPERATURE (F)
 YESTERDAY
  MAXIMUM         90R   410 PM  84    2007  67     23       66
  MINIMUM         58    553 AM  26    1950  43     15       34
  AVERAGE         74                        55     19       50

PRECIPITATION (IN)
  YESTERDAY        0.00          1.49 1991   0.13  -0.13     0.00
  MONTH TO DATE    2.13                      2.78  -0.65     1.09
  SINCE SEP 1      2.13                      2.78  -0.65     1.09
  SINCE JAN 1     29.26                     28.59   0.67    22.25

DEGREE DAYS
 HEATING
  YESTERDAY        0                        11    -11       15
  MONTH TO DATE   92                       161    -69       58
  SINCE SEP 1     92                       161    -69       58
  SINCE JUL 1    159                       227    -68       64

 COOLING
  YESTERDAY        9                         0      9        0
  MONTH TO DATE   50                        23     27       55
  SINCE SEP 1     50                        23     27       55
  SINCE JAN 1    364                       350     14      640
..................................................................


WIND (MPH)
  HIGHEST WIND SPEED     7   HIGHEST WIND DIRECTION     N (360)
  HIGHEST GUST SPEED     9   HIGHEST GUST DIRECTION     N (20)
  AVERAGE WIND SPEED     1.7


SKY COVER
  AVERAGE SKY COVER 0.2



RELATIVE HUMIDITY (PERCENT)
 HIGHEST   100           100 AM
 LOWEST     44           400 PM
 AVERAGE    72

..........................................................


THE GLENS FALLS NY CLIMATE NORMALS FOR TODAY
                         NORMAL    RECORD    YEAR
 MAXIMUM TEMPERATURE (F)   66        87      2007
 MINIMUM TEMPERATURE (F)   42        28      1978


SUNRISE AND SUNSET
SEPTEMBER 26 2017.....SUNRISE   646 AM EDT   SUNSET   644 PM EDT
SEPTEMBER 27 2017.....SUNRISE   648 AM EDT   SUNSET   642 PM EDT


-  INDICATES NEGATIVE NUMBERS.
R  INDICATES RECORD WAS SET OR TIED.
MM INDICATES DATA IS MISSING.
T  INDICATES TRACE AMOUNT.




$$
