000
CDUS41 KALY 292045
CLIGFL


CLIMATE REPORT
NATIONAL WEATHER SERVICE ALBANY NY
445 PM EDT SAT MAR 29 2014


...................................

...THE GLENS FALLS NY CLIMATE SUMMARY FOR MARCH 29 2014...
VALID TODAY AS OF 0400 PM LOCAL TIME.

CLIMATE NORMAL PERIOD 1981 TO 2010
CLIMATE RECORD PERIOD 1949 TO 2014


WEATHER ITEM   OBSERVED TIME   RECORD YEAR NORMAL DEPARTURE LAST
                VALUE   (LST)  VALUE       VALUE  FROM      YEAR
                                                  NORMAL
..................................................................
TEMPERATURE (F)
 TODAY
  MAXIMUM         46    323 PM  79    1981  48     -2       48
  MINIMUM         36    440 AM   6    1959  26     10       25
  AVERAGE         41                        37      4       37

PRECIPITATION (IN)
  TODAY            0.00          1.28 1993   0.09  -0.09      T
  MONTH TO DATE    1.78                      2.75  -0.97     2.81
  SINCE MAR 1      1.78                      2.75  -0.97     2.81
  SINCE JAN 1      6.31                      7.69  -1.38     5.11

DEGREE DAYS
 HEATING
  TODAY           24                        28     -4       28
  MONTH TO DATE 1254                       988    266      934
  SINCE MAR 1   1254                       988    266      934
  SINCE JUL 1   7023                      6608    415     6035

 COOLING
  TODAY            0                         0      0        0
  MONTH TO DATE    0                         0      0        0
  SINCE MAR 1      0                         0      0        0
  SINCE JAN 1      0                         0      0        0
..................................................................


WIND (MPH)
  HIGHEST WIND SPEED    13   HIGHEST WIND DIRECTION    NE (50)
  HIGHEST GUST SPEED    16   HIGHEST GUST DIRECTION    NE (50)
  AVERAGE WIND SPEED     5.3


SKY COVER
  AVERAGE SKY COVER 0.9



RELATIVE HUMIDITY (PERCENT)
 HIGHEST   100           400 AM
 LOWEST     53           300 PM
 AVERAGE    77

..........................................................


THE GLENS FALLS NY CLIMATE NORMALS FOR TOMORROW
                         NORMAL    RECORD    YEAR
 MAXIMUM TEMPERATURE (F)   49        85      1998
 MINIMUM TEMPERATURE (F)   26        10      2008


SUNRISE AND SUNSET
MARCH 29 2014.........SUNRISE   642 AM EDT   SUNSET   717 PM EDT
MARCH 30 2014.........SUNRISE   640 AM EDT   SUNSET   719 PM EDT


-  INDICATES NEGATIVE NUMBERS.
R  INDICATES RECORD WAS SET OR TIED.
MM INDICATES DATA IS MISSING.
T  INDICATES TRACE AMOUNT.




$$
