000
CDUS41 KALY 080629
CLIGFL


CLIMATE REPORT
NATIONAL WEATHER SERVICE ALBANY NY
228 AM EDT SUN MAY 8 2016


...................................

...THE GLENS FALLS NY CLIMATE SUMMARY FOR MAY 7 2016...

CLIMATE NORMAL PERIOD 1981 TO 2010
CLIMATE RECORD PERIOD 1949 TO 2016


WEATHER ITEM   OBSERVED TIME   RECORD YEAR NORMAL DEPARTURE LAST
                VALUE   (LST)  VALUE       VALUE  FROM      YEAR
                                                  NORMAL
..................................................................
TEMPERATURE (F)
 YESTERDAY
  MAXIMUM         68    220 PM  88    2000  66      2       82
  MINIMUM         47    221 AM  25    1967  40      7       40
  AVERAGE         58                        53      5       61

PRECIPITATION (IN)
  YESTERDAY        T             1.03 1989   0.11  -0.11     0.00
  MONTH TO DATE    1.20                      0.80   0.40     0.00
  SINCE MAR 1      4.94                      6.74  -1.80     2.65
  SINCE JAN 1      9.73                     11.68  -1.95     4.70

DEGREE DAYS
 HEATING
  YESTERDAY        7                        13     -6        4
  MONTH TO DATE   94                        95     -1       38
  SINCE MAR 1   1541                      1751   -210     1820
  SINCE JUL 1   5721                      7371  -1650     7501

 COOLING
  YESTERDAY        0                         0      0        0
  MONTH TO DATE    0                         0      0        0
  SINCE MAR 1      0                         1     -1        0
  SINCE JAN 1      0                         1     -1        0
..................................................................


WIND (MPH)
  HIGHEST WIND SPEED    17   HIGHEST WIND DIRECTION     S (160)
  HIGHEST GUST SPEED    24   HIGHEST GUST DIRECTION     S (170)
  AVERAGE WIND SPEED     5.1


SKY COVER
  AVERAGE SKY COVER 0.6



RELATIVE HUMIDITY (PERCENT)
 HIGHEST    93          1200 AM
 LOWEST     52          1200 PM
 AVERAGE    73

..........................................................


THE GLENS FALLS NY CLIMATE NORMALS FOR TODAY
                         NORMAL    RECORD    YEAR
 MAXIMUM TEMPERATURE (F)   66        88      2015
 MINIMUM TEMPERATURE (F)   40        27      1968


SUNRISE AND SUNSET
MAY  8 2016...........SUNRISE   538 AM EDT   SUNSET   805 PM EDT
MAY  9 2016...........SUNRISE   537 AM EDT   SUNSET   806 PM EDT


-  INDICATES NEGATIVE NUMBERS.
R  INDICATES RECORD WAS SET OR TIED.
MM INDICATES DATA IS MISSING.
T  INDICATES TRACE AMOUNT.




$$
