000
CDUS41 KALY 160628
CLIGFL


CLIMATE REPORT
NATIONAL WEATHER SERVICE ALBANY NY
126 AM EST MON FEB 16 2015


...................................

...THE GLENS FALLS NY CLIMATE SUMMARY FOR FEBRUARY 15 2015...

CLIMATE NORMAL PERIOD 1981 TO 2010
CLIMATE RECORD PERIOD 1949 TO 2015


WEATHER ITEM   OBSERVED TIME   RECORD YEAR NORMAL DEPARTURE LAST
                VALUE   (LST)  VALUE       VALUE  FROM      YEAR
                                                  NORMAL
..................................................................
TEMPERATURE (F)
 YESTERDAY
  MAXIMUM         16    412 AM  54    2006  33    -17       32
  MINIMUM         -6   1159 PM -20    1987  10    -16       22
  AVERAGE          5                        21    -16       27

PRECIPITATION (IN)
  YESTERDAY        T             1.27 1990   0.07  -0.07      T
  MONTH TO DATE    0.47                      1.12  -0.65     1.50
  SINCE DEC 1      6.04                      7.03  -0.99     5.82
  SINCE JAN 1      1.96                      3.98  -2.02     3.43

DEGREE DAYS
 HEATING
  YESTERDAY       60                        44     16       38
  MONTH TO DATE  848                       680    168      725
  SINCE DEC 1   3458                      3378     80     3495
  SINCE JUL 1   4919                      5076   -157     5174

 COOLING
  YESTERDAY        0                         0      0        0
  MONTH TO DATE    0                         0      0        0
  SINCE DEC 1      0                         0      0        0
  SINCE JAN 1      0                         0      0        0
..................................................................


WIND (MPH)
  HIGHEST WIND SPEED    29   HIGHEST WIND DIRECTION    NW (310)
  HIGHEST GUST SPEED    36   HIGHEST GUST DIRECTION    NW (330)
  AVERAGE WIND SPEED    14.9


SKY COVER
  AVERAGE SKY COVER 0.5



RELATIVE HUMIDITY (PERCENT)
 HIGHEST    80           100 AM
 LOWEST     41           500 PM
 AVERAGE    61

..........................................................


THE GLENS FALLS NY CLIMATE NORMALS FOR TODAY
                         NORMAL    RECORD    YEAR
 MAXIMUM TEMPERATURE (F)   33        61      1981
 MINIMUM TEMPERATURE (F)   10       -24      2004


SUNRISE AND SUNSET
FEBRUARY 16 2015......SUNRISE   651 AM EST   SUNSET   526 PM EST
FEBRUARY 17 2015......SUNRISE   650 AM EST   SUNSET   527 PM EST


-  INDICATES NEGATIVE NUMBERS.
R  INDICATES RECORD WAS SET OR TIED.
MM INDICATES DATA IS MISSING.
T  INDICATES TRACE AMOUNT.




$$
