000
CDUS41 KALY 070622
CLIGFL


CLIMATE REPORT
NATIONAL WEATHER SERVICE ALBANY NY
122 AM EST FRI NOV 7 2014


...................................

...THE GLENS FALLS NY CLIMATE SUMMARY FOR NOVEMBER 6 2014...

CLIMATE NORMAL PERIOD 1981 TO 2010
CLIMATE RECORD PERIOD 1949 TO 2014


WEATHER ITEM   OBSERVED TIME   RECORD YEAR NORMAL DEPARTURE LAST
                VALUE   (LST)  VALUE       VALUE  FROM      YEAR
                                                  NORMAL
..................................................................
TEMPERATURE (F)
 YESTERDAY
  MAXIMUM         48   1201 PM  70    2005  50     -2       59
  MINIMUM         33    134 AM  16    1951  30      3       33
  AVERAGE         41                        40      1       46

PRECIPITATION (IN)
  YESTERDAY        0.17          0.95 2007   0.12   0.05     0.00
  MONTH TO DATE    0.18                      0.68  -0.50     0.77
  SINCE SEP 1      4.60                      7.57  -2.97     5.41
  SINCE JAN 1     30.64                     33.38  -2.74    30.68

DEGREE DAYS
 HEATING
  YESTERDAY       24                        25     -1       19
  MONTH TO DATE  130                       145    -15      143
  SINCE SEP 1    712                       934   -222      874
  SINCE JUL 1    727                      1000   -273      912

 COOLING
  YESTERDAY        0                         0      0        0
  MONTH TO DATE    0                         0      0        0
  SINCE SEP 1     54                        25     29       43
  SINCE JAN 1    392                       352     40      537
..................................................................


WIND (MPH)
  HIGHEST WIND SPEED    13   HIGHEST WIND DIRECTION     N (350)
  HIGHEST GUST SPEED    16   HIGHEST GUST DIRECTION     N (350)
  AVERAGE WIND SPEED     4.4


SKY COVER
  AVERAGE SKY COVER 0.6



RELATIVE HUMIDITY (PERCENT)
 HIGHEST    96           100 AM
 LOWEST     66          1200 PM
 AVERAGE    81

..........................................................


THE GLENS FALLS NY CLIMATE NORMALS FOR TODAY
                         NORMAL    RECORD    YEAR
 MAXIMUM TEMPERATURE (F)   50        68      1975
 MINIMUM TEMPERATURE (F)   30        17      2012


SUNRISE AND SUNSET
NOVEMBER  7 2014......SUNRISE   637 AM EST   SUNSET   438 PM EST
NOVEMBER  8 2014......SUNRISE   639 AM EST   SUNSET   437 PM EST


-  INDICATES NEGATIVE NUMBERS.
R  INDICATES RECORD WAS SET OR TIED.
MM INDICATES DATA IS MISSING.
T  INDICATES TRACE AMOUNT.




$$
