000
CDUS41 KALY 290628
CLIGFL


CLIMATE REPORT
NATIONAL WEATHER SERVICE ALBANY NY
128 AM EST THU JAN 29 2015


...................................

...THE GLENS FALLS NY CLIMATE SUMMARY FOR JANUARY 28 2015...

CLIMATE NORMAL PERIOD 1981 TO 2010
CLIMATE RECORD PERIOD 1949 TO 2015


WEATHER ITEM   OBSERVED TIME   RECORD YEAR NORMAL DEPARTURE LAST
                VALUE   (LST)  VALUE       VALUE  FROM      YEAR
                                                  NORMAL
..................................................................
TEMPERATURE (F)
 YESTERDAY
  MAXIMUM         19    447 PM  53    2002  29    -10       15
  MINIMUM         -5   1110 PM -27    2003   7    -12       -8
  AVERAGE          7                        18    -11        4

PRECIPITATION (IN)
  YESTERDAY        T             1.28 1994   0.09  -0.09     0.00
  MONTH TO DATE    1.40                      2.60  -1.20     1.93
  SINCE DEC 1      5.48                      5.65  -0.17     4.32
  SINCE JAN 1      1.40                      2.60  -1.20     1.93

DEGREE DAYS
 HEATING
  YESTERDAY       58                        47     11       61
  MONTH TO DATE 1377                      1319     58     1352
  SINCE DEC 1   2448                      2559   -111     2612
  SINCE JUL 1   3909                      4257   -348     4291

 COOLING
  YESTERDAY        0                         0      0        0
  MONTH TO DATE    0                         0      0        0
  SINCE DEC 1      0                         0      0        0
  SINCE JAN 1      0                         0      0        0
..................................................................


WIND (MPH)
  HIGHEST WIND SPEED    15   HIGHEST WIND DIRECTION     N (20)
  HIGHEST GUST SPEED    20   HIGHEST GUST DIRECTION     N (10)
  AVERAGE WIND SPEED     4.5


SKY COVER
  AVERAGE SKY COVER 0.4



RELATIVE HUMIDITY (PERCENT)
 HIGHEST    79           700 PM
 LOWEST     45           400 PM
 AVERAGE    62

..........................................................


THE GLENS FALLS NY CLIMATE NORMALS FOR TODAY
                         NORMAL    RECORD    YEAR
 MAXIMUM TEMPERATURE (F)   29        47      1989
 MINIMUM TEMPERATURE (F)    7       -22      1963


SUNRISE AND SUNSET
JANUARY 29 2015.......SUNRISE   714 AM EST   SUNSET   502 PM EST
JANUARY 30 2015.......SUNRISE   713 AM EST   SUNSET   503 PM EST


-  INDICATES NEGATIVE NUMBERS.
R  INDICATES RECORD WAS SET OR TIED.
MM INDICATES DATA IS MISSING.
T  INDICATES TRACE AMOUNT.




$$
