000
CDUS41 KALY 260624
CLIGFL


CLIMATE REPORT
NATIONAL WEATHER SERVICE ALBANY NY
123 AM EST WED NOV 26 2014


...................................

...THE GLENS FALLS NY CLIMATE SUMMARY FOR NOVEMBER 25 2014...

CLIMATE NORMAL PERIOD 1981 TO 2010
CLIMATE RECORD PERIOD 1949 TO 2014


WEATHER ITEM   OBSERVED TIME   RECORD YEAR NORMAL DEPARTURE LAST
                VALUE   (LST)  VALUE       VALUE  FROM      YEAR
                                                  NORMAL
..................................................................
TEMPERATURE (F)
 YESTERDAY
  MAXIMUM         59   1226 AM  65    2001  43     16       31
  MINIMUM         29   1128 PM   6    2013  25      4        6
  AVERAGE         44                        34     10       19

PRECIPITATION (IN)
  YESTERDAY        0.00          1.06 1971   0.11  -0.11     0.00
  MONTH TO DATE    1.54                      2.76  -1.22     1.56
  SINCE SEP 1      5.96                      9.65  -3.69     6.20
  SINCE JAN 1     32.00                     35.46  -3.46    31.47

DEGREE DAYS
 HEATING
  YESTERDAY       21                        31    -10       46
  MONTH TO DATE  681                       679      2      713
  SINCE SEP 1   1263                      1468   -205     1444
  SINCE JUL 1   1278                      1534   -256     1482

 COOLING
  YESTERDAY        0                         0      0        0
  MONTH TO DATE    0                         0      0        0
  SINCE SEP 1     54                        25     29       43
  SINCE JAN 1    392                       352     40      537
..................................................................


WIND (MPH)
  HIGHEST WIND SPEED    20   HIGHEST WIND DIRECTION    SW (220)
  HIGHEST GUST SPEED    28   HIGHEST GUST DIRECTION    SW (210)
  AVERAGE WIND SPEED     6.2


SKY COVER
  AVERAGE SKY COVER 0.0



RELATIVE HUMIDITY (PERCENT)
 HIGHEST    85           700 PM
 LOWEST     36          1200 PM
 AVERAGE    61

..........................................................


THE GLENS FALLS NY CLIMATE NORMALS FOR TODAY
                         NORMAL    RECORD    YEAR
 MAXIMUM TEMPERATURE (F)   42        64      1979
 MINIMUM TEMPERATURE (F)   24         7      2005


SUNRISE AND SUNSET
NOVEMBER 26 2014......SUNRISE   701 AM EST   SUNSET   422 PM EST
NOVEMBER 27 2014......SUNRISE   702 AM EST   SUNSET   421 PM EST


-  INDICATES NEGATIVE NUMBERS.
R  INDICATES RECORD WAS SET OR TIED.
MM INDICATES DATA IS MISSING.
T  INDICATES TRACE AMOUNT.




$$
