000
CDUS41 KALY 210625
CLIGFL


CLIMATE REPORT
NATIONAL WEATHER SERVICE ALBANY NY
124 AM EST WED FEB 21 2018


...................................

...THE GLENS FALLS NY CLIMATE SUMMARY FOR FEBRUARY 20 2018...

CLIMATE NORMAL PERIOD 1981 TO 2010
CLIMATE RECORD PERIOD 1949 TO 2018


WEATHER ITEM   OBSERVED TIME   RECORD YEAR NORMAL DEPARTURE LAST
                VALUE   (LST)  VALUE       VALUE  FROM      YEAR
                                                  NORMAL
..................................................................
TEMPERATURE (F)
 YESTERDAY
  MAXIMUM         52    435 PM  58    1981  34     18       45
  MINIMUM         35   1159 PM -23    1966  11     24       18
  AVERAGE         44                        23     21       32

PRECIPITATION (IN)
  YESTERDAY        0.04          0.72 1981   0.07  -0.03     0.00
  MONTH TO DATE    1.68                      1.46   0.22     1.85
  SINCE DEC 1      6.27                      7.37  -1.10     6.90
  SINCE JAN 1      3.95                      4.32  -0.37     4.03

DEGREE DAYS
 HEATING
  YESTERDAY       21                        42    -21       33
  MONTH TO DATE  837                       895    -58      772
  SINCE DEC 1   3655                      3593     62     3025
  SINCE JUL 1   5066                      5291   -225     4341

 COOLING
  YESTERDAY        0                         0      0        0
  MONTH TO DATE    0                         0      0        0
  SINCE DEC 1      0                         0      0        0
  SINCE JAN 1      0                         0      0        0
..................................................................


WIND (MPH)
  HIGHEST WIND SPEED    13   HIGHEST WIND DIRECTION     S (200)
  HIGHEST GUST SPEED    18   HIGHEST GUST DIRECTION     S (200)
  AVERAGE WIND SPEED     5.6


SKY COVER
  AVERAGE SKY COVER 0.8



RELATIVE HUMIDITY (PERCENT)
 HIGHEST   100           200 AM
 LOWEST     77           400 PM
 AVERAGE    89

..........................................................


THE GLENS FALLS NY CLIMATE NORMALS FOR TODAY
                         NORMAL    RECORD    YEAR
 MAXIMUM TEMPERATURE (F)   34        65      1981
 MINIMUM TEMPERATURE (F)   11       -17      2015


SUNRISE AND SUNSET
FEBRUARY 21 2018......SUNRISE   644 AM EST   SUNSET   533 PM EST
FEBRUARY 22 2018......SUNRISE   642 AM EST   SUNSET   534 PM EST


-  INDICATES NEGATIVE NUMBERS.
R  INDICATES RECORD WAS SET OR TIED.
MM INDICATES DATA IS MISSING.
T  INDICATES TRACE AMOUNT.




$$
