000
CDUS41 KALY 230635
CLIGFL


CLIMATE REPORT
NATIONAL WEATHER SERVICE ALBANY NY
234 AM EDT THU OCT 23 2014


...................................

...THE GLENS FALLS NY CLIMATE SUMMARY FOR OCTOBER 22 2014...

CLIMATE NORMAL PERIOD 1981 TO 2010
CLIMATE RECORD PERIOD 1949 TO 2014


WEATHER ITEM   OBSERVED TIME   RECORD YEAR NORMAL DEPARTURE LAST
                VALUE   (LST)  VALUE       VALUE  FROM      YEAR
                                                  NORMAL
..................................................................
TEMPERATURE (F)
 YESTERDAY
  MAXIMUM         55   1218 PM  81    1979  56     -1       56
  MINIMUM         49    725 AM  20    1959  33     16       31
  AVERAGE         52                        44      8       44

PRECIPITATION (IN)
  YESTERDAY        0.01          1.06 1970   0.11  -0.10     0.03
  MONTH TO DATE    2.33                      2.51  -0.18     1.78
  SINCE SEP 1      3.46                      5.89  -2.43     4.21
  SINCE JAN 1     29.50                     31.70  -2.20    29.48

DEGREE DAYS
 HEATING
  YESTERDAY       13                        20     -7       21
  MONTH TO DATE  246                       372   -126      251
  SINCE SEP 1    423                       591   -168      498
  SINCE JUL 1    438                       657   -219      536

 COOLING
  YESTERDAY        0                         0      0        0
  MONTH TO DATE    7                         0      7        0
  SINCE SEP 1     54                        24     30       43
  SINCE JAN 1    392                       351     41      537
..................................................................


WIND (MPH)
  HIGHEST WIND SPEED    23   HIGHEST WIND DIRECTION     N (10)
  HIGHEST GUST SPEED    33   HIGHEST GUST DIRECTION     N (350)
  AVERAGE WIND SPEED    11.6


SKY COVER
  AVERAGE SKY COVER 1.0



RELATIVE HUMIDITY (PERCENT)
 HIGHEST    86           500 AM
 LOWEST     64          1000 PM
 AVERAGE    75

..........................................................


THE GLENS FALLS NY CLIMATE NORMALS FOR TODAY
                         NORMAL    RECORD    YEAR
 MAXIMUM TEMPERATURE (F)   56        77      1979
 MINIMUM TEMPERATURE (F)   33        20      1982


SUNRISE AND SUNSET
OCTOBER 23 2014.......SUNRISE   718 AM EDT   SUNSET   559 PM EDT
OCTOBER 24 2014.......SUNRISE   719 AM EDT   SUNSET   557 PM EDT


-  INDICATES NEGATIVE NUMBERS.
R  INDICATES RECORD WAS SET OR TIED.
MM INDICATES DATA IS MISSING.
T  INDICATES TRACE AMOUNT.




$$
