037
CDUS41 KALY 190633
CLIGFL


CLIMATE REPORT
NATIONAL WEATHER SERVICE ALBANY NY
233 AM EDT SAT AUG 19 2017


...................................

...THE GLENS FALLS NY CLIMATE SUMMARY FOR AUGUST 18 2017...

CLIMATE NORMAL PERIOD 1981 TO 2010
CLIMATE RECORD PERIOD 1949 TO 2017


WEATHER ITEM   OBSERVED TIME   RECORD YEAR NORMAL DEPARTURE LAST
                VALUE   (LST)  VALUE       VALUE  FROM      YEAR
                                                  NORMAL
..................................................................
TEMPERATURE (F)
 YESTERDAY
  MAXIMUM         78    443 PM  90    2002  79     -1       82
  MINIMUM         61    603 AM  42    1981  55      6       60
  AVERAGE         70                        67      3       71

PRECIPITATION (IN)
  YESTERDAY        0.40          2.48 1994   0.12   0.28     0.20
  MONTH TO DATE    1.14                      2.30  -1.16     2.29
  SINCE JUN 1     10.42                      9.94   0.48     9.13
  SINCE JAN 1     26.76                     24.43   2.33    20.75

DEGREE DAYS
 HEATING
  YESTERDAY        0                         1     -1        0
  MONTH TO DATE    7                        18    -11        0
  SINCE JUN 1    112                       129    -17       44
  SINCE JUL 1     19                        39    -20        0

 COOLING
  YESTERDAY        5                         3      2        6
  MONTH TO DATE   58                        70    -12      148
  SINCE JUN 1    270                       278     -8      466
  SINCE JAN 1    291                       290      1      522
..................................................................


WIND (MPH)
  HIGHEST WIND SPEED    14   HIGHEST WIND DIRECTION     S (190)
  HIGHEST GUST SPEED    16   HIGHEST GUST DIRECTION     S (180)
  AVERAGE WIND SPEED     5.3


SKY COVER
  AVERAGE SKY COVER 0.9



RELATIVE HUMIDITY (PERCENT)
 HIGHEST    93           700 AM
 LOWEST     82           600 PM
 AVERAGE    88

..........................................................


THE GLENS FALLS NY CLIMATE NORMALS FOR TODAY
                         NORMAL    RECORD    YEAR
 MAXIMUM TEMPERATURE (F)   79        87      1983
 MINIMUM TEMPERATURE (F)   55        41      1977


SUNRISE AND SUNSET
AUGUST 19 2017........SUNRISE   604 AM EDT   SUNSET   751 PM EDT
AUGUST 20 2017........SUNRISE   605 AM EDT   SUNSET   749 PM EDT


-  INDICATES NEGATIVE NUMBERS.
R  INDICATES RECORD WAS SET OR TIED.
MM INDICATES DATA IS MISSING.
T  INDICATES TRACE AMOUNT.




$$
