000
CDUS41 KALY 090624
CLIGFL


CLIMATE REPORT
NATIONAL WEATHER SERVICE ALBANY NY
224 AM EDT THU OCT 9 2014


...................................

...THE GLENS FALLS NY CLIMATE SUMMARY FOR OCTOBER 8 2014...

CLIMATE NORMAL PERIOD 1981 TO 2010
CLIMATE RECORD PERIOD 1949 TO 2014


WEATHER ITEM   OBSERVED TIME   RECORD YEAR NORMAL DEPARTURE LAST
                VALUE   (LST)  VALUE       VALUE  FROM      YEAR
                                                  NORMAL
..................................................................
TEMPERATURE (F)
 YESTERDAY
  MAXIMUM         67    245 PM  77    1993  61      6       64
  MINIMUM         52   1159 PM  17    1964  37     15       36
  AVERAGE         60                        49     11       50

PRECIPITATION (IN)
  YESTERDAY        0.21          2.41 2005   0.11   0.10     0.00
  MONTH TO DATE    1.10                      0.93   0.17     0.95
  SINCE SEP 1      2.23                      4.31  -2.08     3.38
  SINCE JAN 1     28.27                     30.12  -1.85    28.65

DEGREE DAYS
 HEATING
  YESTERDAY        5                        16    -11       15
  MONTH TO DATE   60                       115    -55       68
  SINCE SEP 1    237                       334    -97      315
  SINCE JUL 1    252                       400   -148      353

 COOLING
  YESTERDAY        0                         0      0        0
  MONTH TO DATE    0                         0      0        0
  SINCE SEP 1     47                        24     23       43
  SINCE JAN 1    385                       351     34      537
..................................................................


WIND (MPH)
  HIGHEST WIND SPEED    20   HIGHEST WIND DIRECTION    SW (220)
  HIGHEST GUST SPEED    31   HIGHEST GUST DIRECTION    SW (210)
  AVERAGE WIND SPEED     8.8


SKY COVER
  AVERAGE SKY COVER 0.7



RELATIVE HUMIDITY (PERCENT)
 HIGHEST   100           200 AM
 LOWEST     37           200 PM
 AVERAGE    69

..........................................................


THE GLENS FALLS NY CLIMATE NORMALS FOR TODAY
                         NORMAL    RECORD    YEAR
 MAXIMUM TEMPERATURE (F)   61        78      2011
 MINIMUM TEMPERATURE (F)   37        20      2001


SUNRISE AND SUNSET
OCTOBER  9 2014.......SUNRISE   701 AM EDT   SUNSET   622 PM EDT
OCTOBER 10 2014.......SUNRISE   702 AM EDT   SUNSET   620 PM EDT


-  INDICATES NEGATIVE NUMBERS.
R  INDICATES RECORD WAS SET OR TIED.
MM INDICATES DATA IS MISSING.
T  INDICATES TRACE AMOUNT.




$$
