000
CDUS41 KALY 270622
CLIGFL


CLIMATE REPORT
NATIONAL WEATHER SERVICE ALBANY NY
222 AM EDT WED SEP 27 2017


...................................

...THE GLENS FALLS NY CLIMATE SUMMARY FOR SEPTEMBER 26 2017...

CLIMATE NORMAL PERIOD 1981 TO 2010
CLIMATE RECORD PERIOD 1949 TO 2017


WEATHER ITEM   OBSERVED TIME   RECORD YEAR NORMAL DEPARTURE LAST
                VALUE   (LST)  VALUE       VALUE  FROM      YEAR
                                                  NORMAL
..................................................................
TEMPERATURE (F)
 YESTERDAY
  MAXIMUM         88R   158 PM  87    2007  66     22       67
  MINIMUM         59    621 AM  28    1978  42     17       32
  AVERAGE         74                        54     20       50

PRECIPITATION (IN)
  YESTERDAY        0.00          1.93 1975   0.12  -0.12     0.03
  MONTH TO DATE    2.13                      2.90  -0.77     1.12
  SINCE SEP 1      2.13                      2.90  -0.77     1.12
  SINCE JAN 1     29.26                     28.71   0.55    22.28

DEGREE DAYS
 HEATING
  YESTERDAY        0                        11    -11       15
  MONTH TO DATE   92                       172    -80       73
  SINCE SEP 1     92                       172    -80       73
  SINCE JUL 1    159                       238    -79       79

 COOLING
  YESTERDAY        9                         0      9        0
  MONTH TO DATE   59                        23     36       55
  SINCE SEP 1     59                        23     36       55
  SINCE JAN 1    373                       350     23      640
..................................................................


WIND (MPH)
  HIGHEST WIND SPEED     8   HIGHEST WIND DIRECTION    SE (150)
  HIGHEST GUST SPEED    11   HIGHEST GUST DIRECTION     S (160)
  AVERAGE WIND SPEED     1.6


SKY COVER
  AVERAGE SKY COVER 0.3



RELATIVE HUMIDITY (PERCENT)
 HIGHEST   100           200 AM
 LOWEST     50           200 PM
 AVERAGE    75

..........................................................


THE GLENS FALLS NY CLIMATE NORMALS FOR TODAY
                         NORMAL    RECORD    YEAR
 MAXIMUM TEMPERATURE (F)   66        81      2011
 MINIMUM TEMPERATURE (F)   42        27      1966


SUNRISE AND SUNSET
SEPTEMBER 27 2017.....SUNRISE   648 AM EDT   SUNSET   642 PM EDT
SEPTEMBER 28 2017.....SUNRISE   649 AM EDT   SUNSET   641 PM EDT


-  INDICATES NEGATIVE NUMBERS.
R  INDICATES RECORD WAS SET OR TIED.
MM INDICATES DATA IS MISSING.
T  INDICATES TRACE AMOUNT.




$$
