703
CDUS41 KALY 260625
CLIGFL


CLIMATE REPORT
NATIONAL WEATHER SERVICE ALBANY NY
124 AM EST TUE JAN 26 2016


...................................

...THE GLENS FALLS NY CLIMATE SUMMARY FOR JANUARY 25 2016...

CLIMATE NORMAL PERIOD 1981 TO 2010
CLIMATE RECORD PERIOD 1949 TO 2016


WEATHER ITEM   OBSERVED TIME   RECORD YEAR NORMAL DEPARTURE LAST
                VALUE   (LST)  VALUE       VALUE  FROM      YEAR
                                                  NORMAL
..................................................................
TEMPERATURE (F)
 YESTERDAY
  MAXIMUM         31    446 PM  54    2010  29      2       34
  MINIMUM         10    701 AM -23    2004   7      3        6
  AVERAGE         21                        18      3       20

PRECIPITATION (IN)
  YESTERDAY        0.00          1.28 2010   0.10  -0.10      T
  MONTH TO DATE    1.04                      2.33  -1.29     1.39
  SINCE DEC 1      5.09                      5.38  -0.29     5.47
  SINCE JAN 1      1.04                      2.33  -1.29     1.39

DEGREE DAYS
 HEATING
  YESTERDAY       44                        47     -3       45
  MONTH TO DATE 1030                      1178   -148     1214
  SINCE DEC 1   1853                      2418   -565     2285
  SINCE JUL 1   3144                      4116   -972     3746

 COOLING
  YESTERDAY        0                         0      0        0
  MONTH TO DATE    0                         0      0        0
  SINCE DEC 1      0                         0      0        0
  SINCE JAN 1      0                         0      0        0
..................................................................


WIND (MPH)
  HIGHEST WIND SPEED     8   HIGHEST WIND DIRECTION    SW (210)
  HIGHEST GUST SPEED    11   HIGHEST GUST DIRECTION    SW (210)
  AVERAGE WIND SPEED     1.2


SKY COVER
  AVERAGE SKY COVER 0.5



RELATIVE HUMIDITY (PERCENT)
 HIGHEST    88           200 AM
 LOWEST     63          1100 AM
 AVERAGE    76

..........................................................


THE GLENS FALLS NY CLIMATE NORMALS FOR TODAY
                         NORMAL    RECORD    YEAR
 MAXIMUM TEMPERATURE (F)   29        57      1950
 MINIMUM TEMPERATURE (F)    7       -28      1994


SUNRISE AND SUNSET
JANUARY 26 2016.......SUNRISE   717 AM EST   SUNSET   458 PM EST
JANUARY 27 2016.......SUNRISE   716 AM EST   SUNSET   459 PM EST


-  INDICATES NEGATIVE NUMBERS.
R  INDICATES RECORD WAS SET OR TIED.
MM INDICATES DATA IS MISSING.
T  INDICATES TRACE AMOUNT.




$$
