926
CDUS41 KALY 060634
CLIGFL


CLIMATE REPORT
NATIONAL WEATHER SERVICE ALBANY NY
133 AM EST WED DEC 6 2017


...................................

...THE GLENS FALLS NY CLIMATE SUMMARY FOR DECEMBER 5 2017...

CLIMATE NORMAL PERIOD 1981 TO 2010
CLIMATE RECORD PERIOD 1949 TO 2017


WEATHER ITEM   OBSERVED TIME   RECORD YEAR NORMAL DEPARTURE LAST
                VALUE   (LST)  VALUE       VALUE  FROM      YEAR
                                                  NORMAL
..................................................................
TEMPERATURE (F)
 YESTERDAY
  MAXIMUM         52   1158 PM  64    2001  38     14       39
  MINIMUM         32   1204 AM  -6    1989  21     11       24
  AVERAGE         42                        29     13       32

PRECIPITATION (IN)
  YESTERDAY        0.55          1.24 1994   0.11   0.44    MM
  MONTH TO DATE    0.55                      0.56  -0.01     0.42
  SINCE DEC 1      0.55                      0.56  -0.01     0.42
  SINCE JAN 1     34.07                     36.57  -2.50    28.72

DEGREE DAYS
 HEATING
  YESTERDAY       23                        36    -13       33
  MONTH TO DATE  148                       174    -26      137
  SINCE DEC 1    148                       174    -26      137
  SINCE JUL 1   1559                      1872   -313     1453

 COOLING
  YESTERDAY        0                         0      0        0
  MONTH TO DATE    0                         0      0        0
  SINCE DEC 1      0                         0      0        0
  SINCE JAN 1    388                       352     36      643
..................................................................


WIND (MPH)
  HIGHEST WIND SPEED    13   HIGHEST WIND DIRECTION     S (180)
  HIGHEST GUST SPEED    22   HIGHEST GUST DIRECTION     S (180)
  AVERAGE WIND SPEED     6.9


SKY COVER
  AVERAGE SKY COVER 1.0



RELATIVE HUMIDITY (PERCENT)
 HIGHEST   100          1200 AM
 LOWEST     71           700 AM
 AVERAGE    86

..........................................................


THE GLENS FALLS NY CLIMATE NORMALS FOR TODAY
                         NORMAL    RECORD    YEAR
 MAXIMUM TEMPERATURE (F)   38        63      2001
 MINIMUM TEMPERATURE (F)   20        -4      2007


SUNRISE AND SUNSET
DECEMBER  6 2017......SUNRISE   712 AM EST   SUNSET   419 PM EST
DECEMBER  7 2017......SUNRISE   713 AM EST   SUNSET   419 PM EST


-  INDICATES NEGATIVE NUMBERS.
R  INDICATES RECORD WAS SET OR TIED.
MM INDICATES DATA IS MISSING.
T  INDICATES TRACE AMOUNT.




$$
