000
CDUS41 KALY 260625
CLIGFL


CLIMATE REPORT
NATIONAL WEATHER SERVICE ALBANY NY
125 AM EST MON DEC 26 2016


...................................

...THE GLENS FALLS NY CLIMATE SUMMARY FOR DECEMBER 25 2016...

CLIMATE NORMAL PERIOD 1981 TO 2010
CLIMATE RECORD PERIOD 1949 TO 2016


WEATHER ITEM   OBSERVED TIME   RECORD YEAR NORMAL DEPARTURE LAST
                VALUE   (LST)  VALUE       VALUE  FROM      YEAR
                                                  NORMAL
..................................................................
TEMPERATURE (F)
 YESTERDAY
  MAXIMUM         41    126 AM  62    1964  31     10       53
  MINIMUM         17   1159 PM -27    1980  12      5       31
  AVERAGE         29                        22      7       42

PRECIPITATION (IN)
  YESTERDAY        0.00          1.33 1978   0.09  -0.09     0.00
  MONTH TO DATE    2.18                      2.52  -0.34     2.77
  SINCE DEC 1      2.18                      2.52  -0.34     2.77
  SINCE JAN 1     30.48                     38.53  -8.05    29.74

DEGREE DAYS
 HEATING
  YESTERDAY       36                        44     -8       23
  MONTH TO DATE  931                       972    -41      637
  SINCE DEC 1    931                       972    -41      637
  SINCE JUL 1   2247                      2670   -423     1928

 COOLING
  YESTERDAY        0                         0      0        0
  MONTH TO DATE    0                         0      0        0
  SINCE DEC 1      0                         0      0        0
  SINCE JAN 1    643                       352    291      596
..................................................................


WIND (MPH)
  HIGHEST WIND SPEED    20   HIGHEST WIND DIRECTION     N (350)
  HIGHEST GUST SPEED    24   HIGHEST GUST DIRECTION     N (350)
  AVERAGE WIND SPEED     8.0


SKY COVER
  AVERAGE SKY COVER 0.4



RELATIVE HUMIDITY (PERCENT)
 HIGHEST    85           500 AM
 LOWEST     45          1000 PM
 AVERAGE    65

..........................................................


THE GLENS FALLS NY CLIMATE NORMALS FOR TODAY
                         NORMAL    RECORD    YEAR
 MAXIMUM TEMPERATURE (F)   31        56      1964
 MINIMUM TEMPERATURE (F)   12       -29      1980


SUNRISE AND SUNSET
DECEMBER 26 2016......SUNRISE   726 AM EST   SUNSET   425 PM EST
DECEMBER 27 2016......SUNRISE   726 AM EST   SUNSET   426 PM EST


-  INDICATES NEGATIVE NUMBERS.
R  INDICATES RECORD WAS SET OR TIED.
MM INDICATES DATA IS MISSING.
T  INDICATES TRACE AMOUNT.




$$
