000
CDUS41 KALY 120625
CLIGFL


CLIMATE REPORT
NATIONAL WEATHER SERVICE ALBANY NY
123 AM EST FRI DEC 12 2014


...................................

...THE GLENS FALLS NY CLIMATE SUMMARY FOR DECEMBER 11 2014...

CLIMATE NORMAL PERIOD 1981 TO 2010
CLIMATE RECORD PERIOD 1949 TO 2014


WEATHER ITEM   OBSERVED TIME   RECORD YEAR NORMAL DEPARTURE LAST
                VALUE   (LST)  VALUE       VALUE  FROM      YEAR
                                                  NORMAL
..................................................................
TEMPERATURE (F)
 YESTERDAY
  MAXIMUM         33    239 PM  64    1966  36     -3       32
  MINIMUM         27   1159 PM -21    1977  18      9       12
  AVERAGE         30                        27      3       22

PRECIPITATION (IN)
  YESTERDAY        0.07          2.61 1952   0.10  -0.03      T
  MONTH TO DATE    2.53                      1.21   1.32     0.60
  SINCE DEC 1      2.53                      1.21   1.32     0.60
  SINCE JAN 1     34.88                     37.22  -2.34    33.44

DEGREE DAYS
 HEATING
  YESTERDAY       35                        38     -3       43
  MONTH TO DATE  395                       396     -1      374
  SINCE DEC 1    395                       396     -1      374
  SINCE JUL 1   1856                      2094   -238     2053

 COOLING
  YESTERDAY        0                         0      0        0
  MONTH TO DATE    0                         0      0        0
  SINCE DEC 1      0                         0      0        0
  SINCE JAN 1    392                       352     40      537
..................................................................


WIND (MPH)
  HIGHEST WIND SPEED     8   HIGHEST WIND DIRECTION     S (170)
  HIGHEST GUST SPEED    10   HIGHEST GUST DIRECTION     S (170)
  AVERAGE WIND SPEED     4.0


SKY COVER
  AVERAGE SKY COVER 1.0



RELATIVE HUMIDITY (PERCENT)
 HIGHEST    92           100 AM
 LOWEST     78           700 PM
 AVERAGE    85

..........................................................


THE GLENS FALLS NY CLIMATE NORMALS FOR TODAY
                         NORMAL    RECORD    YEAR
 MAXIMUM TEMPERATURE (F)   35        56      1979
 MINIMUM TEMPERATURE (F)   18       -23      1977


SUNRISE AND SUNSET
DECEMBER 12 2014......SUNRISE   718 AM EST   SUNSET   419 PM EST
DECEMBER 13 2014......SUNRISE   718 AM EST   SUNSET   419 PM EST


-  INDICATES NEGATIVE NUMBERS.
R  INDICATES RECORD WAS SET OR TIED.
MM INDICATES DATA IS MISSING.
T  INDICATES TRACE AMOUNT.




$$
