092
CDUS41 KALY 160635
CLIGFL


CLIMATE REPORT
NATIONAL WEATHER SERVICE ALBANY NY
132 AM EST THU FEB 16 2017


...................................

...THE GLENS FALLS NY CLIMATE SUMMARY FOR FEBRUARY 15 2017...

CLIMATE NORMAL PERIOD 1981 TO 2010
CLIMATE RECORD PERIOD 1949 TO 2017


WEATHER ITEM   OBSERVED TIME   RECORD YEAR NORMAL DEPARTURE LAST
                VALUE   (LST)  VALUE       VALUE  FROM      YEAR
                                                  NORMAL
..................................................................
TEMPERATURE (F)
 YESTERDAY
  MAXIMUM         39   1157 AM  54    2006  33      6       17
  MINIMUM         21    657 AM -20    1987  10     11      -11
  AVERAGE         30                        21      9        3

PRECIPITATION (IN)
  YESTERDAY        T             1.27 1990   0.07  -0.07     0.18
  MONTH TO DATE    1.85                      1.12   0.73     1.57
  SINCE DEC 1      6.90                      7.03  -0.13     6.68
  SINCE JAN 1      4.03                      3.98   0.05     2.63

DEGREE DAYS
 HEATING
  YESTERDAY       35                        44     -9       62
  MONTH TO DATE  595                       680    -85      542
  SINCE DEC 1   2848                      3378   -530     2430
  SINCE JUL 1   4164                      5076   -912     3721

 COOLING
  YESTERDAY        0                         0      0        0
  MONTH TO DATE    0                         0      0        0
  SINCE DEC 1      0                         0      0        0
  SINCE JAN 1      0                         0      0        0
..................................................................


WIND (MPH)
  HIGHEST WIND SPEED    12   HIGHEST WIND DIRECTION    NW (320)
  HIGHEST GUST SPEED    14   HIGHEST GUST DIRECTION    NW (330)
  AVERAGE WIND SPEED     1.5


SKY COVER
  AVERAGE SKY COVER 0.9



RELATIVE HUMIDITY (PERCENT)
 HIGHEST    82           600 PM
 LOWEST     59          1200 PM
 AVERAGE    71

..........................................................


THE GLENS FALLS NY CLIMATE NORMALS FOR TODAY
                         NORMAL    RECORD    YEAR
 MAXIMUM TEMPERATURE (F)   33        61      1981
 MINIMUM TEMPERATURE (F)   10       -24      2004


SUNRISE AND SUNSET
FEBRUARY 16 2017......SUNRISE   651 AM EST   SUNSET   527 PM EST
FEBRUARY 17 2017......SUNRISE   649 AM EST   SUNSET   528 PM EST


-  INDICATES NEGATIVE NUMBERS.
R  INDICATES RECORD WAS SET OR TIED.
MM INDICATES DATA IS MISSING.
T  INDICATES TRACE AMOUNT.




$$
