271
CDUS41 KALY 270645
CLIGFL


CLIMATE REPORT
NATIONAL WEATHER SERVICE ALBANY NY
245 AM EDT THU JUL 27 2017


...................................

...THE GLENS FALLS NY CLIMATE SUMMARY FOR JULY 26 2017...

CLIMATE NORMAL PERIOD 1981 TO 2010
CLIMATE RECORD PERIOD 1949 TO 2017


WEATHER ITEM   OBSERVED TIME   RECORD YEAR NORMAL DEPARTURE LAST
                VALUE   (LST)  VALUE       VALUE  FROM      YEAR
                                                  NORMAL
..................................................................
TEMPERATURE (F)
 YESTERDAY
  MAXIMUM         75    426 PM  93    1963  81     -6       86
  MINIMUM         52    255 AM  44    1976  57     -5       64
  AVERAGE         64                        69     -5       75

PRECIPITATION (IN)
  YESTERDAY        0.00          1.50 1979   0.14  -0.14     0.00
  MONTH TO DATE    5.45                      3.41   2.04     3.71
  SINCE JUN 1      9.19                      6.96   2.23     6.82
  SINCE JAN 1     25.53                     21.45   4.08    18.44

DEGREE DAYS
 HEATING
  YESTERDAY        1                         1      0        0
  MONTH TO DATE   10                        26    -16        0
  SINCE JUN 1    103                       116    -13       44
  SINCE JUL 1     10                        26    -16        0

 COOLING
  YESTERDAY        0                         5     -5       10
  MONTH TO DATE  115                       122     -7      178
  SINCE JUN 1    203                       191     12      281
  SINCE JAN 1    224                       203     21      337
..................................................................


WIND (MPH)
  HIGHEST WIND SPEED    13   HIGHEST WIND DIRECTION     S (200)
  HIGHEST GUST SPEED    18   HIGHEST GUST DIRECTION     S (190)
  AVERAGE WIND SPEED     3.8


SKY COVER
  AVERAGE SKY COVER 0.7



RELATIVE HUMIDITY (PERCENT)
 HIGHEST   100           100 AM
 LOWEST     54           200 PM
 AVERAGE    77

..........................................................


THE GLENS FALLS NY CLIMATE NORMALS FOR TODAY
                         NORMAL    RECORD    YEAR
 MAXIMUM TEMPERATURE (F)   81        96      1949
 MINIMUM TEMPERATURE (F)   57        43      2001


SUNRISE AND SUNSET
JULY 27 2017..........SUNRISE   539 AM EDT   SUNSET   822 PM EDT
JULY 28 2017..........SUNRISE   540 AM EDT   SUNSET   821 PM EDT


-  INDICATES NEGATIVE NUMBERS.
R  INDICATES RECORD WAS SET OR TIED.
MM INDICATES DATA IS MISSING.
T  INDICATES TRACE AMOUNT.




$$
