749
CDUS41 KALY 220622
CLIGFL


CLIMATE REPORT
NATIONAL WEATHER SERVICE ALBANY NY
222 AM EDT WED MAR 22 2017


...................................

...THE GLENS FALLS NY CLIMATE SUMMARY FOR MARCH 21 2017...

CLIMATE NORMAL PERIOD 1981 TO 2010
CLIMATE RECORD PERIOD 1949 TO 2017


WEATHER ITEM   OBSERVED TIME   RECORD YEAR NORMAL DEPARTURE LAST
                VALUE   (LST)  VALUE       VALUE  FROM      YEAR
                                                  NORMAL
..................................................................
TEMPERATURE (F)
 YESTERDAY
  MAXIMUM         49    341 PM  78    2012  44      5       48
  MINIMUM         26    153 AM  -5    2007  22      4       28
  AVERAGE         38                        33      5       38

PRECIPITATION (IN)
  YESTERDAY        0.00          0.90 1974   0.10  -0.10     0.00
  MONTH TO DATE    0.66                      1.98  -1.32     1.42
  SINCE MAR 1      0.66                      1.98  -1.32     1.42
  SINCE JAN 1      5.35                      6.92  -1.57     6.21

DEGREE DAYS
 HEATING
  YESTERDAY       27                        32     -5       27
  MONTH TO DATE  745                       752     -7      589
  SINCE MAR 1    745                       752     -7      589
  SINCE JUL 1   5267                      6372  -1105     4769

 COOLING
  YESTERDAY        0                         0      0        0
  MONTH TO DATE    0                         0      0        0
  SINCE MAR 1      0                         0      0        0
  SINCE JAN 1      0                         0      0        0
..................................................................


WIND (MPH)
  HIGHEST WIND SPEED    22   HIGHEST WIND DIRECTION     S (160)
  HIGHEST GUST SPEED    26   HIGHEST GUST DIRECTION     S (160)
  AVERAGE WIND SPEED     4.9


SKY COVER
  AVERAGE SKY COVER 0.5



RELATIVE HUMIDITY (PERCENT)
 HIGHEST    78           500 AM
 LOWEST     39           400 PM
 AVERAGE    59

..........................................................


THE GLENS FALLS NY CLIMATE NORMALS FOR TODAY
                         NORMAL    RECORD    YEAR
 MAXIMUM TEMPERATURE (F)   45        80      2012
 MINIMUM TEMPERATURE (F)   23         4      1956


SUNRISE AND SUNSET
MARCH 22 2017.........SUNRISE   654 AM EDT   SUNSET   709 PM EDT
MARCH 23 2017.........SUNRISE   652 AM EDT   SUNSET   711 PM EDT


-  INDICATES NEGATIVE NUMBERS.
R  INDICATES RECORD WAS SET OR TIED.
MM INDICATES DATA IS MISSING.
T  INDICATES TRACE AMOUNT.




$$
