000
CDUS41 KALY 070623
CLIGFL


CLIMATE REPORT
NATIONAL WEATHER SERVICE ALBANY NY
122 AM EST WED DEC 7 2016


...................................

...THE GLENS FALLS NY CLIMATE SUMMARY FOR DECEMBER 6 2016...

CLIMATE NORMAL PERIOD 1981 TO 2010
CLIMATE RECORD PERIOD 1949 TO 2016


WEATHER ITEM   OBSERVED TIME   RECORD YEAR NORMAL DEPARTURE LAST
                VALUE   (LST)  VALUE       VALUE  FROM      YEAR
                                                  NORMAL
..................................................................
TEMPERATURE (F)
 YESTERDAY
  MAXIMUM         38    249 PM  63    2001  38      0       36
  MINIMUM         27    655 AM  -4    2007  20      7       24
  AVERAGE         33                        29      4       30

PRECIPITATION (IN)
  YESTERDAY        0.00          2.10 1953   0.11  -0.11     0.00
  MONTH TO DATE    0.42                      0.67  -0.25     0.81
  SINCE DEC 1      0.42                      0.67  -0.25     0.81
  SINCE JAN 1     28.72                     36.68  -7.96    27.78

DEGREE DAYS
 HEATING
  YESTERDAY       32                        36     -4       35
  MONTH TO DATE  169                       210    -41      181
  SINCE DEC 1    169                       210    -41      181
  SINCE JUL 1   1485                      1908   -423     1472

 COOLING
  YESTERDAY        0                         0      0        0
  MONTH TO DATE    0                         0      0        0
  SINCE DEC 1      0                         0      0        0
  SINCE JAN 1    643                       352    291      596
..................................................................


WIND (MPH)
  HIGHEST WIND SPEED     9   HIGHEST WIND DIRECTION    NE (50)
  HIGHEST GUST SPEED    13   HIGHEST GUST DIRECTION    NE (40)
  AVERAGE WIND SPEED     3.1


SKY COVER
  AVERAGE SKY COVER 0.7



RELATIVE HUMIDITY (PERCENT)
 HIGHEST    92           100 AM
 LOWEST     70           300 PM
 AVERAGE    81

..........................................................


THE GLENS FALLS NY CLIMATE NORMALS FOR TODAY
                         NORMAL    RECORD    YEAR
 MAXIMUM TEMPERATURE (F)   37        67      1998
 MINIMUM TEMPERATURE (F)   20         0      1989


SUNRISE AND SUNSET
DECEMBER  7 2016......SUNRISE   714 AM EST   SUNSET   419 PM EST
DECEMBER  8 2016......SUNRISE   714 AM EST   SUNSET   419 PM EST


-  INDICATES NEGATIVE NUMBERS.
R  INDICATES RECORD WAS SET OR TIED.
MM INDICATES DATA IS MISSING.
T  INDICATES TRACE AMOUNT.




$$
