000
CDUS41 KALY 280625
CLIGFL


CLIMATE REPORT
NATIONAL WEATHER SERVICE ALBANY NY
225 AM EDT TUE OCT 28 2014


...................................

...THE GLENS FALLS NY CLIMATE SUMMARY FOR OCTOBER 27 2014...

CLIMATE NORMAL PERIOD 1981 TO 2010
CLIMATE RECORD PERIOD 1949 TO 2014


WEATHER ITEM   OBSERVED TIME   RECORD YEAR NORMAL DEPARTURE LAST
                VALUE   (LST)  VALUE       VALUE  FROM      YEAR
                                                  NORMAL
..................................................................
TEMPERATURE (F)
 YESTERDAY
  MAXIMUM         60    236 PM  75    1963  54      6       51
  MINIMUM         36   1117 PM  20    1974  32      4       31
  AVERAGE         48                        43      5       41

PRECIPITATION (IN)
  YESTERDAY        0.00          1.94 2003   0.12  -0.12     0.00
  MONTH TO DATE    3.26                      3.06   0.20     1.78
  SINCE SEP 1      4.39                      6.44  -2.05     4.21
  SINCE JAN 1     30.43                     32.25  -1.82    29.48

DEGREE DAYS
 HEATING
  YESTERDAY       17                        22     -5       24
  MONTH TO DATE  330                       479   -149      376
  SINCE SEP 1    507                       698   -191      623
  SINCE JUL 1    522                       764   -242      661

 COOLING
  YESTERDAY        0                         0      0        0
  MONTH TO DATE    7                         0      7        0
  SINCE SEP 1     54                        24     30       43
  SINCE JAN 1    392                       351     41      537
..................................................................


WIND (MPH)
  HIGHEST WIND SPEED    10   HIGHEST WIND DIRECTION     N (20)
  HIGHEST GUST SPEED    13   HIGHEST GUST DIRECTION    SW (240)
  AVERAGE WIND SPEED     2.7


SKY COVER
  AVERAGE SKY COVER 0.4



RELATIVE HUMIDITY (PERCENT)
 HIGHEST    92           900 PM
 LOWEST     47          1200 PM
 AVERAGE    70

..........................................................


THE GLENS FALLS NY CLIMATE NORMALS FOR TODAY
                         NORMAL    RECORD    YEAR
 MAXIMUM TEMPERATURE (F)   54        76      1984
 MINIMUM TEMPERATURE (F)   32        18      1974


SUNRISE AND SUNSET
OCTOBER 28 2014.......SUNRISE   724 AM EDT   SUNSET   551 PM EDT
OCTOBER 29 2014.......SUNRISE   726 AM EDT   SUNSET   550 PM EDT


-  INDICATES NEGATIVE NUMBERS.
R  INDICATES RECORD WAS SET OR TIED.
MM INDICATES DATA IS MISSING.
T  INDICATES TRACE AMOUNT.




$$
