000
CDUS41 KALY 252043
CLIGFL


CLIMATE REPORT
NATIONAL WEATHER SERVICE ALBANY NY
443 PM EDT MON AUG 25 2014


...................................

...THE GLENS FALLS NY CLIMATE SUMMARY FOR AUGUST 25 2014...
VALID TODAY AS OF 0400 PM LOCAL TIME.

CLIMATE NORMAL PERIOD 1981 TO 2010
CLIMATE RECORD PERIOD 1949 TO 2014


WEATHER ITEM   OBSERVED TIME   RECORD YEAR NORMAL DEPARTURE LAST
                VALUE   (LST)  VALUE       VALUE  FROM      YEAR
                                                  NORMAL
..................................................................
TEMPERATURE (F)
 TODAY
  MAXIMUM         83    342 PM  91    2007  78      5       80
  MINIMUM         55    530 AM  39    1971  54      1       45
  AVERAGE         69                        66      3       63

PRECIPITATION (IN)
  TODAY            0.00          0.74 1961   0.10  -0.10     0.01
  MONTH TO DATE    2.20                      3.07  -0.87     1.90
  SINCE JUN 1     12.30                     10.71   1.59    12.32
  SINCE JAN 1     25.41                     25.20   0.21    24.25

DEGREE DAYS
 HEATING
  TODAY            0                         2     -2        2
  MONTH TO DATE   13                        30    -17       33
  SINCE JUN 1     46                       141    -95      127
  SINCE JUL 1     14                        51    -37       38

 COOLING
  TODAY            4                         3      1        0
  MONTH TO DATE   63                        91    -28       49
  SINCE JUN 1    296                       299     -3      412
  SINCE JAN 1    316                       311      5      445
..................................................................


WIND (MPH)
  HIGHEST WIND SPEED     8   HIGHEST WIND DIRECTION     S (170)
  HIGHEST GUST SPEED    13   HIGHEST GUST DIRECTION     S (160)
  AVERAGE WIND SPEED     1.9


SKY COVER
  AVERAGE SKY COVER 0.0



RELATIVE HUMIDITY (PERCENT)
 HIGHEST   100           400 AM
 LOWEST     51          1200 PM
 AVERAGE    76

..........................................................


THE GLENS FALLS NY CLIMATE NORMALS FOR TOMORROW
                         NORMAL    RECORD    YEAR
 MAXIMUM TEMPERATURE (F)   77        92      1949
 MINIMUM TEMPERATURE (F)   54        42      1977


SUNRISE AND SUNSET
AUGUST 25 2014........SUNRISE   611 AM EDT   SUNSET   742 PM EDT
AUGUST 26 2014........SUNRISE   612 AM EDT   SUNSET   740 PM EDT


-  INDICATES NEGATIVE NUMBERS.
R  INDICATES RECORD WAS SET OR TIED.
MM INDICATES DATA IS MISSING.
T  INDICATES TRACE AMOUNT.




$$
