129
CDUS41 KALY 280626
CLIGFL


CLIMATE REPORT
NATIONAL WEATHER SERVICE ALBANY NY
223 AM EDT FRI APR 28 2017


...................................

...THE GLENS FALLS NY CLIMATE SUMMARY FOR APRIL 27 2017...

CLIMATE NORMAL PERIOD 1981 TO 2010
CLIMATE RECORD PERIOD 1949 TO 2017


WEATHER ITEM   OBSERVED TIME   RECORD YEAR NORMAL DEPARTURE LAST
                VALUE   (LST)  VALUE       VALUE  FROM      YEAR
                                                  NORMAL
..................................................................
TEMPERATURE (F)
 YESTERDAY
  MAXIMUM         75    530 PM  90    1990  62     13       60
  MINIMUM         57    504 AM  23    2002  37     20       32
  AVERAGE         66                        49     17       46

PRECIPITATION (IN)
  YESTERDAY        0.00          1.15 1979   0.10  -0.10     0.00
  MONTH TO DATE    3.26                      2.66   0.60     1.46
  SINCE MAR 1      5.80                      5.60   0.20     3.74
  SINCE JAN 1     10.49                     10.54  -0.05     8.53

DEGREE DAYS
 HEATING
  YESTERDAY        0                        16    -16       19
  MONTH TO DATE  421                       567   -146      581
  SINCE MAR 1   1489                      1610   -121     1395
  SINCE JUL 1   6011                      7230  -1219     5575

 COOLING
  YESTERDAY        1                         0      1        0
  MONTH TO DATE    3                         0      3        0
  SINCE MAR 1      3                         0      3        0
  SINCE JAN 1      3                         0      3        0
..................................................................


WIND (MPH)
  HIGHEST WIND SPEED    17   HIGHEST WIND DIRECTION     S (180)
  HIGHEST GUST SPEED    24   HIGHEST GUST DIRECTION     S (190)
  AVERAGE WIND SPEED     6.7


SKY COVER
  AVERAGE SKY COVER 0.7



RELATIVE HUMIDITY (PERCENT)
 HIGHEST    86           300 AM
 LOWEST     53           600 PM
 AVERAGE    70

..........................................................


THE GLENS FALLS NY CLIMATE NORMALS FOR TODAY
                         NORMAL    RECORD    YEAR
 MAXIMUM TEMPERATURE (F)   62        90      1990
 MINIMUM TEMPERATURE (F)   37        22      1972


SUNRISE AND SUNSET
APRIL 28 2017.........SUNRISE   552 AM EDT   SUNSET   753 PM EDT
APRIL 29 2017.........SUNRISE   550 AM EDT   SUNSET   754 PM EDT


-  INDICATES NEGATIVE NUMBERS.
R  INDICATES RECORD WAS SET OR TIED.
MM INDICATES DATA IS MISSING.
T  INDICATES TRACE AMOUNT.




$$
