000
CDUS41 KALY 230628
CLIGFL


CLIMATE REPORT
NATIONAL WEATHER SERVICE ALBANY NY
227 AM EDT SAT MAY 23 2015


...................................

...THE GLENS FALLS NY CLIMATE SUMMARY FOR MAY 22 2015...

CLIMATE NORMAL PERIOD 1981 TO 2010
CLIMATE RECORD PERIOD 1949 TO 2015


WEATHER ITEM   OBSERVED TIME   RECORD YEAR NORMAL DEPARTURE LAST
                VALUE   (LST)  VALUE       VALUE  FROM      YEAR
                                                  NORMAL
..................................................................
TEMPERATURE (F)
 YESTERDAY
  MAXIMUM         66    217 PM  88    1977  70     -4       64
  MINIMUM         44   1159 PM  30    2002  45     -1       51
  AVERAGE         55                        57     -2       58

PRECIPITATION (IN)
  YESTERDAY        0.00          0.43 2001   0.12  -0.12     0.32
  MONTH TO DATE    1.27                      2.55  -1.28     2.40
  SINCE MAR 1      3.92                      8.49  -4.57     7.94
  SINCE JAN 1      5.97                     13.43  -7.46    12.47

DEGREE DAYS
 HEATING
  YESTERDAY       10                         8      2        7
  MONTH TO DATE  110                       248   -138      178
  SINCE MAR 1   1892                      1904    -12     2082
  SINCE JUL 1   7573                      7524     49     7851

 COOLING
  YESTERDAY        0                         0      0        0
  MONTH TO DATE   38                         0     38       11
  SINCE MAR 1     38                         1     37       11
  SINCE JAN 1     38                         1     37       11
..................................................................


WIND (MPH)
  HIGHEST WIND SPEED    23   HIGHEST WIND DIRECTION    NW (300)
  HIGHEST GUST SPEED    30   HIGHEST GUST DIRECTION    NW (300)
  AVERAGE WIND SPEED     8.3


SKY COVER
  AVERAGE SKY COVER 0.6



RELATIVE HUMIDITY (PERCENT)
 HIGHEST    83           400 AM
 LOWEST     20           200 PM
 AVERAGE    52

..........................................................


THE GLENS FALLS NY CLIMATE NORMALS FOR TODAY
                         NORMAL    RECORD    YEAR
 MAXIMUM TEMPERATURE (F)   70        91      1964
 MINIMUM TEMPERATURE (F)   45        32      1967


SUNRISE AND SUNSET
MAY 23 2015...........SUNRISE   523 AM EDT   SUNSET   820 PM EDT
MAY 24 2015...........SUNRISE   522 AM EDT   SUNSET   821 PM EDT


-  INDICATES NEGATIVE NUMBERS.
R  INDICATES RECORD WAS SET OR TIED.
MM INDICATES DATA IS MISSING.
T  INDICATES TRACE AMOUNT.




$$
