000
CDUS41 KALY 160623
CLIGFL


CLIMATE REPORT
NATIONAL WEATHER SERVICE ALBANY NY
122 AM EST SAT DEC 16 2017


...................................

...THE GLENS FALLS NY CLIMATE SUMMARY FOR DECEMBER 15 2017...

CLIMATE NORMAL PERIOD 1981 TO 2010
CLIMATE RECORD PERIOD 1949 TO 2017


WEATHER ITEM   OBSERVED TIME   RECORD YEAR NORMAL DEPARTURE LAST
                VALUE   (LST)  VALUE       VALUE  FROM      YEAR
                                                  NORMAL
..................................................................
TEMPERATURE (F)
 YESTERDAY
  MAXIMUM         19    420 PM  57    2015  34    -15       25
  MINIMUM         -9    736 AM -14    2005  16    -25        5
  AVERAGE          5                        25    -20       15

PRECIPITATION (IN)
  YESTERDAY        0.00          0.80 1987   0.10  -0.10      T
  MONTH TO DATE    1.15                      1.61  -0.46     0.99
  SINCE DEC 1      1.15                      1.61  -0.46     0.99
  SINCE JAN 1     34.67                     37.62  -2.95    29.29

DEGREE DAYS
 HEATING
  YESTERDAY       60                        40     20       50
  MONTH TO DATE  549                       553     -4      512
  SINCE DEC 1    549                       553     -4      512
  SINCE JUL 1   1960                      2251   -291     1828

 COOLING
  YESTERDAY        0                         0      0        0
  MONTH TO DATE    0                         0      0        0
  SINCE DEC 1      0                         0      0        0
  SINCE JAN 1    388                       352     36      643
..................................................................


WIND (MPH)
  HIGHEST WIND SPEED     9   HIGHEST WIND DIRECTION     S (190)
  HIGHEST GUST SPEED    11   HIGHEST GUST DIRECTION     S (190)
  AVERAGE WIND SPEED     1.2


SKY COVER
  AVERAGE SKY COVER 0.3



RELATIVE HUMIDITY (PERCENT)
 HIGHEST    92           700 AM
 LOWEST     67           200 PM
 AVERAGE    80

..........................................................


THE GLENS FALLS NY CLIMATE NORMALS FOR TODAY
                         NORMAL    RECORD    YEAR
 MAXIMUM TEMPERATURE (F)   34        56      1982
 MINIMUM TEMPERATURE (F)   16       -10      1951


SUNRISE AND SUNSET
DECEMBER 16 2017......SUNRISE   721 AM EST   SUNSET   420 PM EST
DECEMBER 17 2017......SUNRISE   721 AM EST   SUNSET   420 PM EST


-  INDICATES NEGATIVE NUMBERS.
R  INDICATES RECORD WAS SET OR TIED.
MM INDICATES DATA IS MISSING.
T  INDICATES TRACE AMOUNT.




$$
