000
CDUS41 KALY 260625
CLIGFL


CLIMATE REPORT
NATIONAL WEATHER SERVICE ALBANY NY
224 AM EDT FRI MAY 26 2017


...................................

...THE GLENS FALLS NY CLIMATE SUMMARY FOR MAY 25 2017...

CLIMATE NORMAL PERIOD 1981 TO 2010
CLIMATE RECORD PERIOD 1949 TO 2017


WEATHER ITEM   OBSERVED TIME   RECORD YEAR NORMAL DEPARTURE LAST
                VALUE   (LST)  VALUE       VALUE  FROM      YEAR
                                                  NORMAL
..................................................................
TEMPERATURE (F)
 YESTERDAY
  MAXIMUM         63   1021 AM  90    2007  71     -8       88
  MINIMUM         51    428 AM  30    1992  46      5       48
  AVERAGE         57                        58     -1       68

PRECIPITATION (IN)
  YESTERDAY        0.14          0.95 1955   0.12   0.02      T
  MONTH TO DATE    3.09                      2.92   0.17     2.03
  SINCE MAR 1      8.93                      8.86   0.07     5.77
  SINCE JAN 1     13.62                     13.80  -0.18    10.56

DEGREE DAYS
 HEATING
  YESTERDAY        8                         7      1        0
  MONTH TO DATE  221                       271    -50      256
  SINCE MAR 1   1733                      1927   -194     1703
  SINCE JUL 1   6255                      7547  -1292     5883

 COOLING
  YESTERDAY        0                         1     -1        3
  MONTH TO DATE   15                         2     13        3
  SINCE MAR 1     21                         3     18        3
  SINCE JAN 1     21                         3     18        3
..................................................................


WIND (MPH)
  HIGHEST WIND SPEED    17   HIGHEST WIND DIRECTION     E (80)
  HIGHEST GUST SPEED    24   HIGHEST GUST DIRECTION     E (90)
  AVERAGE WIND SPEED    MM


SKY COVER
  AVERAGE SKY COVER 0.0



RELATIVE HUMIDITY (PERCENT)
 HIGHEST    MM
 LOWEST     MM
 AVERAGE    MM

..........................................................


THE GLENS FALLS NY CLIMATE NORMALS FOR TODAY
                         NORMAL    RECORD    YEAR
 MAXIMUM TEMPERATURE (F)   71        92      2010
 MINIMUM TEMPERATURE (F)   46        31      2009


SUNRISE AND SUNSET
MAY 26 2017...........SUNRISE   520 AM EDT   SUNSET   823 PM EDT
MAY 27 2017...........SUNRISE   520 AM EDT   SUNSET   824 PM EDT


-  INDICATES NEGATIVE NUMBERS.
R  INDICATES RECORD WAS SET OR TIED.
MM INDICATES DATA IS MISSING.
T  INDICATES TRACE AMOUNT.




$$
