370
CDUS41 KALY 200644
CLIGFL


CLIMATE REPORT
NATIONAL WEATHER SERVICE ALBANY NY
240 AM EDT WED SEP 20 2017


...................................

...THE GLENS FALLS NY CLIMATE SUMMARY FOR SEPTEMBER 19 2017...

CLIMATE NORMAL PERIOD 1981 TO 2010
CLIMATE RECORD PERIOD 1949 TO 2017


WEATHER ITEM   OBSERVED TIME   RECORD YEAR NORMAL DEPARTURE LAST
                VALUE   (LST)  VALUE       VALUE  FROM      YEAR
                                                  NORMAL
..................................................................
TEMPERATURE (F)
 YESTERDAY
  MAXIMUM         79    308 PM  85    1983  69     10       77
  MINIMUM         54    547 AM  31    1995  45      9       62
  AVERAGE         67                        57     10       70

PRECIPITATION (IN)
  YESTERDAY        0.00          0.74 1975   0.12  -0.12     0.26
  MONTH TO DATE    2.13                      2.04   0.09     1.04
  SINCE SEP 1      2.13                      2.04   0.09     1.04
  SINCE JAN 1     29.26                     27.85   1.41    22.20

DEGREE DAYS
 HEATING
  YESTERDAY        0                         8     -8        0
  MONTH TO DATE   90                       103    -13       27
  SINCE SEP 1     90                       103    -13       27
  SINCE JUL 1    157                       169    -12       33

 COOLING
  YESTERDAY        2                         0      2        5
  MONTH TO DATE   29                        23      6       55
  SINCE SEP 1     29                        23      6       55
  SINCE JAN 1    343                       350     -7      640
..................................................................


WIND (MPH)
  HIGHEST WIND SPEED    12   HIGHEST WIND DIRECTION     E (70)
  HIGHEST GUST SPEED    16   HIGHEST GUST DIRECTION     E (80)
  AVERAGE WIND SPEED     3.5


SKY COVER
  AVERAGE SKY COVER 0.4



RELATIVE HUMIDITY (PERCENT)
 HIGHEST   100           200 AM
 LOWEST     54           200 PM
 AVERAGE    77

..........................................................


THE GLENS FALLS NY CLIMATE NORMALS FOR TODAY
                         NORMAL    RECORD    YEAR
 MAXIMUM TEMPERATURE (F)   69        86      1983
 MINIMUM TEMPERATURE (F)   45        28      1993


SUNRISE AND SUNSET
SEPTEMBER 20 2017.....SUNRISE   640 AM EDT   SUNSET   655 PM EDT
SEPTEMBER 21 2017.....SUNRISE   641 AM EDT   SUNSET   653 PM EDT


-  INDICATES NEGATIVE NUMBERS.
R  INDICATES RECORD WAS SET OR TIED.
MM INDICATES DATA IS MISSING.
T  INDICATES TRACE AMOUNT.




$$
