765
CDUS41 KALY 280622
CLIGFL


CLIMATE REPORT
NATIONAL WEATHER SERVICE ALBANY NY
222 AM EDT THU APR 28 2016


...................................

...THE GLENS FALLS NY CLIMATE SUMMARY FOR APRIL 27 2016...

CLIMATE NORMAL PERIOD 1981 TO 2010
CLIMATE RECORD PERIOD 1949 TO 2016


WEATHER ITEM   OBSERVED TIME   RECORD YEAR NORMAL DEPARTURE LAST
                VALUE   (LST)  VALUE       VALUE  FROM      YEAR
                                                  NORMAL
..................................................................
TEMPERATURE (F)
 YESTERDAY
  MAXIMUM         60    450 PM  90    1990  62     -2       56
  MINIMUM         32    506 AM  23    2002  37     -5       44
  AVERAGE         46                        49     -3       50

PRECIPITATION (IN)
  YESTERDAY        0.00          1.15 1979   0.10  -0.10     0.01
  MONTH TO DATE    1.46                      2.66  -1.20     1.97
  SINCE MAR 1      3.74                      5.60  -1.86     2.65
  SINCE JAN 1      8.53                     10.54  -2.01     4.70

DEGREE DAYS
 HEATING
  YESTERDAY       19                        16      3       15
  MONTH TO DATE  581                       567     14      563
  SINCE MAR 1   1395                      1610   -215     1745
  SINCE JUL 1   5575                      7230  -1655     7426

 COOLING
  YESTERDAY        0                         0      0        0
  MONTH TO DATE    0                         0      0        0
  SINCE MAR 1      0                         0      0        0
  SINCE JAN 1      0                         0      0        0
..................................................................


WIND (MPH)
  HIGHEST WIND SPEED    18   HIGHEST WIND DIRECTION    NW (300)
  HIGHEST GUST SPEED    23   HIGHEST GUST DIRECTION    SW (220)
  AVERAGE WIND SPEED     3.9


SKY COVER
  AVERAGE SKY COVER 0.4



RELATIVE HUMIDITY (PERCENT)
 HIGHEST    96           300 AM
 LOWEST     17           300 PM
 AVERAGE    57

..........................................................


THE GLENS FALLS NY CLIMATE NORMALS FOR TODAY
                         NORMAL    RECORD    YEAR
 MAXIMUM TEMPERATURE (F)   62        90      1990
 MINIMUM TEMPERATURE (F)   37        22      1972


SUNRISE AND SUNSET
APRIL 28 2016.........SUNRISE   551 AM EDT   SUNSET   753 PM EDT
APRIL 29 2016.........SUNRISE   550 AM EDT   SUNSET   754 PM EDT


-  INDICATES NEGATIVE NUMBERS.
R  INDICATES RECORD WAS SET OR TIED.
MM INDICATES DATA IS MISSING.
T  INDICATES TRACE AMOUNT.




$$
