966
CDUS41 KALY 220638
CLIGFL


CLIMATE REPORT
NATIONAL WEATHER SERVICE ALBANY NY
135 AM EST WED FEB 22 2017


...................................

...THE GLENS FALLS NY CLIMATE SUMMARY FOR FEBRUARY 21 2017...

CLIMATE NORMAL PERIOD 1981 TO 2010
CLIMATE RECORD PERIOD 1949 TO 2017


WEATHER ITEM   OBSERVED TIME   RECORD YEAR NORMAL DEPARTURE LAST
                VALUE   (LST)  VALUE       VALUE  FROM      YEAR
                                                  NORMAL
..................................................................
TEMPERATURE (F)
 YESTERDAY
  MAXIMUM         44    444 PM  65    1981  34     10       46
  MINIMUM         13    524 AM -17    2015  11      2       30
  AVERAGE         29                        23      6       38

PRECIPITATION (IN)
  YESTERDAY        0.00          1.22 1989   0.07  -0.07      T
  MONTH TO DATE    1.85                      1.53   0.32     2.46
  SINCE DEC 1      6.90                      7.44  -0.54     7.57
  SINCE JAN 1      4.03                      4.39  -0.36     3.52

DEGREE DAYS
 HEATING
  YESTERDAY       36                        42     -6       27
  MONTH TO DATE  808                       937   -129      743
  SINCE DEC 1   3061                      3635   -574     2631
  SINCE JUL 1   4377                      5333   -956     3922

 COOLING
  YESTERDAY        0                         0      0        0
  MONTH TO DATE    0                         0      0        0
  SINCE DEC 1      0                         0      0        0
  SINCE JAN 1      0                         0      0        0
..................................................................


WIND (MPH)
  HIGHEST WIND SPEED    15   HIGHEST WIND DIRECTION     S (200)
  HIGHEST GUST SPEED    19   HIGHEST GUST DIRECTION     S (190)
  AVERAGE WIND SPEED     4.3


SKY COVER
  AVERAGE SKY COVER 0.1



RELATIVE HUMIDITY (PERCENT)
 HIGHEST    80           100 AM
 LOWEST     33           400 PM
 AVERAGE    57

..........................................................


THE GLENS FALLS NY CLIMATE NORMALS FOR TODAY
                         NORMAL    RECORD    YEAR
 MAXIMUM TEMPERATURE (F)   35        63      1981
 MINIMUM TEMPERATURE (F)   12       -12      2011


SUNRISE AND SUNSET
FEBRUARY 22 2017......SUNRISE   642 AM EST   SUNSET   535 PM EST
FEBRUARY 23 2017......SUNRISE   640 AM EST   SUNSET   536 PM EST


-  INDICATES NEGATIVE NUMBERS.
R  INDICATES RECORD WAS SET OR TIED.
MM INDICATES DATA IS MISSING.
T  INDICATES TRACE AMOUNT.




$$
