000
CDUS41 KALY 182053
CLIGFL


CLIMATE REPORT
NATIONAL WEATHER SERVICE ALBANY NY
451 PM EDT THU AUG 18 2016


...................................

...THE GLENS FALLS NY CLIMATE SUMMARY FOR AUGUST 18 2016...
VALID TODAY AS OF 0400 PM LOCAL TIME.

CLIMATE NORMAL PERIOD 1981 TO 2010
CLIMATE RECORD PERIOD 1949 TO 2016


WEATHER ITEM   OBSERVED TIME   RECORD YEAR NORMAL DEPARTURE LAST
                VALUE   (LST)  VALUE       VALUE  FROM      YEAR
                                                  NORMAL
..................................................................
TEMPERATURE (F)
 TODAY
  MAXIMUM         82   1208 PM  90    2002  79      3       89
  MINIMUM         60    154 AM  42    1981  55      5       64
  AVERAGE         71                        67      4       77

PRECIPITATION (IN)
  TODAY            0.19          2.48 1994   0.12   0.07     0.00
  MONTH TO DATE    1.72                      2.30  -0.58     1.43
  SINCE JUN 1      8.56                      9.94  -1.38     9.87
  SINCE JAN 1     20.18                     24.43  -4.25    17.18

DEGREE DAYS
 HEATING
  TODAY            0                         1     -1        0
  MONTH TO DATE    0                        18    -18        1
  SINCE JUN 1     44                       129    -85       91
  SINCE JUL 1      0                        39    -39       12

 COOLING
  TODAY            6                         3      3       12
  MONTH TO DATE  148                        70     78      102
  SINCE JUN 1    466                       278    188      345
  SINCE JAN 1    522                       290    232      421
..................................................................


WIND (MPH)
  HIGHEST WIND SPEED    22   HIGHEST WIND DIRECTION     N (20)
  HIGHEST GUST SPEED    28   HIGHEST GUST DIRECTION    NW (320)
  AVERAGE WIND SPEED     3.0


SKY COVER
  AVERAGE SKY COVER 0.5



RELATIVE HUMIDITY (PERCENT)
 HIGHEST   100           500 AM
 LOWEST     67          1100 AM
 AVERAGE    84

..........................................................


THE GLENS FALLS NY CLIMATE NORMALS FOR TOMORROW
                         NORMAL    RECORD    YEAR
 MAXIMUM TEMPERATURE (F)   79        87      1983
 MINIMUM TEMPERATURE (F)   55        41      1977


SUNRISE AND SUNSET
AUGUST 18 2016........SUNRISE   603 AM EDT   SUNSET   752 PM EDT
AUGUST 19 2016........SUNRISE   605 AM EDT   SUNSET   750 PM EDT


-  INDICATES NEGATIVE NUMBERS.
R  INDICATES RECORD WAS SET OR TIED.
MM INDICATES DATA IS MISSING.
T  INDICATES TRACE AMOUNT.




$$
