000
CDUS41 KALY 310626
CLIGFL


CLIMATE REPORT
NATIONAL WEATHER SERVICE ALBANY NY
225 AM EDT SUN AUG 31 2014


...................................

...THE GLENS FALLS NY CLIMATE SUMMARY FOR AUGUST 30 2014...

CLIMATE NORMAL PERIOD 1981 TO 2010
CLIMATE RECORD PERIOD 1949 TO 2014


WEATHER ITEM   OBSERVED TIME   RECORD YEAR NORMAL DEPARTURE LAST
                VALUE   (LST)  VALUE       VALUE  FROM      YEAR
                                                  NORMAL
..................................................................
TEMPERATURE (F)
 YESTERDAY
  MAXIMUM         78    356 PM  95    1973  76      2       85
  MINIMUM         52    547 AM  37    1982  52      0       66
  AVERAGE         65                        64      1       76

PRECIPITATION (IN)
  YESTERDAY        0.00          0.71 1983   0.10  -0.10      T
  MONTH TO DATE    2.20                      3.58  -1.38     2.08
  SINCE JUN 1     12.30                     11.22   1.08    12.50
  SINCE JAN 1     25.41                     25.71  -0.30    24.43

DEGREE DAYS
 HEATING
  YESTERDAY        0                         3     -3        0
  MONTH TO DATE   14                        42    -28       33
  SINCE JUN 1     47                       153   -106      127
  SINCE JUL 1     15                        63    -48       38

 COOLING
  YESTERDAY        0                         2     -2       11
  MONTH TO DATE   78                       102    -24       89
  SINCE JUN 1    311                       310      1      452
  SINCE JAN 1    331                       322      9      485
..................................................................


WIND (MPH)
  HIGHEST WIND SPEED    17   HIGHEST WIND DIRECTION     S (170)
  HIGHEST GUST SPEED    27   HIGHEST GUST DIRECTION    SW (220)
  AVERAGE WIND SPEED     6.9


SKY COVER
  AVERAGE SKY COVER 0.2



RELATIVE HUMIDITY (PERCENT)
 HIGHEST   100          1200 AM
 LOWEST     54           100 PM
 AVERAGE    77

..........................................................


THE GLENS FALLS NY CLIMATE NORMALS FOR TODAY
                         NORMAL    RECORD    YEAR
 MAXIMUM TEMPERATURE (F)   76        92      1953
 MINIMUM TEMPERATURE (F)   52        34      1965


SUNRISE AND SUNSET
AUGUST 31 2014........SUNRISE   617 AM EDT   SUNSET   731 PM EDT
SEPTEMBER  1 2014.....SUNRISE   618 AM EDT   SUNSET   730 PM EDT


-  INDICATES NEGATIVE NUMBERS.
R  INDICATES RECORD WAS SET OR TIED.
MM INDICATES DATA IS MISSING.
T  INDICATES TRACE AMOUNT.




$$
