000
CDUS41 KALY 300623
CLIGFL


CLIMATE REPORT
NATIONAL WEATHER SERVICE ALBANY NY
222 AM EDT TUE JUN 30 2015


...................................

...THE GLENS FALLS NY CLIMATE SUMMARY FOR JUNE 29 2015...

CLIMATE NORMAL PERIOD 1981 TO 2010
CLIMATE RECORD PERIOD 1949 TO 2015


WEATHER ITEM   OBSERVED TIME   RECORD YEAR NORMAL DEPARTURE LAST
                VALUE   (LST)  VALUE       VALUE  FROM      YEAR
                                                  NORMAL
..................................................................
TEMPERATURE (F)
 YESTERDAY
  MAXIMUM         73    343 PM  93    1959  80     -7       85
  MINIMUM         56    512 AM  44    1970  55      1       55
  AVERAGE         65                        68     -3       70

PRECIPITATION (IN)
  YESTERDAY        T             1.31 1994   0.12  -0.12     0.00
  MONTH TO DATE    5.87                      3.43   2.44     4.40
  SINCE JUN 1      5.87                      3.43   2.44     4.40
  SINCE JAN 1     13.18                     17.92  -4.74    17.51

DEGREE DAYS
 HEATING
  YESTERDAY        0                         1     -1        0
  MONTH TO DATE   78                        88    -10       32
  SINCE JUN 1     78                        88    -10       32
  SINCE JUL 1   7675                      7674      1     7929

 COOLING
  YESTERDAY        0                         4     -4        5
  MONTH TO DATE   66                        65      1       65
  SINCE JUN 1     66                        65      1       65
  SINCE JAN 1    142                        77     65       85
..................................................................


WIND (MPH)
  HIGHEST WIND SPEED    15   HIGHEST WIND DIRECTION    NW (300)
  HIGHEST GUST SPEED    19   HIGHEST GUST DIRECTION     W (290)
  AVERAGE WIND SPEED     4.5


SKY COVER
  AVERAGE SKY COVER 0.9



RELATIVE HUMIDITY (PERCENT)
 HIGHEST   100           500 AM
 LOWEST     57           500 PM
 AVERAGE    79

..........................................................


THE GLENS FALLS NY CLIMATE NORMALS FOR TODAY
                         NORMAL    RECORD    YEAR
 MAXIMUM TEMPERATURE (F)   80        97      1964
 MINIMUM TEMPERATURE (F)   55        44      2007


SUNRISE AND SUNSET
JUNE 30 2015..........SUNRISE   517 AM EDT   SUNSET   839 PM EDT
JULY  1 2015..........SUNRISE   518 AM EDT   SUNSET   839 PM EDT


-  INDICATES NEGATIVE NUMBERS.
R  INDICATES RECORD WAS SET OR TIED.
MM INDICATES DATA IS MISSING.
T  INDICATES TRACE AMOUNT.




$$
