465
CDUS41 KALY 210627
CLIGFL


CLIMATE REPORT
NATIONAL WEATHER SERVICE ALBANY NY
226 AM EDT WED JUN 21 2017


...................................

...THE GLENS FALLS NY CLIMATE SUMMARY FOR JUNE 20 2017...

CLIMATE NORMAL PERIOD 1981 TO 2010
CLIMATE RECORD PERIOD 1949 TO 2017


WEATHER ITEM   OBSERVED TIME   RECORD YEAR NORMAL DEPARTURE LAST
                VALUE   (LST)  VALUE       VALUE  FROM      YEAR
                                                  NORMAL
..................................................................
TEMPERATURE (F)
 YESTERDAY
  MAXIMUM         77    409 PM  95    2012  78     -1       90
  MINIMUM         62   1159 PM  39    2004  53      9       64
  AVERAGE         70                        66      4       77

PRECIPITATION (IN)
  YESTERDAY        T             1.02 1993   0.12  -0.12     0.00
  MONTH TO DATE    2.66                      2.36   0.30     2.16
  SINCE JUN 1      2.66                      2.36   0.30     2.16
  SINCE JAN 1     19.00                     16.85   2.15    13.78

DEGREE DAYS
 HEATING
  YESTERDAY        0                         2     -2        0
  MONTH TO DATE   73                        75     -2       39
  SINCE JUN 1     73                        75     -2       39
  SINCE JUL 1   6390                      7661  -1271     5922

 COOLING
  YESTERDAY        5                         3      2       12
  MONTH TO DATE   48                        36     12       63
  SINCE JUN 1     48                        36     12       63
  SINCE JAN 1     69                        48     21      119
..................................................................


WIND (MPH)
  HIGHEST WIND SPEED    20   HIGHEST WIND DIRECTION    SW (210)
  HIGHEST GUST SPEED    24   HIGHEST GUST DIRECTION    SW (220)
  AVERAGE WIND SPEED     8.3


SKY COVER
  AVERAGE SKY COVER 1.0



RELATIVE HUMIDITY (PERCENT)
 HIGHEST    93           100 AM
 LOWEST     73           800 AM
 AVERAGE    83

..........................................................


THE GLENS FALLS NY CLIMATE NORMALS FOR TODAY
                         NORMAL    RECORD    YEAR
 MAXIMUM TEMPERATURE (F)   78        96      2012
 MINIMUM TEMPERATURE (F)   54        43      2004


SUNRISE AND SUNSET
JUNE 21 2017..........SUNRISE   514 AM EDT   SUNSET   838 PM EDT
JUNE 22 2017..........SUNRISE   514 AM EDT   SUNSET   839 PM EDT


-  INDICATES NEGATIVE NUMBERS.
R  INDICATES RECORD WAS SET OR TIED.
MM INDICATES DATA IS MISSING.
T  INDICATES TRACE AMOUNT.




$$
