580
CDUS41 KALY 240622
CLIGFL


CLIMATE REPORT
NATIONAL WEATHER SERVICE ALBANY NY
221 AM EDT MON APR 24 2017


...................................

...THE GLENS FALLS NY CLIMATE SUMMARY FOR APRIL 23 2017...

CLIMATE NORMAL PERIOD 1981 TO 2010
CLIMATE RECORD PERIOD 1949 TO 2017


WEATHER ITEM   OBSERVED TIME   RECORD YEAR NORMAL DEPARTURE LAST
                VALUE   (LST)  VALUE       VALUE  FROM      YEAR
                                                  NORMAL
..................................................................
TEMPERATURE (F)
 YESTERDAY
  MAXIMUM         68    504 PM  85    2007  60      8       60
  MINIMUM         31    526 AM  18    1982  35     -4       37
  AVERAGE         50                        48      2       49

PRECIPITATION (IN)
  YESTERDAY        0.00          1.78 1977   0.10  -0.10     0.00
  MONTH TO DATE    2.96                      2.25   0.71     1.15
  SINCE MAR 1      5.50                      5.19   0.31     3.43
  SINCE JAN 1     10.19                     10.13   0.06     8.22

DEGREE DAYS
 HEATING
  YESTERDAY       15                        17     -2       16
  MONTH TO DATE  382                       501   -119      496
  SINCE MAR 1   1450                      1544    -94     1310
  SINCE JUL 1   5972                      7164  -1192     5490

 COOLING
  YESTERDAY        0                         0      0        0
  MONTH TO DATE    2                         0      2        0
  SINCE MAR 1      2                         0      2        0
  SINCE JAN 1      2                         0      2        0
..................................................................


WIND (MPH)
  HIGHEST WIND SPEED    17   HIGHEST WIND DIRECTION     S (190)
  HIGHEST GUST SPEED    23   HIGHEST GUST DIRECTION    SE (140)
  AVERAGE WIND SPEED     5.3


SKY COVER
  AVERAGE SKY COVER 0.1



RELATIVE HUMIDITY (PERCENT)
 HIGHEST    92           400 AM
 LOWEST     24           600 PM
 AVERAGE    58

..........................................................


THE GLENS FALLS NY CLIMATE NORMALS FOR TODAY
                         NORMAL    RECORD    YEAR
 MAXIMUM TEMPERATURE (F)   61        82      2001
 MINIMUM TEMPERATURE (F)   36        26      2002


SUNRISE AND SUNSET
APRIL 24 2017.........SUNRISE   557 AM EDT   SUNSET   748 PM EDT
APRIL 25 2017.........SUNRISE   556 AM EDT   SUNSET   749 PM EDT


-  INDICATES NEGATIVE NUMBERS.
R  INDICATES RECORD WAS SET OR TIED.
MM INDICATES DATA IS MISSING.
T  INDICATES TRACE AMOUNT.




$$
