000
CDUS41 KALY 130625
CLIGFL


CLIMATE REPORT
NATIONAL WEATHER SERVICE ALBANY NY
224 AM EDT FRI OCT 13 2017


...................................

...THE GLENS FALLS NY CLIMATE SUMMARY FOR OCTOBER 12 2017...

CLIMATE NORMAL PERIOD 1981 TO 2010
CLIMATE RECORD PERIOD 1949 TO 2017


WEATHER ITEM   OBSERVED TIME   RECORD YEAR NORMAL DEPARTURE LAST
                VALUE   (LST)  VALUE       VALUE  FROM      YEAR
                                                  NORMAL
..................................................................
TEMPERATURE (F)
 YESTERDAY
  MAXIMUM         62    315 PM  83    1954  60      2       68
  MINIMUM         34   1153 PM  22    1956  36     -2       38
  AVERAGE         48                        48      0       53

PRECIPITATION (IN)
  YESTERDAY        0.12          0.63 1983   0.12   0.00     0.00
  MONTH TO DATE    1.09                      1.39  -0.30     0.14
  SINCE SEP 1      3.41                      4.77  -1.36     1.35
  SINCE JAN 1     30.54                     30.58  -0.04    22.51

DEGREE DAYS
 HEATING
  YESTERDAY       17                        17      0       12
  MONTH TO DATE  108                       181    -73      125
  SINCE SEP 1    240                       400   -160      228
  SINCE JUL 1    307                       466   -159      234

 COOLING
  YESTERDAY        0                         0      0        0
  MONTH TO DATE    3                         0      3        0
  SINCE SEP 1     70                        24     46       55
  SINCE JAN 1    384                       351     33      640
..................................................................


WIND (MPH)
  HIGHEST WIND SPEED    13   HIGHEST WIND DIRECTION    NE (30)
  HIGHEST GUST SPEED    15   HIGHEST GUST DIRECTION    NE (30)
  AVERAGE WIND SPEED     3.6


SKY COVER
  AVERAGE SKY COVER 0.2



RELATIVE HUMIDITY (PERCENT)
 HIGHEST   100          1000 PM
 LOWEST     39           300 PM
 AVERAGE    70

..........................................................


THE GLENS FALLS NY CLIMATE NORMALS FOR TODAY
                         NORMAL    RECORD    YEAR
 MAXIMUM TEMPERATURE (F)   59        81      1995
 MINIMUM TEMPERATURE (F)   36        22      2012


SUNRISE AND SUNSET
OCTOBER 13 2017.......SUNRISE   706 AM EDT   SUNSET   614 PM EDT
OCTOBER 14 2017.......SUNRISE   707 AM EDT   SUNSET   613 PM EDT


-  INDICATES NEGATIVE NUMBERS.
R  INDICATES RECORD WAS SET OR TIED.
MM INDICATES DATA IS MISSING.
T  INDICATES TRACE AMOUNT.




$$
