000
CDUS41 KALY 210624
CLIGFL


CLIMATE REPORT
NATIONAL WEATHER SERVICE ALBANY NY
223 AM EDT SUN AUG 21 2016


...................................

...THE GLENS FALLS NY CLIMATE SUMMARY FOR AUGUST 20 2016...

CLIMATE NORMAL PERIOD 1981 TO 2010
CLIMATE RECORD PERIOD 1949 TO 2016


WEATHER ITEM   OBSERVED TIME   RECORD YEAR NORMAL DEPARTURE LAST
                VALUE   (LST)  VALUE       VALUE  FROM      YEAR
                                                  NORMAL
..................................................................
TEMPERATURE (F)
 YESTERDAY
  MAXIMUM         86    358 PM  91    1955  79      7       89
  MINIMUM         55    540 AM  43    2007  55      0       70
  AVERAGE         71                        67      4       80

PRECIPITATION (IN)
  YESTERDAY        0.00          0.61 2001   0.11  -0.11     0.03
  MONTH TO DATE    1.73                      2.53  -0.80     1.46
  SINCE JUN 1      8.57                     10.17  -1.60     9.90
  SINCE JAN 1     20.19                     24.66  -4.47    17.21

DEGREE DAYS
 HEATING
  YESTERDAY        0                         1     -1        0
  MONTH TO DATE    0                        20    -20        1
  SINCE JUN 1     44                       131    -87       91
  SINCE JUL 1      0                        41    -41       12

 COOLING
  YESTERDAY        6                         3      3       15
  MONTH TO DATE  160                        76     84      129
  SINCE JUN 1    478                       284    194      372
  SINCE JAN 1    534                       296    238      448
..................................................................


WIND (MPH)
  HIGHEST WIND SPEED    14   HIGHEST WIND DIRECTION     S (200)
  HIGHEST GUST SPEED    17   HIGHEST GUST DIRECTION     S (190)
  AVERAGE WIND SPEED     3.5


SKY COVER
  AVERAGE SKY COVER 0.0



RELATIVE HUMIDITY (PERCENT)
 HIGHEST    93           100 AM
 LOWEST     44           300 PM
 AVERAGE    69

..........................................................


THE GLENS FALLS NY CLIMATE NORMALS FOR TODAY
                         NORMAL    RECORD    YEAR
 MAXIMUM TEMPERATURE (F)   78        93      1976
 MINIMUM TEMPERATURE (F)   55        39      2007


SUNRISE AND SUNSET
AUGUST 21 2016........SUNRISE   607 AM EDT   SUNSET   747 PM EDT
AUGUST 22 2016........SUNRISE   608 AM EDT   SUNSET   746 PM EDT


-  INDICATES NEGATIVE NUMBERS.
R  INDICATES RECORD WAS SET OR TIED.
MM INDICATES DATA IS MISSING.
T  INDICATES TRACE AMOUNT.




$$
