000
CDUS41 KALY 260625
CLIGFL


CLIMATE REPORT
NATIONAL WEATHER SERVICE ALBANY NY
224 AM EDT THU MAR 26 2015


...................................

...THE GLENS FALLS NY CLIMATE SUMMARY FOR MARCH 25 2015...

CLIMATE NORMAL PERIOD 1981 TO 2010
CLIMATE RECORD PERIOD 1949 TO 2015


WEATHER ITEM   OBSERVED TIME   RECORD YEAR NORMAL DEPARTURE LAST
                VALUE   (LST)  VALUE       VALUE  FROM      YEAR
                                                  NORMAL
..................................................................
TEMPERATURE (F)
 YESTERDAY
  MAXIMUM         48        MM  67    1987  46      2       34
  MINIMUM         14        MM   2    2014  24    -10        2
  AVERAGE         31                        35     -4       18

PRECIPITATION (IN)
  YESTERDAY        0.03          0.72 1969   0.10  -0.07     0.00
  MONTH TO DATE    0.17                      2.38  -2.21     1.53
  SINCE MAR 1      0.17                      2.38  -2.21     1.53
  SINCE JAN 1      2.22                      7.32  -5.10     6.06

DEGREE DAYS
 HEATING
  YESTERDAY       34                        30      4       47
  MONTH TO DATE  995                       874    121     1115
  SINCE MAR 1    995                       874    121     1115
  SINCE JUL 1   6676                      6494    182     6884

 COOLING
  YESTERDAY        0                         0      0        0
  MONTH TO DATE    0                         0      0        0
  SINCE MAR 1      0                         0      0        0
  SINCE JAN 1      0                         0      0        0
..................................................................


WIND (MPH)
  HIGHEST WIND SPEED    14   HIGHEST WIND DIRECTION     S (190)
  HIGHEST GUST SPEED    25   HIGHEST GUST DIRECTION     S (190)
  AVERAGE WIND SPEED     5.1


SKY COVER
  AVERAGE SKY COVER 0.3



RELATIVE HUMIDITY (PERCENT)
 HIGHEST    89          1000 PM
 LOWEST     28           400 PM
 AVERAGE    59

..........................................................


THE GLENS FALLS NY CLIMATE NORMALS FOR TODAY
                         NORMAL    RECORD    YEAR
 MAXIMUM TEMPERATURE (F)   47        70      1986
 MINIMUM TEMPERATURE (F)   25        -1      1960


SUNRISE AND SUNSET
MARCH 26 2015.........SUNRISE   647 AM EDT   SUNSET   714 PM EDT
MARCH 27 2015.........SUNRISE   646 AM EDT   SUNSET   715 PM EDT


-  INDICATES NEGATIVE NUMBERS.
R  INDICATES RECORD WAS SET OR TIED.
MM INDICATES DATA IS MISSING.
T  INDICATES TRACE AMOUNT.




$$
