000
CDUS41 KALY 240623
CLIGFL


CLIMATE REPORT
NATIONAL WEATHER SERVICE ALBANY NY
222 AM EDT SUN APR 24 2016


...................................

...THE GLENS FALLS NY CLIMATE SUMMARY FOR APRIL 23 2016...

CLIMATE NORMAL PERIOD 1981 TO 2010
CLIMATE RECORD PERIOD 1949 TO 2016


WEATHER ITEM   OBSERVED TIME   RECORD YEAR NORMAL DEPARTURE LAST
                VALUE   (LST)  VALUE       VALUE  FROM      YEAR
                                                  NORMAL
..................................................................
TEMPERATURE (F)
 YESTERDAY
  MAXIMUM         60   1212 AM  85    2007  60      0       45
  MINIMUM         37   1010 PM  18    1982  35      2       36
  AVERAGE         49                        48      1       41

PRECIPITATION (IN)
  YESTERDAY        0.00          1.78 1977   0.10  -0.10     0.00
  MONTH TO DATE    1.15                      2.25  -1.10     1.96
  SINCE MAR 1      3.43                      5.19  -1.76     2.64
  SINCE JAN 1      8.22                     10.13  -1.91     4.69

DEGREE DAYS
 HEATING
  YESTERDAY       16                        17     -1       24
  MONTH TO DATE  496                       501     -5      484
  SINCE MAR 1   1310                      1544   -234     1666
  SINCE JUL 1   5490                      7164  -1674     7347

 COOLING
  YESTERDAY        0                         0      0        0
  MONTH TO DATE    0                         0      0        0
  SINCE MAR 1      0                         0      0        0
  SINCE JAN 1      0                         0      0        0
..................................................................


WIND (MPH)
  HIGHEST WIND SPEED    18   HIGHEST WIND DIRECTION    NE (40)
  HIGHEST GUST SPEED    24   HIGHEST GUST DIRECTION    NE (50)
  AVERAGE WIND SPEED    10.3


SKY COVER
  AVERAGE SKY COVER 0.6



RELATIVE HUMIDITY (PERCENT)
 HIGHEST    77           100 AM
 LOWEST     28           600 PM
 AVERAGE    53

..........................................................


THE GLENS FALLS NY CLIMATE NORMALS FOR TODAY
                         NORMAL    RECORD    YEAR
 MAXIMUM TEMPERATURE (F)   61        82      2001
 MINIMUM TEMPERATURE (F)   36        26      2002


SUNRISE AND SUNSET
APRIL 24 2016.........SUNRISE   557 AM EDT   SUNSET   749 PM EDT
APRIL 25 2016.........SUNRISE   556 AM EDT   SUNSET   750 PM EDT


-  INDICATES NEGATIVE NUMBERS.
R  INDICATES RECORD WAS SET OR TIED.
MM INDICATES DATA IS MISSING.
T  INDICATES TRACE AMOUNT.




$$
