000
CDUS41 KALY 260622
CLIGFL


CLIMATE REPORT
NATIONAL WEATHER SERVICE ALBANY NY
221 AM EDT SAT JUL 26 2014


...................................

...THE GLENS FALLS NY CLIMATE SUMMARY FOR JULY 25 2014...

CLIMATE NORMAL PERIOD 1981 TO 2010
CLIMATE RECORD PERIOD 1949 TO 2014


WEATHER ITEM   OBSERVED TIME   RECORD YEAR NORMAL DEPARTURE LAST
                VALUE   (LST)  VALUE       VALUE  FROM      YEAR
                                                  NORMAL
..................................................................
TEMPERATURE (F)
 YESTERDAY
  MAXIMUM         80    400 PM  94    1963  81     -1       72
  MINIMUM         51    504 AM  46    2002  57     -6       48
  AVERAGE         66                        69     -3       60

PRECIPITATION (IN)
  YESTERDAY        0.00          0.95 1999   0.14  -0.14     0.00
  MONTH TO DATE    3.96                      3.27   0.69     4.70
  SINCE JUN 1      8.36                      6.82   1.54    10.39
  SINCE JAN 1     21.47                     21.31   0.16    22.32

DEGREE DAYS
 HEATING
  YESTERDAY        0                         1     -1        5
  MONTH TO DATE    1                        25    -24        5
  SINCE JUN 1     33                       115    -82       94
  SINCE JUL 1      1                        25    -24        5

 COOLING
  YESTERDAY        1                         5     -4        0
  MONTH TO DATE  145                       117     28      248
  SINCE JUN 1    219                       186     33      348
  SINCE JAN 1    239                       198     41      381
..................................................................


WIND (MPH)
  HIGHEST WIND SPEED    14   HIGHEST WIND DIRECTION     S (160)
  HIGHEST GUST SPEED    17   HIGHEST GUST DIRECTION     S (160)
  AVERAGE WIND SPEED     4.9


SKY COVER
  AVERAGE SKY COVER 0.1



RELATIVE HUMIDITY (PERCENT)
 HIGHEST    93           300 AM
 LOWEST     45           500 PM
 AVERAGE    69

..........................................................


THE GLENS FALLS NY CLIMATE NORMALS FOR TODAY
                         NORMAL    RECORD    YEAR
 MAXIMUM TEMPERATURE (F)   81        93      1963
 MINIMUM TEMPERATURE (F)   57        44      1976


SUNRISE AND SUNSET
JULY 26 2014..........SUNRISE   538 AM EDT   SUNSET   823 PM EDT
JULY 27 2014..........SUNRISE   539 AM EDT   SUNSET   822 PM EDT


-  INDICATES NEGATIVE NUMBERS.
R  INDICATES RECORD WAS SET OR TIED.
MM INDICATES DATA IS MISSING.
T  INDICATES TRACE AMOUNT.




$$
