543
CDUS41 KALY 020622
CLIGFL


CLIMATE REPORT
NATIONAL WEATHER SERVICE ALBANY NY
121 AM EST TUE FEB 2 2016


...................................

...THE GLENS FALLS NY CLIMATE SUMMARY FOR FEBRUARY 1 2016...

CLIMATE NORMAL PERIOD 1981 TO 2010
CLIMATE RECORD PERIOD 1949 TO 2016


WEATHER ITEM   OBSERVED TIME   RECORD YEAR NORMAL DEPARTURE LAST
                VALUE   (LST)  VALUE       VALUE  FROM      YEAR
                                                  NORMAL
..................................................................
TEMPERATURE (F)
 YESTERDAY
  MAXIMUM         MM        MM  56    1989  30     MM       17
  MINIMUM         MM        MM -20    1971   7     MM       -5
  AVERAGE         MM                        18     MM        6

PRECIPITATION (IN)
  YESTERDAY        0.00          1.70 1951   0.08  -0.08      T
  MONTH TO DATE    0.00                      0.08  -0.08      T
  SINCE DEC 1      5.11                      5.99  -0.88     5.57
  SINCE JAN 1      1.06                      2.94  -1.88     1.49

DEGREE DAYS
 HEATING
  YESTERDAY       MM                        47     MM       59
  MONTH TO DATE   MM                        47     MM       59
  SINCE DEC 1   1888                      2745   -857     2669
  SINCE JUL 1   3179                      4443  -1264     4130

 COOLING
  YESTERDAY       MM                         0     MM        0
  MONTH TO DATE   MM                         0     MM        0
  SINCE DEC 1      0                         0      0        0
  SINCE JAN 1      0                         0      0        0
..................................................................


WIND (MPH)
  HIGHEST WIND SPEED    21   HIGHEST WIND DIRECTION     W (260)
  HIGHEST GUST SPEED    35   HIGHEST GUST DIRECTION     W (280)
  AVERAGE WIND SPEED     7.1


SKY COVER
  AVERAGE SKY COVER 0.5



RELATIVE HUMIDITY (PERCENT)
 HIGHEST    MM
 LOWEST     MM
 AVERAGE    MM

..........................................................


THE GLENS FALLS NY CLIMATE NORMALS FOR TODAY
                         NORMAL    RECORD    YEAR
 MAXIMUM TEMPERATURE (F)   30        54      1981
 MINIMUM TEMPERATURE (F)    7       -18      1984


SUNRISE AND SUNSET
FEBRUARY  2 2016......SUNRISE   710 AM EST   SUNSET   507 PM EST
FEBRUARY  3 2016......SUNRISE   709 AM EST   SUNSET   508 PM EST


-  INDICATES NEGATIVE NUMBERS.
R  INDICATES RECORD WAS SET OR TIED.
MM INDICATES DATA IS MISSING.
T  INDICATES TRACE AMOUNT.




$$
