043
CDUS41 KALY 240624
CLIGFL


CLIMATE REPORT
NATIONAL WEATHER SERVICE ALBANY NY
223 AM EDT SUN JUL 24 2016


...................................

...THE GLENS FALLS NY CLIMATE SUMMARY FOR JULY 23 2016...

CLIMATE NORMAL PERIOD 1981 TO 2010
CLIMATE RECORD PERIOD 1949 TO 2016


WEATHER ITEM   OBSERVED TIME   RECORD YEAR NORMAL DEPARTURE LAST
                VALUE   (LST)  VALUE       VALUE  FROM      YEAR
                                                  NORMAL
..................................................................
TEMPERATURE (F)
 YESTERDAY
  MAXIMUM         90   1257 PM  95    1952  81      9       77
  MINIMUM         60   1058 PM  45    1977  57      3       54
  AVERAGE         75                        69      6       66

PRECIPITATION (IN)
  YESTERDAY        0.45          2.60 2008   0.14   0.31     0.02
  MONTH TO DATE    3.71                      2.99   0.72     0.99
  SINCE JUN 1      6.82                      6.54   0.28     7.21
  SINCE JAN 1     18.44                     21.03  -2.59    14.52

DEGREE DAYS
 HEATING
  YESTERDAY        0                         1     -1        0
  MONTH TO DATE    0                        23    -23       11
  SINCE JUN 1     44                       113    -69       90
  SINCE JUL 1      0                        23    -23       11

 COOLING
  YESTERDAY       10                         5      5        1
  MONTH TO DATE  150                       107     43      114
  SINCE JUN 1    253                       176     77      180
  SINCE JAN 1    309                       188    121      256
..................................................................


WIND (MPH)
  HIGHEST WIND SPEED    28   HIGHEST WIND DIRECTION    NE (50)
  HIGHEST GUST SPEED    36   HIGHEST GUST DIRECTION    NE (50)
  AVERAGE WIND SPEED     4.5


SKY COVER
  AVERAGE SKY COVER 0.3



RELATIVE HUMIDITY (PERCENT)
 HIGHEST    93           400 AM
 LOWEST     38           100 PM
 AVERAGE    66

..........................................................


THE GLENS FALLS NY CLIMATE NORMALS FOR TODAY
                         NORMAL    RECORD    YEAR
 MAXIMUM TEMPERATURE (F)   81        92      1963
 MINIMUM TEMPERATURE (F)   57        43      1985


SUNRISE AND SUNSET
JULY 24 2016..........SUNRISE   537 AM EDT   SUNSET   825 PM EDT
JULY 25 2016..........SUNRISE   538 AM EDT   SUNSET   824 PM EDT


-  INDICATES NEGATIVE NUMBERS.
R  INDICATES RECORD WAS SET OR TIED.
MM INDICATES DATA IS MISSING.
T  INDICATES TRACE AMOUNT.




$$
