000
CDUS41 KALY 130627
CLIGFL


CLIMATE REPORT
NATIONAL WEATHER SERVICE ALBANY NY
226 AM EDT SUN APR 13 2014


...................................

...THE GLENS FALLS NY CLIMATE SUMMARY FOR APRIL 12 2014...

CLIMATE NORMAL PERIOD 1981 TO 2010
CLIMATE RECORD PERIOD 1949 TO 2014


WEATHER ITEM   OBSERVED TIME   RECORD YEAR NORMAL DEPARTURE LAST
                VALUE   (LST)  VALUE       VALUE  FROM      YEAR
                                                  NORMAL
..................................................................
TEMPERATURE (F)
 YESTERDAY
  MAXIMUM         67    204 PM  73    2006  55     12       37
  MINIMUM         28    341 AM  18    1989  31     -3       32
  AVERAGE         48                        43      5       35

PRECIPITATION (IN)
  YESTERDAY        0.00          1.03 2007   0.10  -0.10     0.67
  MONTH TO DATE    0.74                      1.17  -0.43     1.38
  SINCE MAR 1      3.46                      4.11  -0.65     4.49
  SINCE JAN 1      7.99                      9.05  -1.06     6.79

DEGREE DAYS
 HEATING
  YESTERDAY       17                        22     -5       30
  MONTH TO DATE  276                       290    -14      295
  SINCE MAR 1   1586                      1333    253     1281
  SINCE JUL 1   7355                      6953    402     6382

 COOLING
  YESTERDAY        0                         0      0        0
  MONTH TO DATE    0                         0      0        0
  SINCE MAR 1      0                         0      0        0
  SINCE JAN 1      0                         0      0        0
..................................................................


WIND (MPH)
  HIGHEST WIND SPEED    20   HIGHEST WIND DIRECTION    NW (310)
  HIGHEST GUST SPEED    28   HIGHEST GUST DIRECTION    NW (300)
  AVERAGE WIND SPEED     5.2


SKY COVER
  AVERAGE SKY COVER 0.3



RELATIVE HUMIDITY (PERCENT)
 HIGHEST   100           200 AM
 LOWEST     22           500 PM
 AVERAGE    61

..........................................................


THE GLENS FALLS NY CLIMATE NORMALS FOR TODAY
                         NORMAL    RECORD    YEAR
 MAXIMUM TEMPERATURE (F)   56        83      1977
 MINIMUM TEMPERATURE (F)   32        17      1967


SUNRISE AND SUNSET
APRIL 13 2014.........SUNRISE   616 AM EDT   SUNSET   735 PM EDT
APRIL 14 2014.........SUNRISE   614 AM EDT   SUNSET   736 PM EDT


-  INDICATES NEGATIVE NUMBERS.
R  INDICATES RECORD WAS SET OR TIED.
MM INDICATES DATA IS MISSING.
T  INDICATES TRACE AMOUNT.




$$
