000
CDUS41 KALY 210622
CLIGFL


CLIMATE REPORT
NATIONAL WEATHER SERVICE ALBANY NY
221 AM EDT SUN MAY 21 2017


...................................

...THE GLENS FALLS NY CLIMATE SUMMARY FOR MAY 20 2017...

CLIMATE NORMAL PERIOD 1981 TO 2010
CLIMATE RECORD PERIOD 1949 TO 2017


WEATHER ITEM   OBSERVED TIME   RECORD YEAR NORMAL DEPARTURE LAST
                VALUE   (LST)  VALUE       VALUE  FROM      YEAR
                                                  NORMAL
..................................................................
TEMPERATURE (F)
 YESTERDAY
  MAXIMUM         MM        MM  90    1975  69     MM       74
  MINIMUM         MM        MM  27    2002  44     MM       41
  AVERAGE         MM                        57     MM       58

PRECIPITATION (IN)
  YESTERDAY       MM             0.91 1957   0.12  MM        0.00
  MONTH TO DATE    2.95                      2.32   0.63     2.03
  SINCE MAR 1      8.79                      8.26   0.53     5.77
  SINCE JAN 1     13.48                     13.20   0.28    10.56

DEGREE DAYS
 HEATING
  YESTERDAY       MM                         9     MM        7
  MONTH TO DATE  206                       232    -26      241
  SINCE MAR 1   1718                      1888   -170     1688
  SINCE JUL 1   6240                      7508  -1268     5868

 COOLING
  YESTERDAY       MM                         0     MM        0
  MONTH TO DATE   15                         0     15        0
  SINCE MAR 1     21                         1     20        0
  SINCE JAN 1     21                         1     20        0
..................................................................


WIND (MPH)
  HIGHEST WIND SPEED    MM   HIGHEST WIND DIRECTION    MM
  HIGHEST GUST SPEED    MM   HIGHEST GUST DIRECTION    MM
  AVERAGE WIND SPEED    MM


SKY COVER
  AVERAGE SKY COVER  MM



RELATIVE HUMIDITY (PERCENT)
 HIGHEST    MM
 LOWEST     MM
 AVERAGE    MM

..........................................................


THE GLENS FALLS NY CLIMATE NORMALS FOR TODAY
                         NORMAL    RECORD    YEAR
 MAXIMUM TEMPERATURE (F)   70        87      2009
 MINIMUM TEMPERATURE (F)   44        29      2002


SUNRISE AND SUNSET
MAY 21 2017...........SUNRISE   524 AM EDT   SUNSET   818 PM EDT
MAY 22 2017...........SUNRISE   523 AM EDT   SUNSET   819 PM EDT


-  INDICATES NEGATIVE NUMBERS.
R  INDICATES RECORD WAS SET OR TIED.
MM INDICATES DATA IS MISSING.
T  INDICATES TRACE AMOUNT.




$$
