000
CDUS41 KALY 140624
CLIGFL


CLIMATE REPORT
NATIONAL WEATHER SERVICE ALBANY NY
123 AM EST SUN JAN 14 2018


...................................

...THE GLENS FALLS NY CLIMATE SUMMARY FOR JANUARY 13 2018...

CLIMATE NORMAL PERIOD 1981 TO 2010
CLIMATE RECORD PERIOD 1949 TO 2018


WEATHER ITEM   OBSERVED TIME   RECORD YEAR NORMAL DEPARTURE LAST
                VALUE   (LST)  VALUE       VALUE  FROM      YEAR
                                                  NORMAL
..................................................................
TEMPERATURE (F)
 YESTERDAY
  MAXIMUM         37   1204 AM  53    2005  28      9       49
  MINIMUM          8   1159 PM -27    1981   7      1       21
  AVERAGE         23                        18      5       35

PRECIPITATION (IN)
  YESTERDAY        0.27          2.55 1999   0.09   0.18     0.00
  MONTH TO DATE    1.23                      1.17   0.06     0.84
  SINCE DEC 1      3.55                      4.22  -0.67     3.71
  SINCE JAN 1      1.23                      1.17   0.06     0.84

DEGREE DAYS
 HEATING
  YESTERDAY       42                        47     -5       30
  MONTH TO DATE  667                       605     62      497
  SINCE DEC 1   2041                      1845    196     1642
  SINCE JUL 1   3452                      3543    -91     2958

 COOLING
  YESTERDAY        0                         0      0        0
  MONTH TO DATE    0                         0      0        0
  SINCE DEC 1      0                         0      0        0
  SINCE JAN 1      0                         0      0        0
..................................................................


WIND (MPH)
  HIGHEST WIND SPEED    32   HIGHEST WIND DIRECTION     N (10)
  HIGHEST GUST SPEED    39   HIGHEST GUST DIRECTION     N (20)
  AVERAGE WIND SPEED    13.6


SKY COVER
  AVERAGE SKY COVER 0.9



RELATIVE HUMIDITY (PERCENT)
 HIGHEST   100          1200 AM
 LOWEST     66           800 PM
 AVERAGE    83

..........................................................


THE GLENS FALLS NY CLIMATE NORMALS FOR TODAY
                         NORMAL    RECORD    YEAR
 MAXIMUM TEMPERATURE (F)   28        58      2005
 MINIMUM TEMPERATURE (F)    7       -29      1957


SUNRISE AND SUNSET
JANUARY 14 2018.......SUNRISE   724 AM EST   SUNSET   443 PM EST
JANUARY 15 2018.......SUNRISE   724 AM EST   SUNSET   444 PM EST


-  INDICATES NEGATIVE NUMBERS.
R  INDICATES RECORD WAS SET OR TIED.
MM INDICATES DATA IS MISSING.
T  INDICATES TRACE AMOUNT.




$$
