000
CDUS41 KALY 060621
CLIGFL


CLIMATE REPORT
NATIONAL WEATHER SERVICE ALBANY NY
221 AM EDT SUN JUL 6 2014


...................................

...THE GLENS FALLS NY CLIMATE SUMMARY FOR JULY 5 2014...

CLIMATE NORMAL PERIOD 1981 TO 2010
CLIMATE RECORD PERIOD 1949 TO 2014


WEATHER ITEM   OBSERVED TIME   RECORD YEAR NORMAL DEPARTURE LAST
                VALUE   (LST)  VALUE       VALUE  FROM      YEAR
                                                  NORMAL
..................................................................
TEMPERATURE (F)
 YESTERDAY
  MAXIMUM         82    420 PM  94    1999  81      1       91
  MINIMUM         59    453 AM  44    1982  56      3       69
  AVERAGE         71                        68      3       80

PRECIPITATION (IN)
  YESTERDAY        0.00          0.88 1950   0.13  -0.13     0.61
  MONTH TO DATE    2.18                      0.62   1.56     1.61
  SINCE JUN 1      6.58                      4.17   2.41     7.30
  SINCE JAN 1     19.69                     18.66   1.03    19.23

DEGREE DAYS
 HEATING
  YESTERDAY        0                         1     -1        0
  MONTH TO DATE    0                         5     -5        0
  SINCE JUN 1     32                        95    -63       89
  SINCE JUL 1      0                         5     -5        0

 COOLING
  YESTERDAY        6                         4      2       15
  MONTH TO DATE   50                        20     30       55
  SINCE JUN 1    124                        89     35      155
  SINCE JAN 1    144                       101     43      188
..................................................................


WIND (MPH)
  HIGHEST WIND SPEED    20   HIGHEST WIND DIRECTION    NW (300)
  HIGHEST GUST SPEED    27   HIGHEST GUST DIRECTION     W (290)
  AVERAGE WIND SPEED    10.4


SKY COVER
  AVERAGE SKY COVER 0.1



RELATIVE HUMIDITY (PERCENT)
 HIGHEST    67           500 AM
 LOWEST     30           500 PM
 AVERAGE    49

..........................................................


THE GLENS FALLS NY CLIMATE NORMALS FOR TODAY
                         NORMAL    RECORD    YEAR
 MAXIMUM TEMPERATURE (F)   81        94      2010
 MINIMUM TEMPERATURE (F)   56        43      1979


SUNRISE AND SUNSET
JULY  6 2014..........SUNRISE   521 AM EDT   SUNSET   837 PM EDT
JULY  7 2014..........SUNRISE   522 AM EDT   SUNSET   837 PM EDT


-  INDICATES NEGATIVE NUMBERS.
R  INDICATES RECORD WAS SET OR TIED.
MM INDICATES DATA IS MISSING.
T  INDICATES TRACE AMOUNT.




$$
