000
CDUS41 KALY 270624
CLIGFL


CLIMATE REPORT
NATIONAL WEATHER SERVICE ALBANY NY
223 AM EDT WED AUG 27 2014


...................................

...THE GLENS FALLS NY CLIMATE SUMMARY FOR AUGUST 26 2014...

CLIMATE NORMAL PERIOD 1981 TO 2010
CLIMATE RECORD PERIOD 1949 TO 2014


WEATHER ITEM   OBSERVED TIME   RECORD YEAR NORMAL DEPARTURE LAST
                VALUE   (LST)  VALUE       VALUE  FROM      YEAR
                                                  NORMAL
..................................................................
TEMPERATURE (F)
 YESTERDAY
  MAXIMUM         84    314 PM  92    1949  77      7       80
  MINIMUM         57    544 AM  42    1977  54      3       64
  AVERAGE         71                        65      6       72

PRECIPITATION (IN)
  YESTERDAY        0.00          0.61 1999   0.11  -0.11     0.16
  MONTH TO DATE    2.20                      3.18  -0.98     2.06
  SINCE JUN 1     12.30                     10.82   1.48    12.48
  SINCE JAN 1     25.41                     25.31   0.10    24.41

DEGREE DAYS
 HEATING
  YESTERDAY        0                         2     -2        0
  MONTH TO DATE   13                        32    -19       33
  SINCE JUN 1     46                       143    -97      127
  SINCE JUL 1     14                        53    -39       38

 COOLING
  YESTERDAY        6                         3      3        7
  MONTH TO DATE   69                        94    -25       56
  SINCE JUN 1    302                       302      0      419
  SINCE JAN 1    322                       314      8      452
..................................................................


WIND (MPH)
  HIGHEST WIND SPEED    17   HIGHEST WIND DIRECTION     S (190)
  HIGHEST GUST SPEED    22   HIGHEST GUST DIRECTION     S (190)
  AVERAGE WIND SPEED     4.0


SKY COVER
  AVERAGE SKY COVER 0.1



RELATIVE HUMIDITY (PERCENT)
 HIGHEST   100          1200 AM
 LOWEST     44           100 PM
 AVERAGE    72

..........................................................


THE GLENS FALLS NY CLIMATE NORMALS FOR TODAY
                         NORMAL    RECORD    YEAR
 MAXIMUM TEMPERATURE (F)   77        96      1952
 MINIMUM TEMPERATURE (F)   53        40      1954


SUNRISE AND SUNSET
AUGUST 27 2014........SUNRISE   613 AM EDT   SUNSET   738 PM EDT
AUGUST 28 2014........SUNRISE   614 AM EDT   SUNSET   736 PM EDT


-  INDICATES NEGATIVE NUMBERS.
R  INDICATES RECORD WAS SET OR TIED.
MM INDICATES DATA IS MISSING.
T  INDICATES TRACE AMOUNT.




$$
