000
CDUS41 KALY 310624
CLIGFL


CLIMATE REPORT
NATIONAL WEATHER SERVICE ALBANY NY
224 AM EDT MON AUG 31 2015


...................................

...THE GLENS FALLS NY CLIMATE SUMMARY FOR AUGUST 30 2015...

CLIMATE NORMAL PERIOD 1981 TO 2010
CLIMATE RECORD PERIOD 1949 TO 2015


WEATHER ITEM   OBSERVED TIME   RECORD YEAR NORMAL DEPARTURE LAST
                VALUE   (LST)  VALUE       VALUE  FROM      YEAR
                                                  NORMAL
..................................................................
TEMPERATURE (F)
 YESTERDAY
  MAXIMUM         80    403 PM  95    1973  76      4       78
  MINIMUM         60    454 AM  37    1982  52      8       52
  AVERAGE         70                        64      6       65

PRECIPITATION (IN)
  YESTERDAY        0.00          0.71 1983   0.10  -0.10     0.00
  MONTH TO DATE    1.77                      3.58  -1.81     2.20
  SINCE JUN 1     10.21                     11.22  -1.01    12.30
  SINCE JAN 1     17.52                     25.71  -8.19    25.41

DEGREE DAYS
 HEATING
  YESTERDAY        0                         3     -3        0
  MONTH TO DATE    2                        42    -40       14
  SINCE JUN 1     92                       153    -61       47
  SINCE JUL 1     13                        63    -50       15

 COOLING
  YESTERDAY        5                         2      3        0
  MONTH TO DATE  172                       102     70       78
  SINCE JUN 1    415                       310    105      311
  SINCE JAN 1    491                       322    169      331
..................................................................


WIND (MPH)
  HIGHEST WIND SPEED    10   HIGHEST WIND DIRECTION     S (170)
  HIGHEST GUST SPEED    16   HIGHEST GUST DIRECTION     S (190)
  AVERAGE WIND SPEED     2.3


SKY COVER
  AVERAGE SKY COVER 0.6



RELATIVE HUMIDITY (PERCENT)
 HIGHEST    97           400 AM
 LOWEST     51           400 PM
 AVERAGE    74

..........................................................


THE GLENS FALLS NY CLIMATE NORMALS FOR TODAY
                         NORMAL    RECORD    YEAR
 MAXIMUM TEMPERATURE (F)   76        92      1953
 MINIMUM TEMPERATURE (F)   52        34      1965


SUNRISE AND SUNSET
AUGUST 31 2015........SUNRISE   617 AM EDT   SUNSET   732 PM EDT
SEPTEMBER  1 2015.....SUNRISE   618 AM EDT   SUNSET   730 PM EDT


-  INDICATES NEGATIVE NUMBERS.
R  INDICATES RECORD WAS SET OR TIED.
MM INDICATES DATA IS MISSING.
T  INDICATES TRACE AMOUNT.




$$
