000
CDUS41 KALY 192048
CLIGFL


CLIMATE REPORT
NATIONAL WEATHER SERVICE ALBANY NY
447 PM EDT MON SEP 19 2016


...................................

...THE GLENS FALLS NY CLIMATE SUMMARY FOR SEPTEMBER 19 2016...
VALID TODAY AS OF 0400 PM LOCAL TIME.

CLIMATE NORMAL PERIOD 1981 TO 2010
CLIMATE RECORD PERIOD 1949 TO 2016


WEATHER ITEM   OBSERVED TIME   RECORD YEAR NORMAL DEPARTURE LAST
                VALUE   (LST)  VALUE       VALUE  FROM      YEAR
                                                  NORMAL
..................................................................
TEMPERATURE (F)
 TODAY
  MAXIMUM         77    346 PM  85    1983  69      8       82
  MINIMUM         65    547 AM  31    1995  45     20       53
  AVERAGE         71                        57     14       68

PRECIPITATION (IN)
  TODAY            0.26          0.74 1975   0.12   0.14     0.10
  MONTH TO DATE    1.04                      2.04  -1.00     1.71
  SINCE SEP 1      1.04                      2.04  -1.00     1.71
  SINCE JAN 1     21.64                     27.85  -6.21    19.23

DEGREE DAYS
 HEATING
  TODAY            0                         8     -8        0
  MONTH TO DATE   27                       103    -76        4
  SINCE SEP 1     27                       103    -76        4
  SINCE JUL 1     33                       169   -136       17

 COOLING
  TODAY            6                         0      6        3
  MONTH TO DATE   56                        23     33       93
  SINCE SEP 1     56                        23     33       93
  SINCE JAN 1    641                       350    291      592
..................................................................


WIND (MPH)
  HIGHEST WIND SPEED    12   HIGHEST WIND DIRECTION     S (190)
  HIGHEST GUST SPEED    16   HIGHEST GUST DIRECTION     S (180)
  AVERAGE WIND SPEED     1.7


SKY COVER
  AVERAGE SKY COVER 1.0



RELATIVE HUMIDITY (PERCENT)
 HIGHEST    93          1200 AM
 LOWEST     74           300 PM
 AVERAGE    84

..........................................................


THE GLENS FALLS NY CLIMATE NORMALS FOR TOMORROW
                         NORMAL    RECORD    YEAR
 MAXIMUM TEMPERATURE (F)   69        86      1983
 MINIMUM TEMPERATURE (F)   45        28      1993


SUNRISE AND SUNSET
SEPTEMBER 19 2016.....SUNRISE   639 AM EDT   SUNSET   656 PM EDT
SEPTEMBER 20 2016.....SUNRISE   640 AM EDT   SUNSET   655 PM EDT


-  INDICATES NEGATIVE NUMBERS.
R  INDICATES RECORD WAS SET OR TIED.
MM INDICATES DATA IS MISSING.
T  INDICATES TRACE AMOUNT.




$$
