000
CDUS41 KALY 082045
CLIGFL


CLIMATE REPORT
NATIONAL WEATHER SERVICE ALBANY NY
444 PM EDT TUE JUL 8 2014


...................................

...THE GLENS FALLS NY CLIMATE SUMMARY FOR JULY 8 2014...
VALID TODAY AS OF 0400 PM LOCAL TIME.

CLIMATE NORMAL PERIOD 1981 TO 2010
CLIMATE RECORD PERIOD 1949 TO 2014


WEATHER ITEM   OBSERVED TIME   RECORD YEAR NORMAL DEPARTURE LAST
                VALUE   (LST)  VALUE       VALUE  FROM      YEAR
                                                  NORMAL
..................................................................
TEMPERATURE (F)
 TODAY
  MAXIMUM         83    343 PM  96    1988  81      2       82
  MINIMUM         68    515 AM  46    2000  56     12       71
  AVERAGE         76                        69      7       77

PRECIPITATION (IN)
  TODAY            0.05          0.62 1958   0.13  -0.08     0.09
  MONTH TO DATE    2.52                      0.99   1.53     1.84
  SINCE JUN 1      6.92                      4.54   2.38     7.53
  SINCE JAN 1     20.03                     19.03   1.00    19.46

DEGREE DAYS
 HEATING
  TODAY            0                         1     -1        0
  MONTH TO DATE    0                         8     -8        0
  SINCE JUN 1     32                        98    -66       89
  SINCE JUL 1      0                         8     -8        0

 COOLING
  TODAY           11                         4      7       12
  MONTH TO DATE   68                        32     36       90
  SINCE JUN 1    142                       101     41      190
  SINCE JAN 1    162                       113     49      223
..................................................................


WIND (MPH)
  HIGHEST WIND SPEED    15   HIGHEST WIND DIRECTION     S (160)
  HIGHEST GUST SPEED    21   HIGHEST GUST DIRECTION     S (160)
  AVERAGE WIND SPEED     7.9


SKY COVER
  AVERAGE SKY COVER 0.6



RELATIVE HUMIDITY (PERCENT)
 HIGHEST   100           500 AM
 LOWEST     65          1200 PM
 AVERAGE    83

..........................................................


THE GLENS FALLS NY CLIMATE NORMALS FOR TOMORROW
                         NORMAL    RECORD    YEAR
 MAXIMUM TEMPERATURE (F)   81        94      1993
 MINIMUM TEMPERATURE (F)   57        43      1963


SUNRISE AND SUNSET
JULY  8 2014..........SUNRISE   522 AM EDT   SUNSET   836 PM EDT
JULY  9 2014..........SUNRISE   523 AM EDT   SUNSET   836 PM EDT


-  INDICATES NEGATIVE NUMBERS.
R  INDICATES RECORD WAS SET OR TIED.
MM INDICATES DATA IS MISSING.
T  INDICATES TRACE AMOUNT.




$$
