000
CDUS41 KALY 110623
CLIGFL


CLIMATE REPORT
NATIONAL WEATHER SERVICE ALBANY NY
222 AM EDT THU SEP 11 2014


...................................

...THE GLENS FALLS NY CLIMATE SUMMARY FOR SEPTEMBER 10 2014...

CLIMATE NORMAL PERIOD 1981 TO 2010
CLIMATE RECORD PERIOD 1949 TO 2014


WEATHER ITEM   OBSERVED TIME   RECORD YEAR NORMAL DEPARTURE LAST
                VALUE   (LST)  VALUE       VALUE  FROM      YEAR
                                                  NORMAL
..................................................................
TEMPERATURE (F)
 YESTERDAY
  MAXIMUM         75    406 PM  91    2002  73      2       74
  MINIMUM         51    335 AM  33    1978  49      2       50
  AVERAGE         63                        61      2       62

PRECIPITATION (IN)
  YESTERDAY        0.00          0.87 1992   0.11  -0.11     0.21
  MONTH TO DATE    0.56                      1.03  -0.47     1.24
  SINCE SEP 1      0.56                      1.03  -0.47     1.24
  SINCE JAN 1     26.60                     26.84  -0.24    26.51

DEGREE DAYS
 HEATING
  YESTERDAY        2                         5     -3        3
  MONTH TO DATE    9                        41    -32       52
  SINCE SEP 1      9                        41    -32       52
  SINCE JUL 1     24                       107    -83       90

 COOLING
  YESTERDAY        0                         1     -1        0
  MONTH TO DATE   43                        15     28       22
  SINCE SEP 1     43                        15     28       22
  SINCE JAN 1    381                       342     39      516
..................................................................


WIND (MPH)
  HIGHEST WIND SPEED    10   HIGHEST WIND DIRECTION     S (190)
  HIGHEST GUST SPEED    13   HIGHEST GUST DIRECTION     S (160)
  AVERAGE WIND SPEED     3.2


SKY COVER
  AVERAGE SKY COVER 0.3



RELATIVE HUMIDITY (PERCENT)
 HIGHEST    96           300 AM
 LOWEST     53           100 PM
 AVERAGE    75

..........................................................


THE GLENS FALLS NY CLIMATE NORMALS FOR TODAY
                         NORMAL    RECORD    YEAR
 MAXIMUM TEMPERATURE (F)   73        91      2013
 MINIMUM TEMPERATURE (F)   48        34      2006


SUNRISE AND SUNSET
SEPTEMBER 11 2014.....SUNRISE   629 AM EDT   SUNSET   712 PM EDT
SEPTEMBER 12 2014.....SUNRISE   630 AM EDT   SUNSET   710 PM EDT


-  INDICATES NEGATIVE NUMBERS.
R  INDICATES RECORD WAS SET OR TIED.
MM INDICATES DATA IS MISSING.
T  INDICATES TRACE AMOUNT.




$$
