000
CDUS41 KALY 160631
CLIGFL


CLIMATE REPORT
NATIONAL WEATHER SERVICE ALBANY NY
231 AM EDT FRI SEP 16 2016


...................................

...THE GLENS FALLS NY CLIMATE SUMMARY FOR SEPTEMBER 15 2016...

CLIMATE NORMAL PERIOD 1981 TO 2010
CLIMATE RECORD PERIOD 1949 TO 2016


WEATHER ITEM   OBSERVED TIME   RECORD YEAR NORMAL DEPARTURE LAST
                VALUE   (LST)  VALUE       VALUE  FROM      YEAR
                                                  NORMAL
..................................................................
TEMPERATURE (F)
 YESTERDAY
  MAXIMUM         70    321 PM  84    1993  71     -1       79
  MINIMUM         42    538 AM  32    2001  47     -5       49
  AVERAGE         56                        59     -3       64

PRECIPITATION (IN)
  YESTERDAY        0.00          1.59 2002   0.11  -0.11     0.00
  MONTH TO DATE    0.62                      1.58  -0.96     1.61
  SINCE SEP 1      0.62                      1.58  -0.96     1.61
  SINCE JAN 1     21.22                     27.39  -6.17    19.13

DEGREE DAYS
 HEATING
  YESTERDAY        9                         7      2        1
  MONTH TO DATE   23                        72    -49        4
  SINCE SEP 1     23                        72    -49        4
  SINCE JUL 1     29                       138   -109       17

 COOLING
  YESTERDAY        0                         1     -1        0
  MONTH TO DATE   43                        20     23       83
  SINCE SEP 1     43                        20     23       83
  SINCE JAN 1    628                       347    281      582
..................................................................


WIND (MPH)
  HIGHEST WIND SPEED     9   HIGHEST WIND DIRECTION    SE (120)
  HIGHEST GUST SPEED    12   HIGHEST GUST DIRECTION    SE (120)
  AVERAGE WIND SPEED     1.5


SKY COVER
  AVERAGE SKY COVER 0.0



RELATIVE HUMIDITY (PERCENT)
 HIGHEST    93           100 AM
 LOWEST     40           300 PM
 AVERAGE    67

..........................................................


THE GLENS FALLS NY CLIMATE NORMALS FOR TODAY
                         NORMAL    RECORD    YEAR
 MAXIMUM TEMPERATURE (F)   71        87      1991
 MINIMUM TEMPERATURE (F)   46        32      1964


SUNRISE AND SUNSET
SEPTEMBER 16 2016.....SUNRISE   635 AM EDT   SUNSET   702 PM EDT
SEPTEMBER 17 2016.....SUNRISE   637 AM EDT   SUNSET   700 PM EDT


-  INDICATES NEGATIVE NUMBERS.
R  INDICATES RECORD WAS SET OR TIED.
MM INDICATES DATA IS MISSING.
T  INDICATES TRACE AMOUNT.




$$
