828
CDUS41 KALY 300626
CLIGFL


CLIMATE REPORT
NATIONAL WEATHER SERVICE ALBANY NY
225 AM EDT SUN APR 30 2017


...................................

...THE GLENS FALLS NY CLIMATE SUMMARY FOR APRIL 29 2017...

CLIMATE NORMAL PERIOD 1981 TO 2010
CLIMATE RECORD PERIOD 1949 TO 2017


WEATHER ITEM   OBSERVED TIME   RECORD YEAR NORMAL DEPARTURE LAST
                VALUE   (LST)  VALUE       VALUE  FROM      YEAR
                                                  NORMAL
..................................................................
TEMPERATURE (F)
 YESTERDAY
  MAXIMUM         73    215 PM  83    1986  63     10       62
  MINIMUM         50   1159 PM  26    2012  37     13       37
  AVERAGE         62                        50     12       50

PRECIPITATION (IN)
  YESTERDAY        0.00          1.05 1962   0.12  -0.12     0.00
  MONTH TO DATE    3.27                      2.89   0.38     1.46
  SINCE MAR 1      5.81                      5.83  -0.02     3.74
  SINCE JAN 1     10.50                     10.77  -0.27     8.53

DEGREE DAYS
 HEATING
  YESTERDAY        3                        15    -12       15
  MONTH TO DATE  424                       598   -174      619
  SINCE MAR 1   1492                      1641   -149     1433
  SINCE JUL 1   6014                      7261  -1247     5613

 COOLING
  YESTERDAY        0                         0      0        0
  MONTH TO DATE    6                         0      6        0
  SINCE MAR 1      6                         0      6        0
  SINCE JAN 1      6                         0      6        0
..................................................................


WIND (MPH)
  HIGHEST WIND SPEED    22   HIGHEST WIND DIRECTION     W (290)
  HIGHEST GUST SPEED    30   HIGHEST GUST DIRECTION     W (290)
  AVERAGE WIND SPEED     7.2


SKY COVER
  AVERAGE SKY COVER 0.8



RELATIVE HUMIDITY (PERCENT)
 HIGHEST    72           500 AM
 LOWEST     34           600 PM
 AVERAGE    53

..........................................................


THE GLENS FALLS NY CLIMATE NORMALS FOR TODAY
                         NORMAL    RECORD    YEAR
 MAXIMUM TEMPERATURE (F)   63        81      1985
 MINIMUM TEMPERATURE (F)   37        25      2012


SUNRISE AND SUNSET
APRIL 30 2017.........SUNRISE   549 AM EDT   SUNSET   755 PM EDT
MAY  1 2017...........SUNRISE   547 AM EDT   SUNSET   756 PM EDT


-  INDICATES NEGATIVE NUMBERS.
R  INDICATES RECORD WAS SET OR TIED.
MM INDICATES DATA IS MISSING.
T  INDICATES TRACE AMOUNT.




$$
