750
CDUS41 KALY 280627
CLIGFL


CLIMATE REPORT
NATIONAL WEATHER SERVICE ALBANY NY
226 AM EDT WED JUN 28 2017


...................................

...THE GLENS FALLS NY CLIMATE SUMMARY FOR JUNE 27 2017...

CLIMATE NORMAL PERIOD 1981 TO 2010
CLIMATE RECORD PERIOD 1949 TO 2017


WEATHER ITEM   OBSERVED TIME   RECORD YEAR NORMAL DEPARTURE LAST
                VALUE   (LST)  VALUE       VALUE  FROM      YEAR
                                                  NORMAL
..................................................................
TEMPERATURE (F)
 YESTERDAY
  MAXIMUM         69    220 PM  92    2007  79    -10       78
  MINIMUM         47   1047 PM  41    2004  55     -8       64
  AVERAGE         58                        67     -9       71

PRECIPITATION (IN)
  YESTERDAY        0.44          1.27 1987   0.11   0.33     0.05
  MONTH TO DATE    3.32                      3.19   0.13     2.48
  SINCE JUN 1      3.32                      3.19   0.13     2.48
  SINCE JAN 1     19.66                     17.68   1.98    14.10

DEGREE DAYS
 HEATING
  YESTERDAY        7                         1      6        0
  MONTH TO DATE   85                        86     -1       44
  SINCE JUN 1     85                        86     -1       44
  SINCE JUL 1   6402                      7672  -1270     5927

 COOLING
  YESTERDAY        0                         3     -3        6
  MONTH TO DATE   83                        57     26       82
  SINCE JUN 1     83                        57     26       82
  SINCE JAN 1    104                        69     35      138
..................................................................


WIND (MPH)
  HIGHEST WIND SPEED    25   HIGHEST WIND DIRECTION    SW (240)
  HIGHEST GUST SPEED    36   HIGHEST GUST DIRECTION    SW (230)
  AVERAGE WIND SPEED     4.5


SKY COVER
  AVERAGE SKY COVER 0.3



RELATIVE HUMIDITY (PERCENT)
 HIGHEST   100           400 AM
 LOWEST     68          1200 PM
 AVERAGE    84

..........................................................


THE GLENS FALLS NY CLIMATE NORMALS FOR TODAY
                         NORMAL    RECORD    YEAR
 MAXIMUM TEMPERATURE (F)   80        94      1991
 MINIMUM TEMPERATURE (F)   55        40      1970


SUNRISE AND SUNSET
JUNE 28 2017..........SUNRISE   517 AM EDT   SUNSET   839 PM EDT
JUNE 29 2017..........SUNRISE   517 AM EDT   SUNSET   839 PM EDT


-  INDICATES NEGATIVE NUMBERS.
R  INDICATES RECORD WAS SET OR TIED.
MM INDICATES DATA IS MISSING.
T  INDICATES TRACE AMOUNT.




$$
