000
CDUS41 KALY 262159
CLIGFL


CLIMATE REPORT
NATIONAL WEATHER SERVICE ALBANY NY
459 PM EST SUN FEB 26 2017


...................................

...THE GLENS FALLS NY CLIMATE SUMMARY FOR FEBRUARY 26 2017...
VALID TODAY AS OF 0400 PM LOCAL TIME.

CLIMATE NORMAL PERIOD 1981 TO 2010
CLIMATE RECORD PERIOD 1949 TO 2017


WEATHER ITEM   OBSERVED TIME   RECORD YEAR NORMAL DEPARTURE LAST
                VALUE   (LST)  VALUE       VALUE  FROM      YEAR
                                                  NORMAL
..................................................................
TEMPERATURE (F)
 TODAY
  MAXIMUM         39   1235 AM  61    2002  36      3       33
  MINIMUM         33   1150 AM -16    2003  13     20       16
  AVERAGE         36                        24     12       25

PRECIPITATION (IN)
  TODAY            T             1.11 1979   0.08  -0.08      T
  MONTH TO DATE    2.51                      1.92   0.59     3.71
  SINCE DEC 1      7.56                      7.83  -0.27     8.82
  SINCE JAN 1      4.69                      4.78  -0.09     4.77

DEGREE DAYS
 HEATING
  TODAY           29                        41    -12       40
  MONTH TO DATE  902                      1144   -242      911
  SINCE DEC 1   3155                      3842   -687     2799
  SINCE JUL 1   4471                      5540  -1069     4090

 COOLING
  TODAY            0                         0      0        0
  MONTH TO DATE    0                         0      0        0
  SINCE DEC 1      0                         0      0        0
  SINCE JAN 1      0                         0      0        0
..................................................................


WIND (MPH)
  HIGHEST WIND SPEED    25   HIGHEST WIND DIRECTION    NW (300)
  HIGHEST GUST SPEED    34   HIGHEST GUST DIRECTION    NW (300)
  AVERAGE WIND SPEED    11.2


SKY COVER
  AVERAGE SKY COVER 0.9



RELATIVE HUMIDITY (PERCENT)
 HIGHEST    76          1200 AM
 LOWEST     38           100 PM
 AVERAGE    57

..........................................................


THE GLENS FALLS NY CLIMATE NORMALS FOR TOMORROW
                         NORMAL    RECORD    YEAR
 MAXIMUM TEMPERATURE (F)   36        51      2000
 MINIMUM TEMPERATURE (F)   13       -16      2006


SUNRISE AND SUNSET
FEBRUARY 26 2017......SUNRISE   635 AM EST   SUNSET   540 PM EST
FEBRUARY 27 2017......SUNRISE   634 AM EST   SUNSET   541 PM EST


-  INDICATES NEGATIVE NUMBERS.
R  INDICATES RECORD WAS SET OR TIED.
MM INDICATES DATA IS MISSING.
T  INDICATES TRACE AMOUNT.




$$
