000
CDUS41 KALY 290622
CLIGFL


CLIMATE REPORT
NATIONAL WEATHER SERVICE ALBANY NY
221 AM EDT SUN MAY 29 2016


...................................

...THE GLENS FALLS NY CLIMATE SUMMARY FOR MAY 28 2016...

CLIMATE NORMAL PERIOD 1981 TO 2010
CLIMATE RECORD PERIOD 1949 TO 2016


WEATHER ITEM   OBSERVED TIME   RECORD YEAR NORMAL DEPARTURE LAST
                VALUE   (LST)  VALUE       VALUE  FROM      YEAR
                                                  NORMAL
..................................................................
TEMPERATURE (F)
 YESTERDAY
  MAXIMUM         90R   431 PM  88    1988  72     18       80
  MINIMUM         60    452 AM  34    2008  47     13       58
  AVERAGE         75                        59     16       69

PRECIPITATION (IN)
  YESTERDAY        0.00          0.96 1984   0.11  -0.11     0.00
  MONTH TO DATE    2.03                      3.26  -1.23     1.47
  SINCE MAR 1      5.77                      9.20  -3.43     4.12
  SINCE JAN 1     10.56                     14.14  -3.58     6.17

DEGREE DAYS
 HEATING
  YESTERDAY        0                         7     -7        0
  MONTH TO DATE  256                       292    -36      128
  SINCE MAR 1   1703                      1948   -245     1910
  SINCE JUL 1   5883                      7568  -1685     7591

 COOLING
  YESTERDAY       10                         1      9        4
  MONTH TO DATE   27                         5     22       68
  SINCE MAR 1     27                         6     21       68
  SINCE JAN 1     27                         6     21       68
..................................................................


WIND (MPH)
  HIGHEST WIND SPEED    13   HIGHEST WIND DIRECTION    SE (130)
  HIGHEST GUST SPEED    16   HIGHEST GUST DIRECTION    SE (130)
  AVERAGE WIND SPEED     2.3


SKY COVER
  AVERAGE SKY COVER 0.2



RELATIVE HUMIDITY (PERCENT)
 HIGHEST    93           200 AM
 LOWEST     43          1200 PM
 AVERAGE    68

..........................................................


THE GLENS FALLS NY CLIMATE NORMALS FOR TODAY
                         NORMAL    RECORD    YEAR
 MAXIMUM TEMPERATURE (F)   72        88      2012
 MINIMUM TEMPERATURE (F)   47        30      1967


SUNRISE AND SUNSET
MAY 29 2016...........SUNRISE   518 AM EDT   SUNSET   826 PM EDT
MAY 30 2016...........SUNRISE   518 AM EDT   SUNSET   827 PM EDT


-  INDICATES NEGATIVE NUMBERS.
R  INDICATES RECORD WAS SET OR TIED.
MM INDICATES DATA IS MISSING.
T  INDICATES TRACE AMOUNT.




$$
