804
CDUS41 KALY 070622
CLIGFL


CLIMATE REPORT
NATIONAL WEATHER SERVICE ALBANY NY
121 AM EST THU DEC 7 2017


...................................

...THE GLENS FALLS NY CLIMATE SUMMARY FOR DECEMBER 6 2017...

CLIMATE NORMAL PERIOD 1981 TO 2010
CLIMATE RECORD PERIOD 1949 TO 2017


WEATHER ITEM   OBSERVED TIME   RECORD YEAR NORMAL DEPARTURE LAST
                VALUE   (LST)  VALUE       VALUE  FROM      YEAR
                                                  NORMAL
..................................................................
TEMPERATURE (F)
 YESTERDAY
  MAXIMUM         52   1213 AM  63    2001  38     14       38
  MINIMUM         30    850 PM  -4    2007  20     10       27
  AVERAGE         41                        29     12       33

PRECIPITATION (IN)
  YESTERDAY        0.06          2.10 1953   0.11  -0.05     0.00
  MONTH TO DATE    0.61                      0.67  -0.06     0.42
  SINCE DEC 1      0.61                      0.67  -0.06     0.42
  SINCE JAN 1     34.13                     36.68  -2.55    28.72

DEGREE DAYS
 HEATING
  YESTERDAY       24                        36    -12       32
  MONTH TO DATE  172                       210    -38      169
  SINCE DEC 1    172                       210    -38      169
  SINCE JUL 1   1583                      1908   -325     1485

 COOLING
  YESTERDAY        0                         0      0        0
  MONTH TO DATE    0                         0      0        0
  SINCE DEC 1      0                         0      0        0
  SINCE JAN 1    388                       352     36      643
..................................................................


WIND (MPH)
  HIGHEST WIND SPEED    20   HIGHEST WIND DIRECTION     W (270)
  HIGHEST GUST SPEED    31   HIGHEST GUST DIRECTION     W (260)
  AVERAGE WIND SPEED     8.7


SKY COVER
  AVERAGE SKY COVER 0.6



RELATIVE HUMIDITY (PERCENT)
 HIGHEST   100          1200 AM
 LOWEST     40           200 PM
 AVERAGE    70

..........................................................


THE GLENS FALLS NY CLIMATE NORMALS FOR TODAY
                         NORMAL    RECORD    YEAR
 MAXIMUM TEMPERATURE (F)   37        67      1998
 MINIMUM TEMPERATURE (F)   20         0      1989


SUNRISE AND SUNSET
DECEMBER  7 2017......SUNRISE   713 AM EST   SUNSET   419 PM EST
DECEMBER  8 2017......SUNRISE   714 AM EST   SUNSET   419 PM EST


-  INDICATES NEGATIVE NUMBERS.
R  INDICATES RECORD WAS SET OR TIED.
MM INDICATES DATA IS MISSING.
T  INDICATES TRACE AMOUNT.




$$
